{"id":9699,"date":"2016-11-30T07:27:36","date_gmt":"2016-11-30T10:27:36","guid":{"rendered":"https:\/\/www.orlandia.sp.gov.br\/novo\/?page_id=9699"},"modified":"2016-11-30T07:28:02","modified_gmt":"2016-11-30T10:28:02","slug":"contas-publicas-de-2013-lei-de-responsabilidade-fiscal-6-bimestre","status":"publish","type":"page","link":"https:\/\/www.orlandia.sp.gov.br\/novo\/contas-publicas-de-2013-lei-de-responsabilidade-fiscal-6-bimestre","title":{"rendered":"Contas P\u00fablicas de 2013 &#8211; Lei de Responsabilidade Fiscal &#8211; 6\u00b0 Bimestre"},"content":{"rendered":"<p>&gt;&gt; <a href=\"https:\/\/www.orlandia.sp.gov.br\/novo\/wp-content\/uploads\/2014\/02\/RREO_MOD_I-6_BIMESTRE_2013_ATUARIAL.pdf\" target=\"_blank\">DEMONSTRATIVO DAS PROJE\u00c7\u00d5ES ATUARIAIS DO\u00a0REGIME DE PREVIDENCIA PR\u00d3PRIA \u2013 6\u00b0 Bimestre<\/a><\/p>\n<p>&gt;&gt; <a href=\"https:\/\/www.orlandia.sp.gov.br\/novo\/wp-content\/uploads\/2014\/02\/RREO_MOD_I-6_BIMESTRE_2013_DESP._PESSOAL.pdf\" target=\"_blank\">DEMONSTRATIVO DAS DESPESAS COM PESSOAL E PREVIDENCI\u00c1RIAS \u2013 6\u00b0 Bimestre<\/a><\/p>\n<p>&gt;&gt; <a href=\"https:\/\/www.orlandia.sp.gov.br\/novo\/wp-content\/uploads\/2014\/02\/RREO_MOD_I-6_BIMESTRE_2013_OPERACAO_DE_CRED..pdf\" target=\"_blank\">COMPARATIVO DAS RECEITAS DE OPERA\u00c7\u00d5ES DE CR\u00c9DITO E DESPESAS DE CAPITAL \u2013 6\u00b0 bimestre<\/a><\/p>\n<p>&gt;&gt; <a href=\"https:\/\/www.orlandia.sp.gov.br\/novo\/wp-content\/uploads\/2014\/02\/RREO_MOD_I-6_BIMESTRE_2013_RCL.pdf\" target=\"_blank\">RECEITA CORRENTE L\u00cdQUIDA \u2013 6\u00b0 Bimestre<\/a><\/p>\n<p>&gt;&gt; <a href=\"https:\/\/www.orlandia.sp.gov.br\/novo\/wp-content\/uploads\/2014\/02\/RREO_MOD_I-6_BIMESTRE_2013_REC._DESP._PREVID..pdf\" target=\"_blank\">DEMONSTRATIVO DAS RECEITAS E DESPESAS PREVIDENCI\u00c1RIAS \u2013 6\u00b0 Bimestre<\/a><\/p>\n<p>&gt;&gt; <a href=\"https:\/\/www.orlandia.sp.gov.br\/novo\/wp-content\/uploads\/2013\/10\/RREO_MOD_I-6_BIMESTRE_2013_RESULT._NOM._E_PRIM..pdf\" target=\"_blank\">RESULTADOS NOMINAL E PRIM\u00c1RIO \u2013 6\u00b0 Bimestre<\/a><\/p>\n<p>&gt;&gt; <a href=\"https:\/\/www.orlandia.sp.gov.br\/novo\/wp-content\/uploads\/2013\/10\/RREO_MOD_I-6_BIMESTRE_2013_RGF.pdf\" target=\"_blank\">RELAT\u00d3RIO DE GEST\u00c3O FISCAL \u2013 6\u00b0 Bimestre<\/a><\/p>\n","protected":false},"excerpt":{"rendered":"<p>&gt;&gt; DEMONSTRATIVO DAS PROJE\u00c7\u00d5ES ATUARIAIS DO\u00a0REGIME DE PREVIDENCIA PR\u00d3PRIA \u2013 6\u00b0 Bimestre &gt;&gt; DEMONSTRATIVO DAS DESPESAS COM PESSOAL E PREVIDENCI\u00c1RIAS<\/p>\n","protected":false},"author":1,"featured_media":0,"parent":0,"menu_order":0,"comment_status":"closed","ping_status":"closed","template":"","meta":{"ngg_post_thumbnail":0,"footnotes":""},"magazineBlocksPostFeaturedMedia":{"thumbnail":false,"medium":false,"medium_large":false,"large":false,"1536x1536":false,"2048x2048":false,"colormag-highlighted-post":false,"colormag-featured-post-medium":false,"colormag-featured-post-small":false,"colormag-featured-image":false,"colormag-default-news":false,"colormag-featured-image-large":false},"magazineBlocksPostAuthor":{"name":"admin","avatar":"https:\/\/secure.gravatar.com\/avatar\/5140b312f1bcbe8516bfaa79917f11b3?s=96&d=mm&r=g"},"magazineBlocksPostCommentsNumber":false,"magazineBlocksPostExcerpt":"&gt;&gt; DEMONSTRATIVO DAS PROJE\u00c7\u00d5ES ATUARIAIS DO\u00a0REGIME DE PREVIDENCIA PR\u00d3PRIA \u2013 6\u00b0 Bimestre &gt;&gt; DEMONSTRATIVO DAS DESPESAS COM PESSOAL E PREVIDENCI\u00c1RIAS","magazineBlocksPostCategories":[],"_links":{"self":[{"href":"https:\/\/www.orlandia.sp.gov.br\/novo\/wp-json\/wp\/v2\/pages\/9699"}],"collection":[{"href":"https:\/\/www.orlandia.sp.gov.br\/novo\/wp-json\/wp\/v2\/pages"}],"about":[{"href":"https:\/\/www.orlandia.sp.gov.br\/novo\/wp-json\/wp\/v2\/types\/page"}],"author":[{"embeddable":true,"href":"https:\/\/www.orlandia.sp.gov.br\/novo\/wp-json\/wp\/v2\/users\/1"}],"replies":[{"embeddable":true,"href":"https:\/\/www.orlandia.sp.gov.br\/novo\/wp-json\/wp\/v2\/comments?post=9699"}],"version-history":[{"count":1,"href":"https:\/\/www.orlandia.sp.gov.br\/novo\/wp-json\/wp\/v2\/pages\/9699\/revisions"}],"predecessor-version":[{"id":9700,"href":"https:\/\/www.orlandia.sp.gov.br\/novo\/wp-json\/wp\/v2\/pages\/9699\/revisions\/9700"}],"wp:attachment":[{"href":"https:\/\/www.orlandia.sp.gov.br\/novo\/wp-json\/wp\/v2\/media?parent=9699"}],"curies":[{"name":"wp","href":"https:\/\/api.w.org\/{rel}","templated":true}]}}

Contas Públicas de 2013 &#8211; Lei de Responsabilidade Fiscal &#8211; 6° Bimestre

<p>&gt;&gt; <a href="https://www.orlandia.sp.gov.br/novo/wp-content/uploads/2014/02/RREO_MOD_I-6_BIMESTRE_2013_ATUARIAL.pdf" target="_blank">DEMONSTRATIVO DAS PROJEÇÕES ATUARIAIS DO REGIME DE PREVIDENCIA PRÓPRIA – 6° Bimestre</a></p>
<p>&gt;&gt; <a href="https://www.orlandia.sp.gov.br/novo/wp-content/uploads/2014/02/RREO_MOD_I-6_BIMESTRE_2013_DESP._PESSOAL.pdf" target="_blank">DEMONSTRATIVO DAS DESPESAS COM PESSOAL E PREVIDENCIÁRIAS – 6° Bimestre</a></p>
<p>&gt;&gt; <a href="https://www.orlandia.sp.gov.br/novo/wp-content/uploads/2014/02/RREO_MOD_I-6_BIMESTRE_2013_OPERACAO_DE_CRED..pdf" target="_blank">COMPARATIVO DAS RECEITAS DE OPERAÇÕES DE CRÉDITO E DESPESAS DE CAPITAL – 6° bimestre</a></p>
<p>&gt;&gt; <a href="https://www.orlandia.sp.gov.br/novo/wp-content/uploads/2014/02/RREO_MOD_I-6_BIMESTRE_2013_RCL.pdf" target="_blank">RECEITA CORRENTE LÍQUIDA – 6° Bimestre</a></p>
<p>&gt;&gt; <a href="https://www.orlandia.sp.gov.br/novo/wp-content/uploads/2014/02/RREO_MOD_I-6_BIMESTRE_2013_REC._DESP._PREVID..pdf" target="_blank">DEMONSTRATIVO DAS RECEITAS E DESPESAS PREVIDENCIÁRIAS – 6° Bimestre</a></p>
<p>&gt;&gt; <a href="https://www.orlandia.sp.gov.br/novo/wp-content/uploads/2013/10/RREO_MOD_I-6_BIMESTRE_2013_RESULT._NOM._E_PRIM..pdf" target="_blank">RESULTADOS NOMINAL E PRIMÁRIO – 6° Bimestre</a></p>
<p>&gt;&gt; <a href="https://www.orlandia.sp.gov.br/novo/wp-content/uploads/2013/10/RREO_MOD_I-6_BIMESTRE_2013_RGF.pdf" target="_blank">RELATÓRIO DE GESTÃO FISCAL – 6° Bimestre</a></p>

<p>&gt;&gt; DEMONSTRATIVO DAS PROJEÇÕES ATUARIAIS DO REGIME DE PREVIDENCIA PRÓPRIA – 6° Bimestre &gt;&gt; DEMONSTRATIVO DAS DESPESAS COM PESSOAL E PREVIDENCIÁRIAS</p>

&gt;&gt; DEMONSTRATIVO DAS PROJEÇÕES ATUARIAIS DO REGIME DE PREVIDENCIA PRÓPRIA – 6° Bimestre &gt;&gt; DEMONSTRATIVO DAS DESPESAS COM PESSOAL E PREVIDENCIÁRIAS
