{"id":9106,"date":"2016-07-21T09:58:53","date_gmt":"2016-07-21T12:58:53","guid":{"rendered":"https:\/\/www.orlandia.sp.gov.br\/novo\/?page_id=9106"},"modified":"2016-10-05T16:03:55","modified_gmt":"2016-10-05T19:03:55","slug":"jornal-oficial-de-orlandia-setembro-de-2016","status":"publish","type":"page","link":"https:\/\/www.orlandia.sp.gov.br\/novo\/jornal-oficial-de-orlandia-setembro-de-2016","title":{"rendered":"Jornal Oficial de Orl\u00e2ndia \u2013 Setembro de 2016"},"content":{"rendered":"<blockquote><p>&gt;&gt;<a href=\"https:\/\/www.orlandia.sp.gov.br\/novo\/wp-content\/uploads\/2016\/07\/Jornal_Oficial_Orlandia-30-09-16-1.pdf\" rel=\"\">Edi\u00e7\u00e3o 127 de 30 de setembro de 2016<\/a><br \/>\n&gt;&gt;<a href=\"https:\/\/www.orlandia.sp.gov.br\/novo\/wp-content\/uploads\/2016\/07\/Jornal_Oficial_Orlandia-27-09-16-1.pdf\" rel=\"\">Edi\u00e7\u00e3o 126 de 27 de setembro de 2016<\/a><br \/>\n&gt;&gt;<a href=\"https:\/\/www.orlandia.sp.gov.br\/novo\/wp-content\/uploads\/2016\/07\/Jornal_Oficial_Orlandia-23-09-16.pdf\" rel=\"\">Edi\u00e7\u00e3o 125 de 23 de setembro de 2016<\/a><br \/>\n&gt;&gt;<a href=\"https:\/\/www.orlandia.sp.gov.br\/novo\/wp-content\/uploads\/2016\/07\/Jornal_Oficial_Orlandia-20-09-16-ed-ext-1.pdf\" rel=\"\">Edi\u00e7\u00e3o 124 de 20 de setembro de 2016 &#8211; Edi\u00e7\u00e3o Extraordin\u00e1ria<\/a><br \/>\n&gt;&gt;<a href=\"https:\/\/www.orlandia.sp.gov.br\/novo\/wp-content\/uploads\/2016\/07\/Jornal_Oficial_Orlandia-20-09-16.pdf\" rel=\"\">Edi\u00e7\u00e3o 123 de 20 de setembro de 2016<br \/>\n<\/a>&gt;&gt;<a href=\"https:\/\/www.orlandia.sp.gov.br\/novo\/wp-content\/uploads\/2016\/07\/Jornal_Oficial_Orlandia-16-09-16.pdf\" rel=\"\">Edi\u00e7\u00e3o 122 de 16 de setembro de 2016<br \/>\n<\/a>&gt;&gt;<a href=\"https:\/\/www.orlandia.sp.gov.br\/novo\/wp-content\/uploads\/2016\/07\/Jornal_Oficial_Orlandia-12-09-16.pdf\" rel=\"\">Edi\u00e7\u00e3o 121 de 13 de setembro de 2016<br \/>\n<\/a>&gt;&gt;<a href=\"https:\/\/www.orlandia.sp.gov.br\/novo\/wp-content\/uploads\/2016\/07\/Jornal_Oficial_Orlandia-09-09-16.pdf\" rel=\"\">Edi\u00e7\u00e3o 120 de 09 de setembro de 2016<br \/>\n<\/a>&gt;&gt;<a href=\"https:\/\/www.orlandia.sp.gov.br\/novo\/wp-content\/uploads\/2016\/07\/Jornal_Oficial_Orlandia-06-09-16-ed-ext.pdf\" rel=\"\">Edi\u00e7\u00e3o 119 de 06 de setembro de 2016 &#8211; Edi\u00e7\u00e3o Extraordin\u00e1ria<br \/>\n<\/a>&gt;&gt;<a href=\"https:\/\/www.orlandia.sp.gov.br\/novo\/wp-content\/uploads\/2016\/07\/Jornal_Oficial_Orlandia-05-09-16.pdf\" rel=\"\">Edi\u00e7\u00e3o 118 de 06 de setembro de 2016<br \/>\n<\/a>&gt;&gt;<a href=\"https:\/\/www.orlandia.sp.gov.br\/novo\/wp-content\/uploads\/2016\/07\/Jornal_Oficial_Orlandia-02-09-16.pdf\" rel=\"\">Edi\u00e7\u00e3o 117 de 02 de setembro de 2016<\/a><\/p><\/blockquote>\n","protected":false},"excerpt":{"rendered":"<p>&gt;&gt;Edi\u00e7\u00e3o 127 de 30 de setembro de 2016 &gt;&gt;Edi\u00e7\u00e3o 126 de 27 de setembro de 2016 &gt;&gt;Edi\u00e7\u00e3o 125 de 23<\/p>\n","protected":false},"author":1,"featured_media":0,"parent":0,"menu_order":0,"comment_status":"closed","ping_status":"closed","template":"","meta":{"ngg_post_thumbnail":0,"footnotes":""},"magazineBlocksPostFeaturedMedia":{"thumbnail":false,"medium":false,"medium_large":false,"large":false,"1536x1536":false,"2048x2048":false,"colormag-highlighted-post":false,"colormag-featured-post-medium":false,"colormag-featured-post-small":false,"colormag-featured-image":false,"colormag-default-news":false,"colormag-featured-image-large":false},"magazineBlocksPostAuthor":{"name":"admin","avatar":"https:\/\/secure.gravatar.com\/avatar\/5140b312f1bcbe8516bfaa79917f11b3?s=96&d=mm&r=g"},"magazineBlocksPostCommentsNumber":false,"magazineBlocksPostExcerpt":"&gt;&gt;Edi\u00e7\u00e3o 127 de 30 de setembro de 2016 &gt;&gt;Edi\u00e7\u00e3o 126 de 27 de setembro de 2016 &gt;&gt;Edi\u00e7\u00e3o 125 de 23","magazineBlocksPostCategories":[],"_links":{"self":[{"href":"https:\/\/www.orlandia.sp.gov.br\/novo\/wp-json\/wp\/v2\/pages\/9106"}],"collection":[{"href":"https:\/\/www.orlandia.sp.gov.br\/novo\/wp-json\/wp\/v2\/pages"}],"about":[{"href":"https:\/\/www.orlandia.sp.gov.br\/novo\/wp-json\/wp\/v2\/types\/page"}],"author":[{"embeddable":true,"href":"https:\/\/www.orlandia.sp.gov.br\/novo\/wp-json\/wp\/v2\/users\/1"}],"replies":[{"embeddable":true,"href":"https:\/\/www.orlandia.sp.gov.br\/novo\/wp-json\/wp\/v2\/comments?post=9106"}],"version-history":[{"count":19,"href":"https:\/\/www.orlandia.sp.gov.br\/novo\/wp-json\/wp\/v2\/pages\/9106\/revisions"}],"predecessor-version":[{"id":9536,"href":"https:\/\/www.orlandia.sp.gov.br\/novo\/wp-json\/wp\/v2\/pages\/9106\/revisions\/9536"}],"wp:attachment":[{"href":"https:\/\/www.orlandia.sp.gov.br\/novo\/wp-json\/wp\/v2\/media?parent=9106"}],"curies":[{"name":"wp","href":"https:\/\/api.w.org\/{rel}","templated":true}]}}