{"id":9055,"date":"2016-07-15T16:26:05","date_gmt":"2016-07-15T19:26:05","guid":{"rendered":"https:\/\/www.orlandia.sp.gov.br\/novo\/?page_id=9055"},"modified":"2016-07-15T16:26:05","modified_gmt":"2016-07-15T19:26:05","slug":"contas-publicas-de-2013-ppa-ldo-loa","status":"publish","type":"page","link":"https:\/\/www.orlandia.sp.gov.br\/novo\/contas-publicas-de-2013-ppa-ldo-loa","title":{"rendered":"Contas P\u00fablicas de 2013 &#8211; PPA-LDO-LOA"},"content":{"rendered":"<p>&gt;&gt; <a href=\"https:\/\/www.orlandia.sp.gov.br\/novo\/wp-content\/uploads\/2013\/10\/lei-de-diretrizes-or%C3%A7amentarias-2013.pdf\" target=\"_blank\">Lei de diretrizes or\u00e7amentarias<\/a><\/p>\n<p>&gt;&gt; <a href=\"https:\/\/www.orlandia.sp.gov.br\/novo\/wp-content\/uploads\/2013\/10\/lei-orcamentaria-2013.pdf\" target=\"_blank\">Lei or\u00e7ament\u00e1ria<\/a><\/p>\n<p>&gt;&gt; <a href=\"https:\/\/www.orlandia.sp.gov.br\/novo\/wp-content\/uploads\/2013\/10\/plano-plurianual-2013.pdf\" target=\"_blank\">Plano plurianual<\/a><\/p>\n","protected":false},"excerpt":{"rendered":"<p>&gt;&gt; Lei de diretrizes or\u00e7amentarias &gt;&gt; Lei or\u00e7ament\u00e1ria &gt;&gt; Plano plurianual<\/p>\n","protected":false},"author":1,"featured_media":0,"parent":0,"menu_order":0,"comment_status":"closed","ping_status":"closed","template":"","meta":{"ngg_post_thumbnail":0,"footnotes":""},"magazineBlocksPostFeaturedMedia":{"thumbnail":false,"medium":false,"medium_large":false,"large":false,"1536x1536":false,"2048x2048":false,"colormag-highlighted-post":false,"colormag-featured-post-medium":false,"colormag-featured-post-small":false,"colormag-featured-image":false,"colormag-default-news":false,"colormag-featured-image-large":false},"magazineBlocksPostAuthor":{"name":"admin","avatar":"https:\/\/secure.gravatar.com\/avatar\/5140b312f1bcbe8516bfaa79917f11b3?s=96&d=mm&r=g"},"magazineBlocksPostCommentsNumber":false,"magazineBlocksPostExcerpt":"&gt;&gt; Lei de diretrizes or\u00e7amentarias &gt;&gt; Lei or\u00e7ament\u00e1ria &gt;&gt; Plano plurianual","magazineBlocksPostCategories":[],"_links":{"self":[{"href":"https:\/\/www.orlandia.sp.gov.br\/novo\/wp-json\/wp\/v2\/pages\/9055"}],"collection":[{"href":"https:\/\/www.orlandia.sp.gov.br\/novo\/wp-json\/wp\/v2\/pages"}],"about":[{"href":"https:\/\/www.orlandia.sp.gov.br\/novo\/wp-json\/wp\/v2\/types\/page"}],"author":[{"embeddable":true,"href":"https:\/\/www.orlandia.sp.gov.br\/novo\/wp-json\/wp\/v2\/users\/1"}],"replies":[{"embeddable":true,"href":"https:\/\/www.orlandia.sp.gov.br\/novo\/wp-json\/wp\/v2\/comments?post=9055"}],"version-history":[{"count":1,"href":"https:\/\/www.orlandia.sp.gov.br\/novo\/wp-json\/wp\/v2\/pages\/9055\/revisions"}],"predecessor-version":[{"id":9056,"href":"https:\/\/www.orlandia.sp.gov.br\/novo\/wp-json\/wp\/v2\/pages\/9055\/revisions\/9056"}],"wp:attachment":[{"href":"https:\/\/www.orlandia.sp.gov.br\/novo\/wp-json\/wp\/v2\/media?parent=9055"}],"curies":[{"name":"wp","href":"https:\/\/api.w.org\/{rel}","templated":true}]}}