{"id":8954,"date":"2016-07-14T15:37:27","date_gmt":"2016-07-14T18:37:27","guid":{"rendered":"https:\/\/www.orlandia.sp.gov.br\/novo\/?page_id=8954"},"modified":"2016-07-14T16:28:41","modified_gmt":"2016-07-14T19:28:41","slug":"contas-publicas-de-2014-lei-de-responsabilidade-fiscal-3-quadrimestre","status":"publish","type":"page","link":"https:\/\/www.orlandia.sp.gov.br\/novo\/contas-publicas-de-2014-lei-de-responsabilidade-fiscal-3-quadrimestre","title":{"rendered":"Contas P\u00fablicas de 2014 \u2013 Lei de Responsabilidade Fiscal &#8211; 3\u00b0 Quadrimestre"},"content":{"rendered":"<p>&gt;&gt; <a href=\"https:\/\/www.orlandia.sp.gov.br\/novo\/wp-content\/uploads\/2014\/02\/Demonstrativo-das-Despesas-com-Pessoal-6%C2%BABim-20141.pdf\" target=\"_blank\">DEMONSTRATIVO DAS DESPESAS COM PESSOAL<\/a><\/p>\n<p>&gt;&gt; <a href=\"https:\/\/www.orlandia.sp.gov.br\/novo\/wp-content\/uploads\/2014\/02\/Receita-Corrente-Liquida-6%C2%BA-Bim-2014.pdf\" target=\"_blank\">RECEITA CORRENTE LIQUIDA<\/a><\/p>\n<p>&gt;&gt; <a href=\"https:\/\/www.orlandia.sp.gov.br\/novo\/wp-content\/uploads\/2014\/02\/Relat%C3%B3rio-de-Gest%C3%A3o-Fiscal-3%C2%BA-Quadrimestre-2014.pdf\" target=\"_blank\">RELATORIO DE GEST\u00c3O FISCAL<\/a><\/p>\n<p>&gt;&gt; <a href=\"https:\/\/www.orlandia.sp.gov.br\/novo\/wp-content\/uploads\/2014\/02\/Resultado-Nominal-e-Prim%C3%A1rio-6%C2%BA-Bim-2014.pdf\" target=\"_blank\">RESULTADO NOMINAL E PRIM\u00c1RIO<\/a><\/p>\n<p>&gt;&gt; <a href=\"https:\/\/www.orlandia.sp.gov.br\/novo\/wp-content\/uploads\/2014\/02\/Receitas-e-Despesas-Previdenci%C3%A1rias-6%C2%BA-Bim-2014.pdf\" target=\"_blank\">RECEITAS E DESPESAS PREVIDENCI\u00c1RIAS<\/a><\/p>\n<p>&gt;&gt; <a href=\"https:\/\/www.orlandia.sp.gov.br\/novo\/wp-content\/uploads\/2014\/02\/Opera%C3%A7%C3%B5es-de-Cr%C3%A9ditos-6%C2%BA-Bim-2014.pdf\" target=\"_blank\">OPERA\u00c7\u00d5ES DE CR\u00c9DITO<\/a><\/p>\n<p>&gt;&gt; <a href=\"https:\/\/www.orlandia.sp.gov.br\/novo\/wp-content\/uploads\/2014\/02\/Demonstrativo-de-Restos-a-Pagar-6%C2%BA-Bim-2014.pdf\" target=\"_blank\">DEMONSTRATIVO DE RESTOS A PAGAR<\/a><\/p>\n<p>&gt;&gt; <a href=\"https:\/\/www.orlandia.sp.gov.br\/novo\/wp-content\/uploads\/2014\/02\/Aliena%C3%A7%C3%A3o-de-Ativos-2014.pdf\" target=\"_blank\">ALIENA\u00c7\u00c3O DE ATIVOS<\/a><\/p>\n<p>&gt;&gt; <a href=\"https:\/\/www.orlandia.sp.gov.br\/novo\/wp-content\/uploads\/2014\/02\/C%C3%A1lculo-Atuarial-2014.pdf\" target=\"_blank\">C\u00c1LCULO ATUARIAL<\/a><\/p>\n","protected":false},"excerpt":{"rendered":"<p>&gt;&gt; DEMONSTRATIVO DAS DESPESAS COM PESSOAL &gt;&gt; RECEITA CORRENTE LIQUIDA &gt;&gt; RELATORIO DE GEST\u00c3O FISCAL &gt;&gt; RESULTADO NOMINAL E PRIM\u00c1RIO<\/p>\n","protected":false},"author":1,"featured_media":0,"parent":0,"menu_order":0,"comment_status":"closed","ping_status":"closed","template":"","meta":{"ngg_post_thumbnail":0,"footnotes":""},"magazineBlocksPostFeaturedMedia":{"thumbnail":false,"medium":false,"medium_large":false,"large":false,"1536x1536":false,"2048x2048":false,"colormag-highlighted-post":false,"colormag-featured-post-medium":false,"colormag-featured-post-small":false,"colormag-featured-image":false,"colormag-default-news":false,"colormag-featured-image-large":false},"magazineBlocksPostAuthor":{"name":"admin","avatar":"https:\/\/secure.gravatar.com\/avatar\/5140b312f1bcbe8516bfaa79917f11b3?s=96&d=mm&r=g"},"magazineBlocksPostCommentsNumber":false,"magazineBlocksPostExcerpt":"&gt;&gt; DEMONSTRATIVO DAS DESPESAS COM PESSOAL &gt;&gt; RECEITA CORRENTE LIQUIDA &gt;&gt; RELATORIO DE GEST\u00c3O FISCAL &gt;&gt; RESULTADO NOMINAL E PRIM\u00c1RIO","magazineBlocksPostCategories":[],"_links":{"self":[{"href":"https:\/\/www.orlandia.sp.gov.br\/novo\/wp-json\/wp\/v2\/pages\/8954"}],"collection":[{"href":"https:\/\/www.orlandia.sp.gov.br\/novo\/wp-json\/wp\/v2\/pages"}],"about":[{"href":"https:\/\/www.orlandia.sp.gov.br\/novo\/wp-json\/wp\/v2\/types\/page"}],"author":[{"embeddable":true,"href":"https:\/\/www.orlandia.sp.gov.br\/novo\/wp-json\/wp\/v2\/users\/1"}],"replies":[{"embeddable":true,"href":"https:\/\/www.orlandia.sp.gov.br\/novo\/wp-json\/wp\/v2\/comments?post=8954"}],"version-history":[{"count":2,"href":"https:\/\/www.orlandia.sp.gov.br\/novo\/wp-json\/wp\/v2\/pages\/8954\/revisions"}],"predecessor-version":[{"id":8978,"href":"https:\/\/www.orlandia.sp.gov.br\/novo\/wp-json\/wp\/v2\/pages\/8954\/revisions\/8978"}],"wp:attachment":[{"href":"https:\/\/www.orlandia.sp.gov.br\/novo\/wp-json\/wp\/v2\/media?parent=8954"}],"curies":[{"name":"wp","href":"https:\/\/api.w.org\/{rel}","templated":true}]}}