{"id":8823,"date":"2016-07-14T09:11:20","date_gmt":"2016-07-14T12:11:20","guid":{"rendered":"https:\/\/www.orlandia.sp.gov.br\/novo\/?page_id=8823"},"modified":"2016-07-14T09:11:20","modified_gmt":"2016-07-14T12:11:20","slug":"contas-publicas-de-2008-lei-de-responsabilidade-fiscal","status":"publish","type":"page","link":"https:\/\/www.orlandia.sp.gov.br\/novo\/contas-publicas-de-2008-lei-de-responsabilidade-fiscal","title":{"rendered":"Contas P\u00fablicas de 2008 &#8211; Lei de Responsabilidade Fiscal"},"content":{"rendered":"<p>&gt;&gt; <a href=\"https:\/\/www.orlandia.sp.gov.br\/contaspublicas\/lei_responsabilidade_fiscal1_2008.pdf\" target=\"_blank\">1.0 \u2013 Relat\u00f3rio Resumido da Execu\u00e7\u00e3o Or\u00e7ament\u00e1ria<\/a><\/p>\n<p>&gt;&gt; <a href=\"https:\/\/www.orlandia.sp.gov.br\/contaspublicas\/lei_responsabilidade_fiscal1-1_2008.pdf\" target=\"_blank\">1.1 \u2013 Anexo ao RREO<\/a><\/p>\n<p>&gt;&gt; <a href=\"https:\/\/www.orlandia.sp.gov.br\/contaspublicas\/lei_responsabilidade_fiscal2_2008.pdf\" target=\"_blank\">2.0 \u2013 Fun\u00e7\u00e3o\/Subfun\u00e7\u00e3o<\/a><\/p>\n<p>&gt;&gt; <a href=\"https:\/\/www.orlandia.sp.gov.br\/contaspublicas\/lei_responsabilidade_fiscal3_2008.pdf\" target=\"_blank\">3.0 \u2013 Receitas Correntes L\u00edquidas<\/a><\/p>\n<p>&gt;&gt; <a href=\"https:\/\/www.orlandia.sp.gov.br\/contaspublicas\/lei_responsabilidade_fiscal4_2008.pdf\" target=\"_blank\">4.0 \u2013 Receitas e Despesas Previdenci\u00e1rias<\/a><\/p>\n<p>&gt;&gt; <a href=\"https:\/\/www.orlandia.sp.gov.br\/contaspublicas\/lei_responsabilidade_fiscal5_2008.pdf\" target=\"_blank\">5.0 \u2013 Resultados Nominal e Prim\u00e1rio<\/a><\/p>\n<p>&gt;&gt; <a href=\"https:\/\/www.orlandia.sp.gov.br\/contaspublicas\/lei_responsabilidade_fiscal6_2008.pdf\" target=\"_blank\">6.0 \u2013 Restos a Pagar<\/a><\/p>\n<p>&gt;&gt; <a href=\"https:\/\/www.orlandia.sp.gov.br\/contaspublicas\/lei_responsabilidade_fiscal7_2008.pdf\" target=\"_blank\">7.0 \u2013 Opera\u00e7\u00f5es de Cr\u00e9dito x Desp. de Capital<\/a><\/p>\n<p>&gt;&gt; <a href=\"https:\/\/www.orlandia.sp.gov.br\/contaspublicas\/lei_responsabilidade_fiscal8_2008.pdf\" target=\"_blank\">8.0 \u2013 Proje\u00e7\u00f5es Atuariais do Regime de Previdencia Pr\u00f3pria<\/a><\/p>\n<p>&gt;&gt; <a href=\"https:\/\/www.orlandia.sp.gov.br\/contaspublicas\/lei_responsabilidade_fiscal9_2008.pdf\" target=\"_blank\">9.0 \u2013 Varia\u00e7\u00e3o Patrimonial e Aplica\u00e7\u00f5es de Recursos Decorrentes da Aliena\u00e7\u00e3o de Ativos<\/a><\/p>\n<p>&gt;&gt; <a href=\"https:\/\/www.orlandia.sp.gov.br\/contaspublicas\/lei_responsabilidade_fiscal10_2008.pdf\" target=\"_blank\">10.0 \u2013 Relat\u00f3rio de Gest\u00e3o Fiscal<\/a><\/p>\n<p>&gt;&gt; <a href=\"https:\/\/www.orlandia.sp.gov.br\/contaspublicas\/lei_responsabilidade_fiscal10-1_2008.pdf\" target=\"_blank\">10.1 \u2013 Despesas com Pessoal<\/a><\/p>\n","protected":false},"excerpt":{"rendered":"<p>&gt;&gt; 1.0 \u2013 Relat\u00f3rio Resumido da Execu\u00e7\u00e3o Or\u00e7ament\u00e1ria &gt;&gt; 1.1 \u2013 Anexo ao RREO &gt;&gt; 2.0 \u2013 Fun\u00e7\u00e3o\/Subfun\u00e7\u00e3o &gt;&gt; 3.0<\/p>\n","protected":false},"author":1,"featured_media":0,"parent":0,"menu_order":0,"comment_status":"closed","ping_status":"closed","template":"","meta":{"ngg_post_thumbnail":0,"footnotes":""},"magazineBlocksPostFeaturedMedia":{"thumbnail":false,"medium":false,"medium_large":false,"large":false,"1536x1536":false,"2048x2048":false,"colormag-highlighted-post":false,"colormag-featured-post-medium":false,"colormag-featured-post-small":false,"colormag-featured-image":false,"colormag-default-news":false,"colormag-featured-image-large":false},"magazineBlocksPostAuthor":{"name":"admin","avatar":"https:\/\/secure.gravatar.com\/avatar\/5140b312f1bcbe8516bfaa79917f11b3?s=96&d=mm&r=g"},"magazineBlocksPostCommentsNumber":false,"magazineBlocksPostExcerpt":"&gt;&gt; 1.0 \u2013 Relat\u00f3rio Resumido da Execu\u00e7\u00e3o Or\u00e7ament\u00e1ria &gt;&gt; 1.1 \u2013 Anexo ao RREO &gt;&gt; 2.0 \u2013 Fun\u00e7\u00e3o\/Subfun\u00e7\u00e3o &gt;&gt; 3.0","magazineBlocksPostCategories":[],"_links":{"self":[{"href":"https:\/\/www.orlandia.sp.gov.br\/novo\/wp-json\/wp\/v2\/pages\/8823"}],"collection":[{"href":"https:\/\/www.orlandia.sp.gov.br\/novo\/wp-json\/wp\/v2\/pages"}],"about":[{"href":"https:\/\/www.orlandia.sp.gov.br\/novo\/wp-json\/wp\/v2\/types\/page"}],"author":[{"embeddable":true,"href":"https:\/\/www.orlandia.sp.gov.br\/novo\/wp-json\/wp\/v2\/users\/1"}],"replies":[{"embeddable":true,"href":"https:\/\/www.orlandia.sp.gov.br\/novo\/wp-json\/wp\/v2\/comments?post=8823"}],"version-history":[{"count":1,"href":"https:\/\/www.orlandia.sp.gov.br\/novo\/wp-json\/wp\/v2\/pages\/8823\/revisions"}],"predecessor-version":[{"id":8824,"href":"https:\/\/www.orlandia.sp.gov.br\/novo\/wp-json\/wp\/v2\/pages\/8823\/revisions\/8824"}],"wp:attachment":[{"href":"https:\/\/www.orlandia.sp.gov.br\/novo\/wp-json\/wp\/v2\/media?parent=8823"}],"curies":[{"name":"wp","href":"https:\/\/api.w.org\/{rel}","templated":true}]}}

Contas Públicas de 2008 &#8211; Lei de Responsabilidade Fiscal

<p>&gt;&gt; <a href="https://www.orlandia.sp.gov.br/contaspublicas/lei_responsabilidade_fiscal1_2008.pdf" target="_blank">1.0 – Relatório Resumido da Execução Orçamentária</a></p>
<p>&gt;&gt; <a href="https://www.orlandia.sp.gov.br/contaspublicas/lei_responsabilidade_fiscal1-1_2008.pdf" target="_blank">1.1 – Anexo ao RREO</a></p>
<p>&gt;&gt; <a href="https://www.orlandia.sp.gov.br/contaspublicas/lei_responsabilidade_fiscal2_2008.pdf" target="_blank">2.0 – Função/Subfunção</a></p>
<p>&gt;&gt; <a href="https://www.orlandia.sp.gov.br/contaspublicas/lei_responsabilidade_fiscal3_2008.pdf" target="_blank">3.0 – Receitas Correntes Líquidas</a></p>
<p>&gt;&gt; <a href="https://www.orlandia.sp.gov.br/contaspublicas/lei_responsabilidade_fiscal4_2008.pdf" target="_blank">4.0 – Receitas e Despesas Previdenciárias</a></p>
<p>&gt;&gt; <a href="https://www.orlandia.sp.gov.br/contaspublicas/lei_responsabilidade_fiscal5_2008.pdf" target="_blank">5.0 – Resultados Nominal e Primário</a></p>
<p>&gt;&gt; <a href="https://www.orlandia.sp.gov.br/contaspublicas/lei_responsabilidade_fiscal6_2008.pdf" target="_blank">6.0 – Restos a Pagar</a></p>
<p>&gt;&gt; <a href="https://www.orlandia.sp.gov.br/contaspublicas/lei_responsabilidade_fiscal7_2008.pdf" target="_blank">7.0 – Operações de Crédito x Desp. de Capital</a></p>
<p>&gt;&gt; <a href="https://www.orlandia.sp.gov.br/contaspublicas/lei_responsabilidade_fiscal8_2008.pdf" target="_blank">8.0 – Projeções Atuariais do Regime de Previdencia Própria</a></p>
<p>&gt;&gt; <a href="https://www.orlandia.sp.gov.br/contaspublicas/lei_responsabilidade_fiscal9_2008.pdf" target="_blank">9.0 – Variação Patrimonial e Aplicações de Recursos Decorrentes da Alienação de Ativos</a></p>
<p>&gt;&gt; <a href="https://www.orlandia.sp.gov.br/contaspublicas/lei_responsabilidade_fiscal10_2008.pdf" target="_blank">10.0 – Relatório de Gestão Fiscal</a></p>
<p>&gt;&gt; <a href="https://www.orlandia.sp.gov.br/contaspublicas/lei_responsabilidade_fiscal10-1_2008.pdf" target="_blank">10.1 – Despesas com Pessoal</a></p>

<p>&gt;&gt; 1.0 – Relatório Resumido da Execução Orçamentária &gt;&gt; 1.1 – Anexo ao RREO &gt;&gt; 2.0 – Função/Subfunção &gt;&gt; 3.0</p>

&gt;&gt; 1.0 – Relatório Resumido da Execução Orçamentária &gt;&gt; 1.1 – Anexo ao RREO &gt;&gt; 2.0 – Função/Subfunção &gt;&gt; 3.0
