{"id":8769,"date":"2016-07-13T10:46:29","date_gmt":"2016-07-13T13:46:29","guid":{"rendered":"https:\/\/www.orlandia.sp.gov.br\/novo\/?page_id=8769"},"modified":"2016-07-13T10:46:29","modified_gmt":"2016-07-13T13:46:29","slug":"jornal-oficial-de-orlandia-janeiro-de-2016","status":"publish","type":"page","link":"https:\/\/www.orlandia.sp.gov.br\/novo\/jornal-oficial-de-orlandia-janeiro-de-2016","title":{"rendered":"Jornal Oficial de Orl\u00e2ndia &#8211; Janeiro de 2016"},"content":{"rendered":"<p>>> <a href=\"https:\/\/www.orlandia.sp.gov.br\/novo\/wp-content\/uploads\/2014\/11\/Jornal_Oficial_Orlandia-29-01-16.pdf\" rel=\"\">Edi\u00e7\u00e3o 42 de 29 de janeiro de 2016<\/a><\/p>\n<p>>> <a href=\"https:\/\/www.orlandia.sp.gov.br\/novo\/wp-content\/uploads\/2014\/11\/Jornal_Oficial_Orlandia-25-01-16.pdf\" rel=\"\">Edi\u00e7\u00e3o 41 de 26 de janeiro de 2016<\/a><\/p>\n<p>>> <a href=\"https:\/\/www.orlandia.sp.gov.br\/novo\/wp-content\/uploads\/2014\/11\/Jornal_Oficial_Orlandia-22-01-16.pdf\" rel=\"\">Edi\u00e7\u00e3o 40 de 22 de janeiro de 2016<\/a><\/p>\n<p>>> <a href=\"https:\/\/www.orlandia.sp.gov.br\/novo\/wp-content\/uploads\/2014\/11\/Jornal_Oficial_Orlandia-19-01-15.pdf\" rel=\"\">Edi\u00e7\u00e3o 39 de 19 de janeiro de 2016<\/a><\/p>\n<p>>> <a href=\"https:\/\/www.orlandia.sp.gov.br\/novo\/wp-content\/uploads\/2014\/11\/Jornal_Oficial_Orlandia-15-01-16.pdf\" rel=\"\">Edi\u00e7\u00e3o 38 de 15 de janeiro de 2016<\/a><\/p>\n<p>>> <a href=\"https:\/\/www.orlandia.sp.gov.br\/novo\/wp-content\/uploads\/2014\/11\/Jornal_Oficial_Orlandia-12-01-16.pdf\" rel=\"\">Edi\u00e7\u00e3o 37 de 12 de janeiro de 2016<\/a><\/p>\n<p>>> <a href=\"https:\/\/www.orlandia.sp.gov.br\/novo\/wp-content\/uploads\/2014\/11\/Jornal_Oficial_Orlandia-08-01-16-1.pdf\" rel=\"\">Edi\u00e7\u00e3o 36 de 08 de janeiro de 2016<\/a><\/p>\n<p>>> <a href=\"https:\/\/www.orlandia.sp.gov.br\/novo\/wp-content\/uploads\/2014\/11\/Jornal_Oficial_Orlandia-05-01-16-1.pdf\" rel=\"\">Edi\u00e7\u00e3o 35 de 05 de janeiro de 2016<\/a><\/p>\n","protected":false},"excerpt":{"rendered":"<p>>> Edi\u00e7\u00e3o 42 de 29 de janeiro de 2016 >> Edi\u00e7\u00e3o 41 de 26 de janeiro de 2016 >> Edi\u00e7\u00e3o<\/p>\n","protected":false},"author":1,"featured_media":0,"parent":0,"menu_order":0,"comment_status":"closed","ping_status":"closed","template":"","meta":{"ngg_post_thumbnail":0,"footnotes":""},"magazineBlocksPostFeaturedMedia":{"thumbnail":false,"medium":false,"medium_large":false,"large":false,"1536x1536":false,"2048x2048":false,"colormag-highlighted-post":false,"colormag-featured-post-medium":false,"colormag-featured-post-small":false,"colormag-featured-image":false,"colormag-default-news":false,"colormag-featured-image-large":false},"magazineBlocksPostAuthor":{"name":"admin","avatar":"https:\/\/secure.gravatar.com\/avatar\/5140b312f1bcbe8516bfaa79917f11b3?s=96&d=mm&r=g"},"magazineBlocksPostCommentsNumber":false,"magazineBlocksPostExcerpt":">> Edi\u00e7\u00e3o 42 de 29 de janeiro de 2016 >> Edi\u00e7\u00e3o 41 de 26 de janeiro de 2016 >> Edi\u00e7\u00e3o","magazineBlocksPostCategories":[],"_links":{"self":[{"href":"https:\/\/www.orlandia.sp.gov.br\/novo\/wp-json\/wp\/v2\/pages\/8769"}],"collection":[{"href":"https:\/\/www.orlandia.sp.gov.br\/novo\/wp-json\/wp\/v2\/pages"}],"about":[{"href":"https:\/\/www.orlandia.sp.gov.br\/novo\/wp-json\/wp\/v2\/types\/page"}],"author":[{"embeddable":true,"href":"https:\/\/www.orlandia.sp.gov.br\/novo\/wp-json\/wp\/v2\/users\/1"}],"replies":[{"embeddable":true,"href":"https:\/\/www.orlandia.sp.gov.br\/novo\/wp-json\/wp\/v2\/comments?post=8769"}],"version-history":[{"count":1,"href":"https:\/\/www.orlandia.sp.gov.br\/novo\/wp-json\/wp\/v2\/pages\/8769\/revisions"}],"predecessor-version":[{"id":8770,"href":"https:\/\/www.orlandia.sp.gov.br\/novo\/wp-json\/wp\/v2\/pages\/8769\/revisions\/8770"}],"wp:attachment":[{"href":"https:\/\/www.orlandia.sp.gov.br\/novo\/wp-json\/wp\/v2\/media?parent=8769"}],"curies":[{"name":"wp","href":"https:\/\/api.w.org\/{rel}","templated":true}]}}