{"id":8758,"date":"2016-07-13T10:18:18","date_gmt":"2016-07-13T13:18:18","guid":{"rendered":"https:\/\/www.orlandia.sp.gov.br\/novo\/?page_id=8758"},"modified":"2016-07-13T10:27:41","modified_gmt":"2016-07-13T13:27:41","slug":"jornal-oficial-de-orlandia-dezembro-de-2015","status":"publish","type":"page","link":"https:\/\/www.orlandia.sp.gov.br\/novo\/jornal-oficial-de-orlandia-dezembro-de-2015","title":{"rendered":"Jornal Oficial de Orl\u00e2ndia &#8211; Dezembro de 2015"},"content":{"rendered":"<p>&gt;&gt;\u00a0<a href=\"https:\/\/www.orlandia.sp.gov.br\/novo\/wp-content\/uploads\/2014\/11\/Jornal_Oficial_Orlandia-29-12-15-1.pdf\" rel=\"\">Edi\u00e7\u00e3o 34 de 30 de dezembro de 2015 \u2013 Edi\u00e7\u00e3o Extraordin\u00e1ria<br \/>\n<\/a><\/p>\n<p>&gt;&gt;\u00a0<a href=\"https:\/\/www.orlandia.sp.gov.br\/novo\/wp-content\/uploads\/2014\/11\/Jornal_Oficial_Orlandia-29-12-15-1.pdf\" rel=\"\">Edi\u00e7\u00e3o 33 de 29 de dezembro de 2015<\/a><\/p>\n<p>&gt;&gt;\u00a0<a href=\"https:\/\/www.orlandia.sp.gov.br\/novo\/wp-content\/uploads\/2014\/11\/Jornal_Oficial_Orlandia-23-12-2015-ed-ext-1.pdf\" rel=\"\">Edi\u00e7\u00e3o 32 de 23 de dezembro de 2015 \u2013 Edi\u00e7\u00e3o Extraordin\u00e1ria<\/a><\/p>\n<p>&gt;&gt;\u00a0<a href=\"https:\/\/www.orlandia.sp.gov.br\/novo\/wp-content\/uploads\/2014\/11\/Jornal_Oficial_Orlandia-18-12-2015.pdf\">Edi\u00e7\u00e3o 31 de 22 de dezembro de 2015<\/a><\/p>\n<p>&gt;&gt;\u00a0<a href=\"https:\/\/www.orlandia.sp.gov.br\/novo\/wp-content\/uploads\/2014\/11\/Jornal_Oficial_Orlandia-18-12-2015.pdf\">Edi\u00e7\u00e3o 30 de 18 de dezembro de 2015<\/a><\/p>\n<p>&gt;&gt;\u00a0<a href=\"https:\/\/www.orlandia.sp.gov.br\/novo\/wp-content\/uploads\/2014\/11\/Jornal_Oficial_Orlandia-15-12-2015-ed-ext.pdf\">Edi\u00e7\u00e3o 29 de 15 de dezembro de 2015 \u2013 Edi\u00e7\u00e3o Extraordin\u00e1ria<\/a><\/p>\n<p>&gt;&gt;\u00a0<a href=\"https:\/\/www.orlandia.sp.gov.br\/novo\/wp-content\/uploads\/2014\/11\/Jornal_Oficial_Orlandia-15-12-2015.pdf\">Edi\u00e7\u00e3o 28 de 15 de dezembro de 2015<\/a><\/p>\n<p>&gt;&gt;\u00a0<a href=\"https:\/\/www.orlandia.sp.gov.br\/novo\/wp-content\/uploads\/2014\/11\/Jornal_Oficial_Orlandia-11-12-2015-ed-ext.pdf\">Edi\u00e7\u00e3o 27 de 11 de dezembro de 2015 \u2013 Edi\u00e7\u00e3o Extraordin\u00e1ria<\/a><\/p>\n<p>&gt;&gt;\u00a0<a href=\"https:\/\/www.orlandia.sp.gov.br\/novo\/wp-content\/uploads\/2014\/11\/Jornal_Oficial_Orlandia-11-12-2015.pdf\">Edi\u00e7\u00e3o 26 de 11 de dezembro de 2015<\/a><\/p>\n<p>&gt;&gt;\u00a0<a href=\"https:\/\/www.orlandia.sp.gov.br\/novo\/wp-content\/uploads\/2014\/11\/Jornal_Oficial_Orlandia-08-12-2015.pdf\">Edi\u00e7\u00e3o 25 de 08 de dezembro de 2015<\/a><\/p>\n","protected":false},"excerpt":{"rendered":"<p>&gt;&gt;\u00a0Edi\u00e7\u00e3o 34 de 30 de dezembro de 2015 \u2013 Edi\u00e7\u00e3o Extraordin\u00e1ria &gt;&gt;\u00a0Edi\u00e7\u00e3o 33 de 29 de dezembro de 2015 &gt;&gt;\u00a0Edi\u00e7\u00e3o<\/p>\n","protected":false},"author":1,"featured_media":0,"parent":0,"menu_order":0,"comment_status":"closed","ping_status":"closed","template":"","meta":{"ngg_post_thumbnail":0,"footnotes":""},"magazineBlocksPostFeaturedMedia":{"thumbnail":false,"medium":false,"medium_large":false,"large":false,"1536x1536":false,"2048x2048":false,"colormag-highlighted-post":false,"colormag-featured-post-medium":false,"colormag-featured-post-small":false,"colormag-featured-image":false,"colormag-default-news":false,"colormag-featured-image-large":false},"magazineBlocksPostAuthor":{"name":"admin","avatar":"https:\/\/secure.gravatar.com\/avatar\/5140b312f1bcbe8516bfaa79917f11b3?s=96&d=mm&r=g"},"magazineBlocksPostCommentsNumber":false,"magazineBlocksPostExcerpt":"&gt;&gt;\u00a0Edi\u00e7\u00e3o 34 de 30 de dezembro de 2015 \u2013 Edi\u00e7\u00e3o Extraordin\u00e1ria &gt;&gt;\u00a0Edi\u00e7\u00e3o 33 de 29 de dezembro de 2015 &gt;&gt;\u00a0Edi\u00e7\u00e3o","magazineBlocksPostCategories":[],"_links":{"self":[{"href":"https:\/\/www.orlandia.sp.gov.br\/novo\/wp-json\/wp\/v2\/pages\/8758"}],"collection":[{"href":"https:\/\/www.orlandia.sp.gov.br\/novo\/wp-json\/wp\/v2\/pages"}],"about":[{"href":"https:\/\/www.orlandia.sp.gov.br\/novo\/wp-json\/wp\/v2\/types\/page"}],"author":[{"embeddable":true,"href":"https:\/\/www.orlandia.sp.gov.br\/novo\/wp-json\/wp\/v2\/users\/1"}],"replies":[{"embeddable":true,"href":"https:\/\/www.orlandia.sp.gov.br\/novo\/wp-json\/wp\/v2\/comments?post=8758"}],"version-history":[{"count":3,"href":"https:\/\/www.orlandia.sp.gov.br\/novo\/wp-json\/wp\/v2\/pages\/8758\/revisions"}],"predecessor-version":[{"id":8767,"href":"https:\/\/www.orlandia.sp.gov.br\/novo\/wp-json\/wp\/v2\/pages\/8758\/revisions\/8767"}],"wp:attachment":[{"href":"https:\/\/www.orlandia.sp.gov.br\/novo\/wp-json\/wp\/v2\/media?parent=8758"}],"curies":[{"name":"wp","href":"https:\/\/api.w.org\/{rel}","templated":true}]}}