{"id":7349,"date":"2016-02-18T07:47:58","date_gmt":"2016-02-18T10:47:58","guid":{"rendered":"https:\/\/www.orlandia.sp.gov.br\/novo\/?page_id=7349"},"modified":"2016-07-12T14:30:04","modified_gmt":"2016-07-12T17:30:04","slug":"plano-de-mobilidade-urbana-planmob","status":"publish","type":"page","link":"https:\/\/www.orlandia.sp.gov.br\/novo\/plano-de-mobilidade-urbana-planmob","title":{"rendered":"PLANO DE MOBILIDADE URBANA (PlanMob)"},"content":{"rendered":"<div class=\"wpb-content-wrapper\"><p>[vc_row css=&#8221;.vc_custom_1468334756211{margin-top: 15px !important;}&#8221;][vc_column][vc_column_text]<strong><span style=\"color: #000000;\"><a href=\"https:\/\/www.orlandia.sp.gov.br\/novo\/wp-content\/uploads\/2016\/02\/ANTEPROJETO-DO-PLANO-DE-MOBILIDADE-URBANA.pdf\" target=\"_blank\" rel=\"\"><i class=\"fa fa-download\" style=\"margin-right: 10px; font-size: 15px; opacity: 0.5;\"><\/i>ANTEPROJETO DO PLANO DE MOBILIDADE URBANA<\/a><\/span><\/strong><\/p>\n<p><strong><span style=\"color: #000000;\"><a href=\"https:\/\/www.orlandia.sp.gov.br\/novo\/wp-content\/uploads\/2016\/02\/PlanMob-Orl\u00e2ndia.pdf\" target=\"_blank\" rel=\"\"><i class=\"fa fa-download\" style=\"margin-right: 10px; font-size: 15px; opacity: 0.5;\"><\/i>PLANO DE MOBILIDADE URBANA &#8211; ESTRUTURAS DE GEST\u00c3O E PARTICIPA\u00c7\u00c3O<\/a><\/span><\/strong>[\/vc_column_text][\/vc_column][\/vc_row]<\/p>\n<\/div>","protected":false},"excerpt":{"rendered":"<p>[vc_row css=&#8221;.vc_custom_1468334756211{margin-top: 15px !important;}&#8221;][vc_column][vc_column_text]ANTEPROJETO DO PLANO DE MOBILIDADE URBANA PLANO DE MOBILIDADE URBANA &#8211; ESTRUTURAS DE GEST\u00c3O E PARTICIPA\u00c7\u00c3O[\/vc_column_text][\/vc_column][\/vc_row]<\/p>\n","protected":false},"author":1,"featured_media":0,"parent":0,"menu_order":0,"comment_status":"closed","ping_status":"closed","template":"","meta":{"ngg_post_thumbnail":0,"footnotes":""},"magazineBlocksPostFeaturedMedia":{"thumbnail":false,"medium":false,"medium_large":false,"large":false,"1536x1536":false,"2048x2048":false,"colormag-highlighted-post":false,"colormag-featured-post-medium":false,"colormag-featured-post-small":false,"colormag-featured-image":false,"colormag-default-news":false,"colormag-featured-image-large":false},"magazineBlocksPostAuthor":{"name":"admin","avatar":"https:\/\/secure.gravatar.com\/avatar\/5140b312f1bcbe8516bfaa79917f11b3?s=96&d=mm&r=g"},"magazineBlocksPostCommentsNumber":false,"magazineBlocksPostExcerpt":"[vc_row css=&#8221;.vc_custom_1468334756211{margin-top: 15px !important;}&#8221;][vc_column][vc_column_text]ANTEPROJETO DO PLANO DE MOBILIDADE URBANA PLANO DE MOBILIDADE URBANA &#8211; ESTRUTURAS DE GEST\u00c3O E PARTICIPA\u00c7\u00c3O[\/vc_column_text][\/vc_column][\/vc_row]","magazineBlocksPostCategories":[],"_links":{"self":[{"href":"https:\/\/www.orlandia.sp.gov.br\/novo\/wp-json\/wp\/v2\/pages\/7349"}],"collection":[{"href":"https:\/\/www.orlandia.sp.gov.br\/novo\/wp-json\/wp\/v2\/pages"}],"about":[{"href":"https:\/\/www.orlandia.sp.gov.br\/novo\/wp-json\/wp\/v2\/types\/page"}],"author":[{"embeddable":true,"href":"https:\/\/www.orlandia.sp.gov.br\/novo\/wp-json\/wp\/v2\/users\/1"}],"replies":[{"embeddable":true,"href":"https:\/\/www.orlandia.sp.gov.br\/novo\/wp-json\/wp\/v2\/comments?post=7349"}],"version-history":[{"count":12,"href":"https:\/\/www.orlandia.sp.gov.br\/novo\/wp-json\/wp\/v2\/pages\/7349\/revisions"}],"predecessor-version":[{"id":8730,"href":"https:\/\/www.orlandia.sp.gov.br\/novo\/wp-json\/wp\/v2\/pages\/7349\/revisions\/8730"}],"wp:attachment":[{"href":"https:\/\/www.orlandia.sp.gov.br\/novo\/wp-json\/wp\/v2\/media?parent=7349"}],"curies":[{"name":"wp","href":"https:\/\/api.w.org\/{rel}","templated":true}]}}