{"id":4263,"date":"2014-11-04T08:23:22","date_gmt":"2014-11-04T11:23:22","guid":{"rendered":"https:\/\/www.orlandia.sp.gov.br\/novo\/?page_id=4263"},"modified":"2026-01-06T16:36:31","modified_gmt":"2026-01-06T19:36:31","slug":"jornal-oficial-de-orlandia","status":"publish","type":"page","link":"https:\/\/www.orlandia.sp.gov.br\/novo\/jornal-oficial-de-orlandia","title":{"rendered":"Jornal Oficial de Orl\u00e2ndia"},"content":{"rendered":"<div class=\"wpb-content-wrapper\"><p>[vc_row][vc_column][vc_column_text]Lei n\u00ba 1.316\/82 &#8211; Decreto n\u00ba 4.389\/2014.<\/p>\n<p>Publica\u00e7\u00e3o sob a responsabilidade da Prefeitura Municipal de Orl\u00e2ndia &#8211; Depto. de Comunica\u00e7\u00e3o.[\/vc_column_text][\/vc_column][\/vc_row][vc_row][vc_column][vc_column_text]<\/p>\n<table style=\"width: 100%;\">\n<tbody>\n<tr style=\"height: 85px;\">\n<td style=\"border: 10px #fff solid; background-color: #dfdfdf; font-size: 30px; text-align: center;\"><a style=\"display: block; width: 100%; height: 70px; font-size: 38px;\" href=\"https:\/\/www.orlandia.sp.gov.br\/novo\/jornal-oficial-de-orlandia-2026\">2026<\/a><\/td>\n<td style=\"border: 10px #fff solid; background-color: #dfdfdf; font-size: 30px; text-align: center;\"><a style=\"display: block; width: 100%; height: 70px; font-size: 38px;\" href=\"https:\/\/www.orlandia.sp.gov.br\/novo\/jornal-oficial-de-orlandia-2025\">2025<\/a><\/td>\n<td style=\"border: 10px #fff solid; background-color: #dfdfdf; font-size: 30px; text-align: center;\"><a style=\"display: block; width: 100%; height: 70px; font-size: 38px;\" href=\"https:\/\/www.orlandia.sp.gov.br\/novo\/jornal-oficial-de-orlandia-2024\">2024<\/a><\/td>\n<\/tr>\n<tr style=\"height: 85px;\">\n<td style=\"border: 10px #fff solid; background-color: #dfdfdf; font-size: 30px; text-align: center;\"><a style=\"display: block; width: 100%; height: 70px; font-size: 38px;\" href=\"https:\/\/www.orlandia.sp.gov.br\/novo\/jornal-oficial-de-orlandia-2023\">2023<\/a><\/td>\n<td style=\"border: 10px #fff solid; background-color: #dfdfdf; font-size: 30px; text-align: center;\"><a style=\"display: block; width: 100%; height: 70px; font-size: 38px;\" href=\"https:\/\/www.orlandia.sp.gov.br\/novo\/jornal-oficial-de-orlandia-2022\">2022<\/a><\/td>\n<td style=\"border: 10px #fff solid; background-color: #dfdfdf; font-size: 30px; text-align: center;\"><a style=\"display: block; width: 100%; height: 70px; font-size: 38px;\" href=\"https:\/\/www.orlandia.sp.gov.br\/novo\/jornal-oficial-de-orlandia-2021\">2021<\/a><\/td>\n<\/tr>\n<tr style=\"height: 85px;\">\n<td style=\"border: 10px #fff solid; background-color: #dfdfdf; font-size: 30px; text-align: center;\"><a style=\"display: block; width: 100%; height: 70px; font-size: 38px;\" href=\"https:\/\/www.orlandia.sp.gov.br\/novo\/jornal-oficial-de-orlandia-2020\">2020<\/a><\/td>\n<td style=\"border: 10px #fff solid; background-color: #dfdfdf; font-size: 30px; text-align: center;\"><a style=\"display: block; width: 100%; height: 70px; font-size: 38px;\" href=\"https:\/\/www.orlandia.sp.gov.br\/novo\/jornal-oficial-de-orlandia-2019\">2019<\/a><\/td>\n<td style=\"border: 10px #fff solid; background-color: #dfdfdf; font-size: 30px; text-align: center;\"><a style=\"display: block; width: 100%; height: 70px; font-size: 38px;\" href=\"https:\/\/www.orlandia.sp.gov.br\/novo\/jornal-oficial-de-orlandia-2018\">2018<\/a><\/td>\n<\/tr>\n<tr style=\"height: 85px;\">\n<td style=\"border: 10px #fff solid; background-color: #dfdfdf; font-size: 30px; text-align: center;\"><a style=\"display: block; width: 100%; height: 70px; font-size: 38px;\" href=\"https:\/\/www.orlandia.sp.gov.br\/novo\/jornal-oficial-de-orlandia-2017\">2017<\/a><\/td>\n<td style=\"border: 10px #fff solid; background-color: #dfdfdf; font-size: 30px; text-align: center;\"><a style=\"display: block; width: 100%; height: 70px; font-size: 38px;\" href=\"https:\/\/www.orlandia.sp.gov.br\/novo\/jornal-oficial-de-orlandia-2016\">2016<\/a><\/td>\n<td style=\"border: 10px #fff solid; background-color: #dfdfdf; font-size: 30px; text-align: center;\"><a style=\"display: block; width: 100%; height: 70px; font-size: 38px;\" href=\"https:\/\/www.orlandia.sp.gov.br\/novo\/jornal-oficial-de-orlandia-2015\">2015<\/a><\/td>\n<\/tr>\n<tr style=\"height: 85px;\">\n<td style=\"border: 10px #fff solid; background-color: #dfdfdf; font-size: 30px; text-align: center;\"><a style=\"display: block; width: 100%; height: 70px; font-size: 38px;\" href=\"https:\/\/www.orlandia.sp.gov.br\/novo\/jornal-oficial-de-orlandia-2014\">2014<\/a><\/td>\n<\/tbody>\n<\/table>\n<p>[\/vc_column_text][\/vc_column][\/vc_row]<\/p>\n<\/div>","protected":false},"excerpt":{"rendered":"<p>[vc_row][vc_column][vc_column_text]Lei n\u00ba 1.316\/82 &#8211; Decreto n\u00ba 4.389\/2014. Publica\u00e7\u00e3o sob a responsabilidade da Prefeitura Municipal de Orl\u00e2ndia &#8211; Depto. de Comunica\u00e7\u00e3o.[\/vc_column_text][\/vc_column][\/vc_row][vc_row][vc_column][vc_column_text]<\/p>\n","protected":false},"author":1,"featured_media":0,"parent":0,"menu_order":0,"comment_status":"closed","ping_status":"closed","template":"","meta":{"ngg_post_thumbnail":0,"footnotes":""},"magazineBlocksPostFeaturedMedia":{"thumbnail":false,"medium":false,"medium_large":false,"large":false,"1536x1536":false,"2048x2048":false,"colormag-highlighted-post":false,"colormag-featured-post-medium":false,"colormag-featured-post-small":false,"colormag-featured-image":false,"colormag-default-news":false,"colormag-featured-image-large":false},"magazineBlocksPostAuthor":{"name":"admin","avatar":"https:\/\/secure.gravatar.com\/avatar\/5140b312f1bcbe8516bfaa79917f11b3?s=96&d=mm&r=g"},"magazineBlocksPostCommentsNumber":false,"magazineBlocksPostExcerpt":"[vc_row][vc_column][vc_column_text]Lei n\u00ba 1.316\/82 &#8211; Decreto n\u00ba 4.389\/2014. Publica\u00e7\u00e3o sob a responsabilidade da Prefeitura Municipal de Orl\u00e2ndia &#8211; Depto. de Comunica\u00e7\u00e3o.[\/vc_column_text][\/vc_column][\/vc_row][vc_row][vc_column][vc_column_text]","magazineBlocksPostCategories":[],"_links":{"self":[{"href":"https:\/\/www.orlandia.sp.gov.br\/novo\/wp-json\/wp\/v2\/pages\/4263"}],"collection":[{"href":"https:\/\/www.orlandia.sp.gov.br\/novo\/wp-json\/wp\/v2\/pages"}],"about":[{"href":"https:\/\/www.orlandia.sp.gov.br\/novo\/wp-json\/wp\/v2\/types\/page"}],"author":[{"embeddable":true,"href":"https:\/\/www.orlandia.sp.gov.br\/novo\/wp-json\/wp\/v2\/users\/1"}],"replies":[{"embeddable":true,"href":"https:\/\/www.orlandia.sp.gov.br\/novo\/wp-json\/wp\/v2\/comments?post=4263"}],"version-history":[{"count":166,"href":"https:\/\/www.orlandia.sp.gov.br\/novo\/wp-json\/wp\/v2\/pages\/4263\/revisions"}],"predecessor-version":[{"id":41192,"href":"https:\/\/www.orlandia.sp.gov.br\/novo\/wp-json\/wp\/v2\/pages\/4263\/revisions\/41192"}],"wp:attachment":[{"href":"https:\/\/www.orlandia.sp.gov.br\/novo\/wp-json\/wp\/v2\/media?parent=4263"}],"curies":[{"name":"wp","href":"https:\/\/api.w.org\/{rel}","templated":true}]}}