{"id":39542,"date":"2024-08-28T11:33:11","date_gmt":"2024-08-28T14:33:11","guid":{"rendered":"https:\/\/www.orlandia.sp.gov.br\/novo\/?page_id=39542"},"modified":"2024-11-11T11:00:07","modified_gmt":"2024-11-11T14:00:07","slug":"jornal-oficial-de-orlandia-setembro-de-2024","status":"publish","type":"page","link":"https:\/\/www.orlandia.sp.gov.br\/novo\/jornal-oficial-de-orlandia-setembro-de-2024","title":{"rendered":"Jornal Oficial de Orl\u00e2ndia \u2013 Setembro de 2024"},"content":{"rendered":"<p><strong><a href=\"https:\/\/imprensaoficialmunicipal.com.br\/orlandia\" target=\"_blank\" rel=\"noopener\">Clique aqui<\/a><\/strong> para Acessar as Edi\u00e7\u00f5es de Setembro<\/p>\n<p>&nbsp;<\/p>\n<p><a href=\"https:\/\/www.orlandia.sp.gov.br\/novo\/wp-content\/uploads\/2024\/11\/Edicao-1915-de-30-de-setembro-de-2024-Extraordinaria.pdf\">&gt;&gt; Edi\u00e7\u00e3o 1915 de 30 de setembro de 2024 &#8211; Extraordin\u00e1ria<\/a><\/p>\n<p><a href=\"https:\/\/www.orlandia.sp.gov.br\/novo\/wp-content\/uploads\/2024\/11\/Edicao-1914-de-27-de-setembro-de-2024.pdf\">&gt;&gt; Edi\u00e7\u00e3o 1914 de 27 de setembro de 2024<\/a><\/p>\n<p><a href=\"https:\/\/www.orlandia.sp.gov.br\/novo\/wp-content\/uploads\/2024\/11\/Edicao-1913-de-26-de-setembro-de-2024-Extraordinaria_compressed.pdf\">&gt;&gt; Edi\u00e7\u00e3o 1913 de 26 de setembro de 2024 &#8211; Extraordin\u00e1ria<\/a><\/p>\n<p><a href=\"https:\/\/www.orlandia.sp.gov.br\/novo\/wp-content\/uploads\/2024\/11\/Edicao-1912-de-25-de-setembro-de-2024-Extraordinaria.pdf\">&gt;&gt; Edi\u00e7\u00e3o 1912 de 25 de setembro de 2024 &#8211; Extraordin\u00e1ria<\/a><\/p>\n<p><a href=\"https:\/\/www.orlandia.sp.gov.br\/novo\/wp-content\/uploads\/2024\/11\/Edicao-1911-de-24-de-setembro-de-2024.pdf\">&gt;&gt; Edi\u00e7\u00e3o 1911 de 24 de setembro de 2024<\/a><\/p>\n<p><a href=\"https:\/\/www.orlandia.sp.gov.br\/novo\/wp-content\/uploads\/2024\/11\/Edicao-1910-de-23-de-setembro-de-2024-Extraordinaria.pdf\">&gt;&gt; Edi\u00e7\u00e3o 1910 de 23 de setembro de 2024 &#8211; Extraordin\u00e1ria<\/a><\/p>\n<p><a href=\"https:\/\/www.orlandia.sp.gov.br\/novo\/wp-content\/uploads\/2024\/11\/Edicao-1909-de-20-de-setembro-de-2024.pdf\">&gt;&gt; Edi\u00e7\u00e3o 1909 de 20 de setembro de 2024<\/a><\/p>\n<p><a href=\"https:\/\/www.orlandia.sp.gov.br\/novo\/wp-content\/uploads\/2024\/11\/Edicao-1908-de-19-de-setembro-de-2024-Extraordinaria.pdf\">&gt;&gt; Edi\u00e7\u00e3o 1908 de 19 de setembro de 2024 &#8211; Extraordin\u00e1ria<\/a><\/p>\n<p><a href=\"https:\/\/www.orlandia.sp.gov.br\/novo\/wp-content\/uploads\/2024\/11\/Edicao-1907-de-18-de-setembro-de-2024-Extraordinaria.pdf\">&gt;&gt; Edi\u00e7\u00e3o 1907 de 18 de setembro de 2024 &#8211; Extraordin\u00e1ria<\/a><\/p>\n<p><a href=\"https:\/\/www.orlandia.sp.gov.br\/novo\/wp-content\/uploads\/2024\/11\/Edicao-1906-de-17-de-setembro-de-2024.pdf\">&gt;&gt; Edi\u00e7\u00e3o 1906 de 17 de setembro de 2024<\/a><\/p>\n<p><a href=\"https:\/\/www.orlandia.sp.gov.br\/novo\/wp-content\/uploads\/2024\/11\/Edicao-1905-de-16-de-setembro-de-2024-Extraordinaria_compressed.pdf\">&gt;&gt; Edi\u00e7\u00e3o 1905 de 16 de setembro de 2024 &#8211; Extraordin\u00e1ria<\/a><\/p>\n<p><a href=\"https:\/\/www.orlandia.sp.gov.br\/novo\/wp-content\/uploads\/2024\/11\/Edicao-1904-de-13-de-setembro-de-2024.pdf\">&gt;&gt; Edi\u00e7\u00e3o 1904 de 13 de setembro de 2024<\/a><\/p>\n<p><a href=\"https:\/\/www.orlandia.sp.gov.br\/novo\/wp-content\/uploads\/2024\/11\/Edicao-1903-de-12-de-setembro-de-2024-Extraordinaria.pdf\">&gt;&gt; Edi\u00e7\u00e3o 1903 de 12 de setembro de 2024 &#8211; Extraordin\u00e1ria<\/a><\/p>\n<p><a href=\"https:\/\/www.orlandia.sp.gov.br\/novo\/wp-content\/uploads\/2024\/11\/Edicao-1902-de-11-de-setembro-de-2024-Extraordinaria.pdf\">&gt;&gt; Edi\u00e7\u00e3o 1902 de 11 de setembro de 2024 &#8211; Extraordin\u00e1ria<\/a><\/p>\n<p><a href=\"https:\/\/www.orlandia.sp.gov.br\/novo\/wp-content\/uploads\/2024\/11\/Edicao-1901-de-10-de-setembro-de-2024_compressed.pdf\">&gt;&gt; Edi\u00e7\u00e3o 1903 de 10 de setembro de 2024<\/a><\/p>\n<p><a href=\"https:\/\/www.orlandia.sp.gov.br\/novo\/wp-content\/uploads\/2024\/11\/Edicao-1900-de-09-de-setembro-de-2024-Extraordinaria.pdf\">&gt;&gt; Edi\u00e7\u00e3o 1900 de 09 de setembro de 2024 &#8211; Extraordin\u00e1ria<\/a><\/p>\n<p><a href=\"https:\/\/www.orlandia.sp.gov.br\/novo\/wp-content\/uploads\/2024\/11\/Edicao-1899-de-06-de-setembro-de-2024.pdf\">&gt;&gt; Edi\u00e7\u00e3o 1899 de 06 de setembro de 2024<\/a><\/p>\n<p><a href=\"https:\/\/www.orlandia.sp.gov.br\/novo\/wp-content\/uploads\/2024\/11\/Edicao-1898-de-05-de-setembro-de-2024-Extraordinaria.pdf\">&gt;&gt; Edi\u00e7\u00e3o 1898 de 05 de setembro de 2024 &#8211; Extraordin\u00e1ria<\/a><\/p>\n<p><a href=\"https:\/\/www.orlandia.sp.gov.br\/novo\/wp-content\/uploads\/2024\/11\/Edicao-1897-de-04-de-setembro-de-2024-Extraordinaria_compressed.pdf\">&gt;&gt; Edi\u00e7\u00e3o 1897 de 04 de setembro de 2024 &#8211; Extraordin\u00e1ria<\/a><\/p>\n<p><a href=\"https:\/\/www.orlandia.sp.gov.br\/novo\/wp-content\/uploads\/2024\/11\/Edicao-1896-de-03-de-setembro-de-2024.pdf\">&gt;&gt; Edi\u00e7\u00e3o 1896 de 03 de setembro de 2024<\/a><\/p>\n<p><a href=\"https:\/\/www.orlandia.sp.gov.br\/novo\/wp-content\/uploads\/2024\/11\/Edicao-1895-de-02-de-setembro-de-2024-Extraordinaria.pdf\">&gt;&gt; Edi\u00e7\u00e3o 1895 de 02 de setembro de 2024 &#8211; Extraordin\u00e1ria<\/a><\/p>\n","protected":false},"excerpt":{"rendered":"<p>Clique aqui para Acessar as Edi\u00e7\u00f5es de Setembro &nbsp; &gt;&gt; Edi\u00e7\u00e3o 1915 de 30 de setembro de 2024 &#8211; Extraordin\u00e1ria<\/p>\n","protected":false},"author":1,"featured_media":0,"parent":0,"menu_order":0,"comment_status":"closed","ping_status":"closed","template":"","meta":{"ngg_post_thumbnail":0,"footnotes":""},"magazineBlocksPostFeaturedMedia":{"thumbnail":false,"medium":false,"medium_large":false,"large":false,"1536x1536":false,"2048x2048":false,"colormag-highlighted-post":false,"colormag-featured-post-medium":false,"colormag-featured-post-small":false,"colormag-featured-image":false,"colormag-default-news":false,"colormag-featured-image-large":false},"magazineBlocksPostAuthor":{"name":"admin","avatar":"https:\/\/secure.gravatar.com\/avatar\/5140b312f1bcbe8516bfaa79917f11b3?s=96&d=mm&r=g"},"magazineBlocksPostCommentsNumber":false,"magazineBlocksPostExcerpt":"Clique aqui para Acessar as Edi\u00e7\u00f5es de Setembro &nbsp; &gt;&gt; Edi\u00e7\u00e3o 1915 de 30 de setembro de 2024 &#8211; Extraordin\u00e1ria","magazineBlocksPostCategories":[],"_links":{"self":[{"href":"https:\/\/www.orlandia.sp.gov.br\/novo\/wp-json\/wp\/v2\/pages\/39542"}],"collection":[{"href":"https:\/\/www.orlandia.sp.gov.br\/novo\/wp-json\/wp\/v2\/pages"}],"about":[{"href":"https:\/\/www.orlandia.sp.gov.br\/novo\/wp-json\/wp\/v2\/types\/page"}],"author":[{"embeddable":true,"href":"https:\/\/www.orlandia.sp.gov.br\/novo\/wp-json\/wp\/v2\/users\/1"}],"replies":[{"embeddable":true,"href":"https:\/\/www.orlandia.sp.gov.br\/novo\/wp-json\/wp\/v2\/comments?post=39542"}],"version-history":[{"count":10,"href":"https:\/\/www.orlandia.sp.gov.br\/novo\/wp-json\/wp\/v2\/pages\/39542\/revisions"}],"predecessor-version":[{"id":39776,"href":"https:\/\/www.orlandia.sp.gov.br\/novo\/wp-json\/wp\/v2\/pages\/39542\/revisions\/39776"}],"wp:attachment":[{"href":"https:\/\/www.orlandia.sp.gov.br\/novo\/wp-json\/wp\/v2\/media?parent=39542"}],"curies":[{"name":"wp","href":"https:\/\/api.w.org\/{rel}","templated":true}]}}