{"id":39290,"date":"2024-07-26T13:13:10","date_gmt":"2024-07-26T16:13:10","guid":{"rendered":"https:\/\/www.orlandia.sp.gov.br\/novo\/?page_id=39290"},"modified":"2024-07-26T13:17:46","modified_gmt":"2024-07-26T16:17:46","slug":"estudo-de-impacto-de-vizinhanca","status":"publish","type":"page","link":"https:\/\/www.orlandia.sp.gov.br\/novo\/estudo-de-impacto-de-vizinhanca","title":{"rendered":"ESTUDO DE IMPACTO DE VIZINHAN\u00c7A"},"content":{"rendered":"<p>&nbsp;<\/p>\n<p><a href=\"https:\/\/www.orlandia.sp.gov.br\/novo\/wp-content\/uploads\/2013\/11\/Impacto.pdf\">&gt;&gt;\u00a0 ESTUDO DE IMPACTO URBAN\u00cdSTICO I<\/a><\/p>\n<p><a href=\"https:\/\/www.orlandia.sp.gov.br\/novo\/wp-content\/uploads\/2024\/07\/ESTUDO-DE-IMPACTO-URBANISTICO.pdf\">&gt;&gt;\u00a0 ESTUDO DE IMPACTO URBAN\u00cdSTICO II<\/a><\/p>\n<p><a href=\"https:\/\/www.orlandia.sp.gov.br\/novo\/wp-content\/uploads\/2024\/07\/Proposta-de-Alteracao-da-LPUOS.pdf\">&gt;&gt; PROPOSTA DE ALTERA\u00c7\u00c3O DA LPUOS<\/a><\/p>\n","protected":false},"excerpt":{"rendered":"<p>&nbsp; &gt;&gt;\u00a0 ESTUDO DE IMPACTO URBAN\u00cdSTICO I &gt;&gt;\u00a0 ESTUDO DE IMPACTO URBAN\u00cdSTICO II &gt;&gt; PROPOSTA DE ALTERA\u00c7\u00c3O DA LPUOS<\/p>\n","protected":false},"author":19,"featured_media":0,"parent":0,"menu_order":0,"comment_status":"closed","ping_status":"closed","template":"","meta":{"ngg_post_thumbnail":0,"footnotes":""},"magazineBlocksPostFeaturedMedia":{"thumbnail":false,"medium":false,"medium_large":false,"large":false,"1536x1536":false,"2048x2048":false,"colormag-highlighted-post":false,"colormag-featured-post-medium":false,"colormag-featured-post-small":false,"colormag-featured-image":false,"colormag-default-news":false,"colormag-featured-image-large":false},"magazineBlocksPostAuthor":{"name":"Comunica\u00e7\u00e3o Orl\u00e2ndia","avatar":"https:\/\/secure.gravatar.com\/avatar\/dbf3566212456c0996c41c5350acfaa4?s=96&d=mm&r=g"},"magazineBlocksPostCommentsNumber":false,"magazineBlocksPostExcerpt":"&nbsp; &gt;&gt;\u00a0 ESTUDO DE IMPACTO URBAN\u00cdSTICO I &gt;&gt;\u00a0 ESTUDO DE IMPACTO URBAN\u00cdSTICO II &gt;&gt; PROPOSTA DE ALTERA\u00c7\u00c3O DA LPUOS","magazineBlocksPostCategories":[],"_links":{"self":[{"href":"https:\/\/www.orlandia.sp.gov.br\/novo\/wp-json\/wp\/v2\/pages\/39290"}],"collection":[{"href":"https:\/\/www.orlandia.sp.gov.br\/novo\/wp-json\/wp\/v2\/pages"}],"about":[{"href":"https:\/\/www.orlandia.sp.gov.br\/novo\/wp-json\/wp\/v2\/types\/page"}],"author":[{"embeddable":true,"href":"https:\/\/www.orlandia.sp.gov.br\/novo\/wp-json\/wp\/v2\/users\/19"}],"replies":[{"embeddable":true,"href":"https:\/\/www.orlandia.sp.gov.br\/novo\/wp-json\/wp\/v2\/comments?post=39290"}],"version-history":[{"count":5,"href":"https:\/\/www.orlandia.sp.gov.br\/novo\/wp-json\/wp\/v2\/pages\/39290\/revisions"}],"predecessor-version":[{"id":39297,"href":"https:\/\/www.orlandia.sp.gov.br\/novo\/wp-json\/wp\/v2\/pages\/39290\/revisions\/39297"}],"wp:attachment":[{"href":"https:\/\/www.orlandia.sp.gov.br\/novo\/wp-json\/wp\/v2\/media?parent=39290"}],"curies":[{"name":"wp","href":"https:\/\/api.w.org\/{rel}","templated":true}]}}