{"id":24659,"date":"2023-02-01T14:47:36","date_gmt":"2023-02-01T17:47:36","guid":{"rendered":"https:\/\/www.orlandia.sp.gov.br\/novo\/?page_id=24659"},"modified":"2023-03-02T14:11:27","modified_gmt":"2023-03-02T17:11:27","slug":"jornal-oficial-de-orlandia-fevereiro-de-2023","status":"publish","type":"page","link":"https:\/\/www.orlandia.sp.gov.br\/novo\/jornal-oficial-de-orlandia-fevereiro-de-2023","title":{"rendered":"Jornal Oficial de Orl\u00e2ndia \u2013 Fevereiro de 2023"},"content":{"rendered":"<p><strong><a href=\"https:\/\/imprensaoficialmunicipal.com.br\/orlandia\" target=\"_blank\">Clique aqui<\/a><\/strong> para Acessar as Edi\u00e7\u00f5es de Fevereiro<\/p>\n<p>&nbsp;<\/p>\n<p><strong>&gt;&gt;\u00a0<a href=\"https:\/\/imprensaoficialmunicipal.com.br\/orlandia\" target=\"_blank\">Edi\u00e7\u00e3o 1526 de 28 de Fevereiro de 2023<\/a><\/strong><\/p>\n<p><strong>&gt;&gt;\u00a0<a href=\"https:\/\/imprensaoficialmunicipal.com.br\/orlandia\" target=\"_blank\">Edi\u00e7\u00e3o 1525 de 27 de Fevereiro de 2023 &#8211; Edi\u00e7\u00e3o Extraordin\u00e1ria<\/a><\/strong><\/p>\n<p><strong>&gt;&gt;\u00a0<a href=\"https:\/\/imprensaoficialmunicipal.com.br\/orlandia\" target=\"_blank\">Edi\u00e7\u00e3o 1524 de 24 de Fevereiro de 2023<\/a><\/strong><\/p>\n<p><strong>&gt;&gt;\u00a0<a href=\"https:\/\/imprensaoficialmunicipal.com.br\/orlandia\" target=\"_blank\">Edi\u00e7\u00e3o 1523 de 23 de Fevereiro de 2023 &#8211; Edi\u00e7\u00e3o Extraordin\u00e1ria<\/a><\/strong><\/p>\n<p><strong>&gt;&gt;\u00a0<a href=\"https:\/\/imprensaoficialmunicipal.com.br\/orlandia\" target=\"_blank\">Edi\u00e7\u00e3o 1522 de 22 de Fevereiro de 2023 &#8211; Edi\u00e7\u00e3o Extraordin\u00e1ria<\/a><\/strong><\/p>\n<p><strong>&gt;&gt;\u00a0<a href=\"https:\/\/imprensaoficialmunicipal.com.br\/orlandia\" target=\"_blank\">Edi\u00e7\u00e3o 1521 de 17 de Fevereiro de 2023<\/a><\/strong><\/p>\n<p><a href=\"https:\/\/dosp.com.br\/exibe_do?i=MzMwMjg4\"><strong>&gt;&gt; Edi\u00e7\u00e3o 1520 de 16 de Fevereiro de 2023 &#8211; Edi\u00e7\u00e3o Extraordin\u00e1ria<\/strong><\/a><\/p>\n<p><strong>&gt;&gt;\u00a0<a href=\"https:\/\/imprensaoficialmunicipal.com.br\/orlandia\" target=\"_blank\">Edi\u00e7\u00e3o 1519 de 15 de Fevereiro de 2023 &#8211; Edi\u00e7\u00e3o Extraordin\u00e1ria<\/a><\/strong><\/p>\n<p><strong>&gt;&gt;\u00a0<a href=\"https:\/\/imprensaoficialmunicipal.com.br\/orlandia\" target=\"_blank\">Edi\u00e7\u00e3o 1518 de 14 de Fevereiro de 2023<\/a><\/strong><\/p>\n<p><strong>&gt;&gt;\u00a0<a href=\"https:\/\/imprensaoficialmunicipal.com.br\/orlandia\" target=\"_blank\">Edi\u00e7\u00e3o 1517 de 13 de Fevereiro de 2023 &#8211; Edi\u00e7\u00e3o Extraordin\u00e1ria<\/a><\/strong><\/p>\n<p><strong>&gt;&gt;\u00a0<a href=\"https:\/\/imprensaoficialmunicipal.com.br\/orlandia\" target=\"_blank\">Edi\u00e7\u00e3o 1516 de 10 de Fevereiro de 2023<\/a><\/strong><\/p>\n<p><strong>&gt;&gt;\u00a0<a href=\"https:\/\/imprensaoficialmunicipal.com.br\/orlandia\" target=\"_blank\">Edi\u00e7\u00e3o 1515 de 09 de Fevereiro de 2023 &#8211; Edi\u00e7\u00e3o Extraordin\u00e1ria<\/a><\/strong><\/p>\n<p><strong>&gt;&gt;\u00a0<a href=\"https:\/\/imprensaoficialmunicipal.com.br\/orlandia\" target=\"_blank\">Edi\u00e7\u00e3o 1514 de 08 de Fevereiro de 2023 &#8211; Edi\u00e7\u00e3o Extraordin\u00e1ria<\/a><\/strong><\/p>\n<p><strong>&gt;&gt;\u00a0<a href=\"https:\/\/imprensaoficialmunicipal.com.br\/orlandia\" target=\"_blank\">Edi\u00e7\u00e3o 1513 de 07 de Fevereiro de 2023 &#8211; Edi\u00e7\u00e3o Extraordin\u00e1ria<\/a><\/strong><\/p>\n<p><strong>&gt;&gt;\u00a0<a href=\"https:\/\/imprensaoficialmunicipal.com.br\/orlandia\" target=\"_blank\">Edi\u00e7\u00e3o 1512 de 07 de Fevereiro de 2023<\/a><\/strong><\/p>\n<p><strong>&gt;&gt;\u00a0<a href=\"https:\/\/imprensaoficialmunicipal.com.br\/orlandia\" target=\"_blank\">Edi\u00e7\u00e3o 1511 de 06 de Fevereiro de 2023 &#8211; Edi\u00e7\u00e3o Extraordin\u00e1ria<\/a><\/strong><\/p>\n<p><strong>&gt;&gt;\u00a0<a href=\"https:\/\/imprensaoficialmunicipal.com.br\/orlandia\" target=\"_blank\">Edi\u00e7\u00e3o 1510 de 03 de Fevereiro de 2023<\/a><\/strong><\/p>\n<p><strong>&gt;&gt;\u00a0<a href=\"https:\/\/imprensaoficialmunicipal.com.br\/orlandia\" target=\"_blank\">Edi\u00e7\u00e3o 1509 de 02 de Fevereiro de 2023 &#8211; Edi\u00e7\u00e3o Extraordin\u00e1ria<\/a><\/strong><\/p>\n<p><strong>&gt;&gt;\u00a0<a href=\"https:\/\/imprensaoficialmunicipal.com.br\/orlandia\" target=\"_blank\">Edi\u00e7\u00e3o 1508 de 01 de Fevereiro de 2023 &#8211; Edi\u00e7\u00e3o Extraordin\u00e1ria<\/a><\/strong><\/p>\n<p>&nbsp;<\/p>\n<p>&nbsp;<\/p>\n<p>&nbsp;<\/p>\n<p>&nbsp;<\/p>\n<p>&nbsp;<\/p>\n","protected":false},"excerpt":{"rendered":"<p>Clique aqui para Acessar as Edi\u00e7\u00f5es de Fevereiro &nbsp; &gt;&gt;\u00a0Edi\u00e7\u00e3o 1526 de 28 de Fevereiro de 2023 &gt;&gt;\u00a0Edi\u00e7\u00e3o 1525 de<\/p>\n","protected":false},"author":1,"featured_media":0,"parent":0,"menu_order":0,"comment_status":"closed","ping_status":"closed","template":"","meta":{"ngg_post_thumbnail":0,"footnotes":""},"magazineBlocksPostFeaturedMedia":{"thumbnail":false,"medium":false,"medium_large":false,"large":false,"1536x1536":false,"2048x2048":false,"colormag-highlighted-post":false,"colormag-featured-post-medium":false,"colormag-featured-post-small":false,"colormag-featured-image":false,"colormag-default-news":false,"colormag-featured-image-large":false},"magazineBlocksPostAuthor":{"name":"admin","avatar":"https:\/\/secure.gravatar.com\/avatar\/5140b312f1bcbe8516bfaa79917f11b3?s=96&d=mm&r=g"},"magazineBlocksPostCommentsNumber":false,"magazineBlocksPostExcerpt":"Clique aqui para Acessar as Edi\u00e7\u00f5es de Fevereiro &nbsp; &gt;&gt;\u00a0Edi\u00e7\u00e3o 1526 de 28 de Fevereiro de 2023 &gt;&gt;\u00a0Edi\u00e7\u00e3o 1525 de","magazineBlocksPostCategories":[],"_links":{"self":[{"href":"https:\/\/www.orlandia.sp.gov.br\/novo\/wp-json\/wp\/v2\/pages\/24659"}],"collection":[{"href":"https:\/\/www.orlandia.sp.gov.br\/novo\/wp-json\/wp\/v2\/pages"}],"about":[{"href":"https:\/\/www.orlandia.sp.gov.br\/novo\/wp-json\/wp\/v2\/types\/page"}],"author":[{"embeddable":true,"href":"https:\/\/www.orlandia.sp.gov.br\/novo\/wp-json\/wp\/v2\/users\/1"}],"replies":[{"embeddable":true,"href":"https:\/\/www.orlandia.sp.gov.br\/novo\/wp-json\/wp\/v2\/comments?post=24659"}],"version-history":[{"count":4,"href":"https:\/\/www.orlandia.sp.gov.br\/novo\/wp-json\/wp\/v2\/pages\/24659\/revisions"}],"predecessor-version":[{"id":24948,"href":"https:\/\/www.orlandia.sp.gov.br\/novo\/wp-json\/wp\/v2\/pages\/24659\/revisions\/24948"}],"wp:attachment":[{"href":"https:\/\/www.orlandia.sp.gov.br\/novo\/wp-json\/wp\/v2\/media?parent=24659"}],"curies":[{"name":"wp","href":"https:\/\/api.w.org\/{rel}","templated":true}]}}