{"id":24005,"date":"2022-11-03T13:19:29","date_gmt":"2022-11-03T16:19:29","guid":{"rendered":"https:\/\/www.orlandia.sp.gov.br\/novo\/?page_id=24005"},"modified":"2022-12-05T09:23:36","modified_gmt":"2022-12-05T12:23:36","slug":"jornal-oficial-de-orlandia-novembro-de-2022","status":"publish","type":"page","link":"https:\/\/www.orlandia.sp.gov.br\/novo\/jornal-oficial-de-orlandia-novembro-de-2022","title":{"rendered":"Jornal Oficial de Orl\u00e2ndia \u2013 Novembro de 2022"},"content":{"rendered":"<p><strong><a href=\"https:\/\/imprensaoficialmunicipal.com.br\/orlandia\" target=\"_blank\">Clique aqui<\/a><\/strong> para Acessar as Edi\u00e7\u00f5es de Novembro<\/p>\n<p>&nbsp;<\/p>\n<p><strong><a href=\"https:\/\/www.orlandia.sp.gov.br\/novo\/wp-content\/uploads\/2022\/11\/Edi\u00e7\u00e3o-1463-de-30-de-Novembro-de-2022-Edi\u00e7\u00e3o-Extraordin\u00e1ria.pdf\">&gt;&gt;\u00a0 Edi\u00e7\u00e3o 1463 de 30 de Novembro de 2022 &#8211; Edi\u00e7\u00e3o Extraordin\u00e1ria<\/a><\/strong><\/p>\n<p><strong><a href=\"https:\/\/www.orlandia.sp.gov.br\/novo\/wp-content\/uploads\/2022\/11\/Edi\u00e7\u00e3o-1462-de-29-de-Novembro-de-2022.pdf\">&gt;&gt;\u00a0 Edi\u00e7\u00e3o 1462 de 29 de Novembro de 2022<\/a><\/strong><\/p>\n<p><strong><a href=\"https:\/\/www.orlandia.sp.gov.br\/novo\/wp-content\/uploads\/2022\/11\/Edi\u00e7\u00e3o-1461-de-28-de-Novembro-de-2022-Edi\u00e7\u00e3o-Extraordin\u00e1ria.pdf\">&gt;&gt;\u00a0 Edi\u00e7\u00e3o 1461 de 28 de Novembro de 2022 &#8211; Edi\u00e7\u00e3o Extraordin\u00e1ria<\/a><\/strong><\/p>\n<p><strong><a href=\"https:\/\/www.orlandia.sp.gov.br\/novo\/wp-content\/uploads\/2022\/11\/Edi\u00e7\u00e3o-1460-de-25-de-Novembro-de-2022.pdf\">&gt;&gt;\u00a0 Edi\u00e7\u00e3o 1460 de 25 de Novembro de 2022<\/a><\/strong><\/p>\n<p><strong><a href=\"https:\/\/www.orlandia.sp.gov.br\/novo\/wp-content\/uploads\/2022\/11\/Edi\u00e7\u00e3o-1459-de-24-de-Novembro-de-2022-Edi\u00e7\u00e3o-Extraordin\u00e1ria.pdf\">&gt;&gt;\u00a0 Edi\u00e7\u00e3o 1459 de 24 de Novembro de 2022 &#8211; Edi\u00e7\u00e3o Extraordin\u00e1ria<\/a><\/strong><\/p>\n<p><strong><a href=\"https:\/\/www.orlandia.sp.gov.br\/novo\/wp-content\/uploads\/2022\/11\/Edi\u00e7\u00e3o-1458-de-23-de-Novembro-de-2022-Edi\u00e7\u00e3o-Extraordin\u00e1ria.pdf\">&gt;&gt;\u00a0 Edi\u00e7\u00e3o 1458 de 23 de Novembro de 2022 &#8211; Edi\u00e7\u00e3o Extraordin\u00e1ria<\/a><\/strong><\/p>\n<p><strong><a href=\"https:\/\/www.orlandia.sp.gov.br\/novo\/wp-content\/uploads\/2022\/11\/Edi\u00e7\u00e3o-1457-de-22-de-Novembro-de-2022.pdf\">&gt;&gt;\u00a0 Edi\u00e7\u00e3o 1457 de 22 de Novembro de 2022<\/a><\/strong><\/p>\n<p><strong><a href=\"https:\/\/www.orlandia.sp.gov.br\/novo\/wp-content\/uploads\/2022\/11\/Edi\u00e7\u00e3o-1456-de-21-de-Novembro-de-2022-Edi\u00e7\u00e3o-Extraordin\u00e1ria.pdf\">&gt;&gt;\u00a0 Edi\u00e7\u00e3o 1456 de 21 de Novembro de 2022 &#8211; Edi\u00e7\u00e3o Extraordin\u00e1ria<\/a><\/strong><\/p>\n<p><strong><a href=\"https:\/\/www.orlandia.sp.gov.br\/novo\/wp-content\/uploads\/2022\/11\/Edi\u00e7\u00e3o-1455-de-18-de-Novembro-de-2022.pdf\">&gt;&gt;\u00a0 Edi\u00e7\u00e3o 1455 de 18 de Novembro de 2022<\/a><\/strong><\/p>\n<p><strong><a href=\"https:\/\/www.orlandia.sp.gov.br\/novo\/wp-content\/uploads\/2022\/11\/Edi\u00e7\u00e3o-1454-de-17-de-Novembro-de-2022-Edi\u00e7\u00e3o-Extraordin\u00e1ria.pdf\">&gt;&gt;\u00a0 Edi\u00e7\u00e3o 1454 de 17 de Novembro de 2022 &#8211; Edi\u00e7\u00e3o Extraordin\u00e1ria<\/a><\/strong><\/p>\n<p><strong><a href=\"https:\/\/www.orlandia.sp.gov.br\/novo\/wp-content\/uploads\/2022\/11\/Edi\u00e7\u00e3o-1453-de-16-de-Novembro-de-2022-Edi\u00e7\u00e3o-Extraordin\u00e1ria.pdf\">&gt;&gt;\u00a0 Edi\u00e7\u00e3o 1453 de 16 de Novembro de 2022 &#8211; Edi\u00e7\u00e3o Extraordin\u00e1ria<\/a><\/strong><\/p>\n<p><strong><a href=\"https:\/\/www.orlandia.sp.gov.br\/novo\/wp-content\/uploads\/2022\/11\/Edi\u00e7\u00e3o-1452-de-11-de-Novembro-de-2022.pdf\">&gt;&gt;\u00a0 Edi\u00e7\u00e3o 1452 de 11 de Novembro de 2022<\/a><\/strong><\/p>\n<p><strong><a href=\"https:\/\/www.orlandia.sp.gov.br\/novo\/wp-content\/uploads\/2022\/11\/Edi\u00e7\u00e3o-1451-de-10-de-Novembro-de-2022-Edi\u00e7\u00e3o-Extraordin\u00e1ria.pdf\">&gt;&gt;\u00a0 Edi\u00e7\u00e3o 1451 de 10 de Novembro de 2022 &#8211; Edi\u00e7\u00e3o Extraordin\u00e1ria<\/a><\/strong><\/p>\n<p><strong><a href=\"https:\/\/www.orlandia.sp.gov.br\/novo\/wp-content\/uploads\/2022\/11\/Edi\u00e7\u00e3o-1450-de-09-de-Novembro-de-2022-Edi\u00e7\u00e3o-Extraordin\u00e1ria.pdf\">&gt;&gt;\u00a0 Edi\u00e7\u00e3o 1450 de 09 de Novembro de 2022 &#8211; Edi\u00e7\u00e3o Extraordin\u00e1ria<\/a><\/strong><\/p>\n<p><strong><a href=\"https:\/\/www.orlandia.sp.gov.br\/novo\/wp-content\/uploads\/2022\/11\/Edi\u00e7\u00e3o-1449-de-09-de-Novembro-de-2022-Edi\u00e7\u00e3o-Extraordin\u00e1ria.pdf\">&gt;&gt;\u00a0 Edi\u00e7\u00e3o 1449 de 09 de Novembro de 2022 &#8211; Edi\u00e7\u00e3o Extraordin\u00e1ria<\/a><\/strong><\/p>\n<p><strong><a href=\"https:\/\/www.orlandia.sp.gov.br\/novo\/wp-content\/uploads\/2022\/11\/Edi\u00e7\u00e3o-1448-de-08-de-Novembro-de-2022.pdf\">&gt;&gt;\u00a0 Edi\u00e7\u00e3o 1448 de 08 de Novembro de 2022<\/a><\/strong><\/p>\n<p><strong><a href=\"https:\/\/www.orlandia.sp.gov.br\/novo\/wp-content\/uploads\/2022\/11\/Edi\u00e7\u00e3o-1447-de-07-de-Novembro-de-2022-Edi\u00e7\u00e3o-Extraordin\u00e1ria.pdf\">&gt;&gt;\u00a0 Edi\u00e7\u00e3o 1447 de 07 de Novembro de 2022 &#8211; Edi\u00e7\u00e3o Extraordin\u00e1ria<\/a><\/strong><\/p>\n<p><strong><a href=\"https:\/\/www.orlandia.sp.gov.br\/novo\/wp-content\/uploads\/2022\/11\/Edi\u00e7\u00e3o-1446-de-04-de-Novembro-de-2022.pdf\">&gt;&gt;\u00a0 Edi\u00e7\u00e3o 1446 de 04 de Novembro de 2022<\/a><\/strong><\/p>\n<p><strong><a href=\"https:\/\/www.orlandia.sp.gov.br\/novo\/wp-content\/uploads\/2022\/11\/Edi\u00e7\u00e3o-1445-de-03-de-Novembro-de-2022-Edi\u00e7\u00e3o-Extraordin\u00e1ria.pdf\">&gt;&gt;\u00a0 Edi\u00e7\u00e3o 1445 de 03 de Novembro de 2022 &#8211; Edi\u00e7\u00e3o Extraordin\u00e1ria<\/a><\/strong><\/p>\n<p>&nbsp;<\/p>\n<p>&nbsp;<\/p>\n<p>&nbsp;<\/p>\n<p>&nbsp;<\/p>\n<p>&nbsp;<\/p>\n<p>&nbsp;<\/p>\n<p>&nbsp;<\/p>\n<p>&nbsp;<\/p>\n<p>&nbsp;<\/p>\n<p>&nbsp;<\/p>\n<p>&nbsp;<\/p>\n<p><strong>\u00a0<\/strong><\/p>\n<p>&nbsp;<\/p>\n<p>&nbsp;<\/p>\n<p>&nbsp;<\/p>\n<p><strong>\u00a0<\/strong><\/p>\n","protected":false},"excerpt":{"rendered":"<p>Clique aqui para Acessar as Edi\u00e7\u00f5es de Novembro &nbsp; &gt;&gt;\u00a0 Edi\u00e7\u00e3o 1463 de 30 de Novembro de 2022 &#8211; Edi\u00e7\u00e3o<\/p>\n","protected":false},"author":1,"featured_media":0,"parent":0,"menu_order":0,"comment_status":"closed","ping_status":"closed","template":"","meta":{"ngg_post_thumbnail":0,"footnotes":""},"magazineBlocksPostFeaturedMedia":{"thumbnail":false,"medium":false,"medium_large":false,"large":false,"1536x1536":false,"2048x2048":false,"colormag-highlighted-post":false,"colormag-featured-post-medium":false,"colormag-featured-post-small":false,"colormag-featured-image":false,"colormag-default-news":false,"colormag-featured-image-large":false},"magazineBlocksPostAuthor":{"name":"admin","avatar":"https:\/\/secure.gravatar.com\/avatar\/5140b312f1bcbe8516bfaa79917f11b3?s=96&d=mm&r=g"},"magazineBlocksPostCommentsNumber":false,"magazineBlocksPostExcerpt":"Clique aqui para Acessar as Edi\u00e7\u00f5es de Novembro &nbsp; &gt;&gt;\u00a0 Edi\u00e7\u00e3o 1463 de 30 de Novembro de 2022 &#8211; Edi\u00e7\u00e3o","magazineBlocksPostCategories":[],"_links":{"self":[{"href":"https:\/\/www.orlandia.sp.gov.br\/novo\/wp-json\/wp\/v2\/pages\/24005"}],"collection":[{"href":"https:\/\/www.orlandia.sp.gov.br\/novo\/wp-json\/wp\/v2\/pages"}],"about":[{"href":"https:\/\/www.orlandia.sp.gov.br\/novo\/wp-json\/wp\/v2\/types\/page"}],"author":[{"embeddable":true,"href":"https:\/\/www.orlandia.sp.gov.br\/novo\/wp-json\/wp\/v2\/users\/1"}],"replies":[{"embeddable":true,"href":"https:\/\/www.orlandia.sp.gov.br\/novo\/wp-json\/wp\/v2\/comments?post=24005"}],"version-history":[{"count":4,"href":"https:\/\/www.orlandia.sp.gov.br\/novo\/wp-json\/wp\/v2\/pages\/24005\/revisions"}],"predecessor-version":[{"id":24259,"href":"https:\/\/www.orlandia.sp.gov.br\/novo\/wp-json\/wp\/v2\/pages\/24005\/revisions\/24259"}],"wp:attachment":[{"href":"https:\/\/www.orlandia.sp.gov.br\/novo\/wp-json\/wp\/v2\/media?parent=24005"}],"curies":[{"name":"wp","href":"https:\/\/api.w.org\/{rel}","templated":true}]}}