{"id":23792,"date":"2022-10-03T14:34:24","date_gmt":"2022-10-03T17:34:24","guid":{"rendered":"https:\/\/www.orlandia.sp.gov.br\/novo\/?page_id=23792"},"modified":"2022-11-03T16:18:11","modified_gmt":"2022-11-03T19:18:11","slug":"jornal-oficial-de-orlandia-outubro-de-2022","status":"publish","type":"page","link":"https:\/\/www.orlandia.sp.gov.br\/novo\/jornal-oficial-de-orlandia-outubro-de-2022","title":{"rendered":"Jornal Oficial de Orl\u00e2ndia \u2013 Outubro de 2022"},"content":{"rendered":"<p><strong><a href=\"https:\/\/imprensaoficialmunicipal.com.br\/orlandia\" target=\"_blank\">Clique aqui<\/a><\/strong> para Acessar as Edi\u00e7\u00f5es de Outubro<\/p>\n<p><strong><a href=\"https:\/\/www.orlandia.sp.gov.br\/novo\/wp-content\/uploads\/2022\/10\/Edi\u00e7\u00e3o-1444-de-28-de-Outubro-de-2022.pdf\">&gt;&gt;\u00a0 Edi\u00e7\u00e3o 1444 de 28 de Outubro de 2022<\/a><\/strong><\/p>\n<p><strong><a href=\"https:\/\/www.orlandia.sp.gov.br\/novo\/wp-content\/uploads\/2022\/10\/Edi\u00e7\u00e3o-1443-de-27-de-Outubro-de-2022-Edi\u00e7\u00e3o-Extraordin\u00e1ria.pdf\">&gt;&gt;\u00a0 Edi\u00e7\u00e3o 1443 de 27 de Outubro de 2022 &#8211; Edi\u00e7\u00e3o Extraordin\u00e1ria<\/a><\/strong><\/p>\n<p><strong><a href=\"https:\/\/www.orlandia.sp.gov.br\/novo\/wp-content\/uploads\/2022\/10\/Edi\u00e7\u00e3o-1442-de-26-de-Outubro-de-2022-Edi\u00e7\u00e3o-Extraordin\u00e1ria.pdf\">&gt;&gt;\u00a0 Edi\u00e7\u00e3o 1442 de 26 de Outubro de 2022 &#8211; Edi\u00e7\u00e3o Extraordin\u00e1ria<\/a><\/strong><\/p>\n<p><strong><a href=\"https:\/\/www.orlandia.sp.gov.br\/novo\/wp-content\/uploads\/2022\/10\/Edi\u00e7\u00e3o-1441-de-25-de-Outubro-de-2022.pdf\">&gt;&gt;\u00a0 Edi\u00e7\u00e3o 1441 de 25 de Outubro de 2022<\/a><\/strong><\/p>\n<p><strong><a href=\"https:\/\/www.orlandia.sp.gov.br\/novo\/wp-content\/uploads\/2022\/10\/Edi\u00e7\u00e3o-1440-de-24-de-Outubro-de-2022-Edi\u00e7\u00e3o-Extraordin\u00e1ria.pdf\">&gt;&gt;\u00a0 Edi\u00e7\u00e3o 1440 de 24 de Outubro de 2022 &#8211; Edi\u00e7\u00e3o Extraordin\u00e1ria<\/a><\/strong><\/p>\n<p><strong><a href=\"https:\/\/www.orlandia.sp.gov.br\/novo\/wp-content\/uploads\/2022\/10\/Edi\u00e7\u00e3o-1439-de-21-de-Outubro-de-2022.pdf\">&gt;&gt;\u00a0 Edi\u00e7\u00e3o 1439 de 21 de Outubro de 2022<\/a><\/strong><\/p>\n<p><strong><a href=\"https:\/\/www.orlandia.sp.gov.br\/novo\/wp-content\/uploads\/2022\/10\/Edi\u00e7\u00e3o-1438-de-19-de-Outubro-de-2022-Edi\u00e7\u00e3o-Extraordin\u00e1ria.pdf\">&gt;&gt;\u00a0 Edi\u00e7\u00e3o 1438 de 19 de Outubro de 2022 &#8211; Edi\u00e7\u00e3o Extraordin\u00e1ria<\/a><\/strong><\/p>\n<p><strong><a href=\"https:\/\/www.orlandia.sp.gov.br\/novo\/wp-content\/uploads\/2022\/10\/Edi\u00e7\u00e3o-1437-de-18-de-Outubro-de-2022.pdf\">&gt;&gt;\u00a0 Edi\u00e7\u00e3o 1437 de 18 de Outubro de 2022<\/a><\/strong><\/p>\n<p><strong><a href=\"https:\/\/www.orlandia.sp.gov.br\/novo\/wp-content\/uploads\/2022\/10\/Edi\u00e7\u00e3o-1436-de-17-de-Outubro-de-2022-Edi\u00e7\u00e3o-Extraordin\u00e1ria.pdf\">&gt;&gt;\u00a0 Edi\u00e7\u00e3o 1436 de 17 de Outubro de 2022 &#8211; Edi\u00e7\u00e3o Extraordin\u00e1ria<\/a><\/strong><\/p>\n<p><strong><a href=\"https:\/\/www.orlandia.sp.gov.br\/novo\/wp-content\/uploads\/2022\/10\/Edi\u00e7\u00e3o-1435-de-14-de-Outubro-de-2022.pdf\">&gt;&gt;\u00a0 Edi\u00e7\u00e3o 1435 de 14 de Outubro de 2022<\/a><\/strong><\/p>\n<p><strong><a href=\"https:\/\/www.orlandia.sp.gov.br\/novo\/wp-content\/uploads\/2022\/10\/Edi\u00e7\u00e3o-1434-de-13-de-Outubro-de-2022-Edi\u00e7\u00e3o-Extraordin\u00e1ria.pdf\">&gt;&gt;\u00a0 Edi\u00e7\u00e3o 1434 de 13 de Outubro de 2022 &#8211; Edi\u00e7\u00e3o Extraordin\u00e1ria<\/a><\/strong><\/p>\n<p><strong><a href=\"https:\/\/www.orlandia.sp.gov.br\/novo\/wp-content\/uploads\/2022\/10\/Edi\u00e7\u00e3o-1433-de-11-de-Outubro-de-2022.pdf\">&gt;&gt;\u00a0 Edi\u00e7\u00e3o 1433 de 11 de Outubro de 2022<\/a><\/strong><\/p>\n<p><strong><a href=\"https:\/\/www.orlandia.sp.gov.br\/novo\/wp-content\/uploads\/2022\/10\/Edi\u00e7\u00e3o-1432-de-10-de-Outubro-de-2022-Edi\u00e7\u00e3o-Extraordin\u00e1ria.pdf\">&gt;&gt;\u00a0 Edi\u00e7\u00e3o 1432 de 10 de Outubro de 2022 &#8211; Edi\u00e7\u00e3o Extraordin\u00e1ria<\/a><\/strong><\/p>\n<p><strong><a href=\"https:\/\/www.orlandia.sp.gov.br\/novo\/wp-content\/uploads\/2022\/10\/Edi\u00e7\u00e3o-1431-de-07-de-Outubro-de-2022.pdf\">&gt;&gt;\u00a0 Edi\u00e7\u00e3o 1431 de 07 de Outubro de 2022<\/a><\/strong><\/p>\n<p><strong><a href=\"https:\/\/www.orlandia.sp.gov.br\/novo\/wp-content\/uploads\/2022\/10\/Edi\u00e7\u00e3o-1430-de-06-de-Outubro-de-2022-Edi\u00e7\u00e3o-Extraordin\u00e1ria.pdf\">&gt;&gt;\u00a0 Edi\u00e7\u00e3o 1430 de 06 de Outubro de 2022 &#8211; Edi\u00e7\u00e3o Extraordin\u00e1ria<\/a><\/strong><\/p>\n<p><strong><a href=\"https:\/\/www.orlandia.sp.gov.br\/novo\/wp-content\/uploads\/2022\/10\/Edi\u00e7\u00e3o-1429-de-05-de-Outubro-de-2022-Edi\u00e7\u00e3o-Extraordin\u00e1ria.pdf\">&gt;&gt;\u00a0 Edi\u00e7\u00e3o 1429 de 05 de Outubro de 2022 &#8211; Edi\u00e7\u00e3o Extraordin\u00e1ria<\/a><\/strong><\/p>\n<p><strong><a href=\"https:\/\/www.orlandia.sp.gov.br\/novo\/wp-content\/uploads\/2022\/10\/Edi\u00e7\u00e3o-1428-de-04-de-Outubro-de-2022.pdf\">&gt;&gt;\u00a0 Edi\u00e7\u00e3o 1428 de 04 de Outubro de 2022<\/a><\/strong><\/p>\n<p><strong><a href=\"https:\/\/www.orlandia.sp.gov.br\/novo\/wp-content\/uploads\/2022\/10\/Edi\u00e7\u00e3o-1427-de-03-de-Outubro-de-2022-Edi\u00e7\u00e3o-Extraordin\u00e1ria.pdf\">&gt;&gt;\u00a0 Edi\u00e7\u00e3o 1427 de 03 de Outubro de 2022 &#8211; Edi\u00e7\u00e3o Extraordin\u00e1ria<\/a><\/strong><\/p>\n","protected":false},"excerpt":{"rendered":"<p>Clique aqui para Acessar as Edi\u00e7\u00f5es de Outubro &gt;&gt;\u00a0 Edi\u00e7\u00e3o 1444 de 28 de Outubro de 2022 &gt;&gt;\u00a0 Edi\u00e7\u00e3o 1443<\/p>\n","protected":false},"author":1,"featured_media":0,"parent":0,"menu_order":0,"comment_status":"closed","ping_status":"closed","template":"","meta":{"ngg_post_thumbnail":0,"footnotes":""},"magazineBlocksPostFeaturedMedia":{"thumbnail":false,"medium":false,"medium_large":false,"large":false,"1536x1536":false,"2048x2048":false,"colormag-highlighted-post":false,"colormag-featured-post-medium":false,"colormag-featured-post-small":false,"colormag-featured-image":false,"colormag-default-news":false,"colormag-featured-image-large":false},"magazineBlocksPostAuthor":{"name":"admin","avatar":"https:\/\/secure.gravatar.com\/avatar\/5140b312f1bcbe8516bfaa79917f11b3?s=96&d=mm&r=g"},"magazineBlocksPostCommentsNumber":false,"magazineBlocksPostExcerpt":"Clique aqui para Acessar as Edi\u00e7\u00f5es de Outubro &gt;&gt;\u00a0 Edi\u00e7\u00e3o 1444 de 28 de Outubro de 2022 &gt;&gt;\u00a0 Edi\u00e7\u00e3o 1443","magazineBlocksPostCategories":[],"_links":{"self":[{"href":"https:\/\/www.orlandia.sp.gov.br\/novo\/wp-json\/wp\/v2\/pages\/23792"}],"collection":[{"href":"https:\/\/www.orlandia.sp.gov.br\/novo\/wp-json\/wp\/v2\/pages"}],"about":[{"href":"https:\/\/www.orlandia.sp.gov.br\/novo\/wp-json\/wp\/v2\/types\/page"}],"author":[{"embeddable":true,"href":"https:\/\/www.orlandia.sp.gov.br\/novo\/wp-json\/wp\/v2\/users\/1"}],"replies":[{"embeddable":true,"href":"https:\/\/www.orlandia.sp.gov.br\/novo\/wp-json\/wp\/v2\/comments?post=23792"}],"version-history":[{"count":4,"href":"https:\/\/www.orlandia.sp.gov.br\/novo\/wp-json\/wp\/v2\/pages\/23792\/revisions"}],"predecessor-version":[{"id":24017,"href":"https:\/\/www.orlandia.sp.gov.br\/novo\/wp-json\/wp\/v2\/pages\/23792\/revisions\/24017"}],"wp:attachment":[{"href":"https:\/\/www.orlandia.sp.gov.br\/novo\/wp-json\/wp\/v2\/media?parent=23792"}],"curies":[{"name":"wp","href":"https:\/\/api.w.org\/{rel}","templated":true}]}}