{"id":21894,"date":"2022-03-02T16:11:27","date_gmt":"2022-03-02T19:11:27","guid":{"rendered":"https:\/\/www.orlandia.sp.gov.br\/novo\/?page_id=21894"},"modified":"2022-03-31T16:40:07","modified_gmt":"2022-03-31T19:40:07","slug":"jornal-oficial-de-orlandia-marco-de-2022","status":"publish","type":"page","link":"https:\/\/www.orlandia.sp.gov.br\/novo\/jornal-oficial-de-orlandia-marco-de-2022","title":{"rendered":"Jornal Oficial de Orl\u00e2ndia \u2013 Mar\u00e7o de 2022"},"content":{"rendered":"<p><a href=\"https:\/\/imprensaoficialmunicipal.com.br\/orlandia\" data-wahfont=\"12\">Novo portal do Di\u00e1rio Oficial Eletr\u00f4nico<\/a><\/p>\n<p>&nbsp;<\/p>\n<p><a href=\"https:\/\/dosp.com.br\/exibe_do.php?i=MjM4NTIy\" target=\"_blank\">&gt;&gt;\u00a0 Edi\u00e7\u00e3o 1300 de 31 de Mar\u00e7o de 2022 &#8211; Edi\u00e7\u00e3o Extraordin\u00e1ria<\/a><\/p>\n<p><a href=\"https:\/\/dosp.com.br\/exibe_do.php?i=MjM3NzAx\" target=\"_blank\">&gt;&gt;\u00a0 Edi\u00e7\u00e3o 1299 de 29 de Mar\u00e7o de 2022<\/a><\/p>\n<p><a href=\"https:\/\/dosp.com.br\/exibe_do.php?i=MjM3MzQz\" target=\"_blank\">&gt;&gt;\u00a0 Edi\u00e7\u00e3o 1298 de 28 de Mar\u00e7o de 2022 &#8211; Edi\u00e7\u00e3o Extraordin\u00e1ria<\/a><\/p>\n<p><a href=\"https:\/\/dosp.com.br\/exibe_do.php?i=MjM2OTU4\" target=\"_blank\">&gt;&gt;\u00a0 Edi\u00e7\u00e3o 1297 de 25 de Mar\u00e7o de 2022<\/a><\/p>\n<p><a href=\"https:\/\/dosp.com.br\/exibe_do.php?i=MjM2NTUx\" target=\"_blank\">&gt;&gt;\u00a0 Edi\u00e7\u00e3o 1296 de 24 de Mar\u00e7o de 2022 &#8211; Edi\u00e7\u00e3o Extraordin\u00e1ria<\/a><\/p>\n<p><a href=\"https:\/\/dosp.com.br\/exibe_do.php?i=MjM2MTYx\" target=\"_blank\">&gt;&gt;\u00a0 Edi\u00e7\u00e3o 1295 de 23 de Mar\u00e7o de 2022 &#8211; Edi\u00e7\u00e3o Extraordin\u00e1ria<\/a><\/p>\n<p><a href=\"https:\/\/dosp.com.br\/exibe_do.php?i=MjM1NzM1\" target=\"_blank\">&gt;&gt;\u00a0 Edi\u00e7\u00e3o 1294 de 22 de Mar\u00e7o de 2022<\/a><\/p>\n<p><a href=\"https:\/\/dosp.com.br\/exibe_do.php?i=MjM1NDA0\" target=\"_blank\">&gt;&gt;\u00a0 Edi\u00e7\u00e3o 1293 de 21 de Mar\u00e7o de 2022 &#8211; Edi\u00e7\u00e3o Extraordin\u00e1ria<\/a><\/p>\n<p><a href=\"https:\/\/dosp.com.br\/exibe_do.php?i=MjM1MDI0\" target=\"_blank\">&gt;&gt;\u00a0 Edi\u00e7\u00e3o 1292 de 18 de Mar\u00e7o de 2022<\/a><\/p>\n<p><a href=\"https:\/\/dosp.com.br\/exibe_do.php?i=MjM0NTcy\" target=\"_blank\">&gt;&gt;\u00a0 Edi\u00e7\u00e3o 1291 de 17 de Mar\u00e7o de 2022 &#8211; Edi\u00e7\u00e3o Extraordin\u00e1ria<\/a><\/p>\n<p><a href=\"https:\/\/dosp.com.br\/exibe_do.php?i=MjM0MjE5\" target=\"_blank\">&gt;&gt;\u00a0 Edi\u00e7\u00e3o 1290 de 16 de Mar\u00e7o de 2022 &#8211; Edi\u00e7\u00e3o Extraordin\u00e1ria<\/a><\/p>\n<p><a href=\"https:\/\/dosp.com.br\/exibe_do.php?i=MjMzODU0\" target=\"_blank\">&gt;&gt;\u00a0 Edi\u00e7\u00e3o 1289 de 15 de Mar\u00e7o de 2022<\/a><\/p>\n<p><a href=\"https:\/\/dosp.com.br\/exibe_do.php?i=MjMzNDgz\" target=\"_blank\">&gt;&gt;\u00a0 Edi\u00e7\u00e3o 1288 de 14 de Mar\u00e7o de 2022 &#8211; Edi\u00e7\u00e3o Extraordin\u00e1ria<\/a><\/p>\n<p><a href=\"https:\/\/dosp.com.br\/exibe_do.php?i=MjMzMTI4\" target=\"_blank\">&gt;&gt;\u00a0 Edi\u00e7\u00e3o 1287 de 11 de Mar\u00e7o de 2022<\/a><\/p>\n<p><a href=\"https:\/\/dosp.com.br\/exibe_do.php?i=MjMyNzUz\" target=\"_blank\">&gt;&gt;\u00a0 Edi\u00e7\u00e3o 1286 de 10 de Mar\u00e7o de 2022 &#8211; Edi\u00e7\u00e3o Extraordin\u00e1ria<\/a><\/p>\n<p><a href=\"https:\/\/dosp.com.br\/exibe_do.php?i=MjMyMzc0\" target=\"_blank\">&gt;&gt;\u00a0 Edi\u00e7\u00e3o 1285 de 09 de Mar\u00e7o de 2022 &#8211; Edi\u00e7\u00e3o Extraordin\u00e1ria<\/a><\/p>\n<p><a href=\"https:\/\/dosp.com.br\/exibe_do.php?i=MjMxOTkz\" target=\"_blank\">&gt;&gt; Edi\u00e7\u00e3o 1284 de 08 de Mar\u00e7o de 2022<\/a><\/p>\n<p><a href=\"https:\/\/dosp.com.br\/exibe_do.php?i=MjMxMjUy\" target=\"_blank\">&gt;&gt;\u00a0 Edi\u00e7\u00e3o 1283 de 04 de Mar\u00e7o de 2022<\/a><\/p>\n<p><a href=\"https:\/\/dosp.com.br\/exibe_do.php?i=MjMwODQ3\" target=\"_blank\">&gt;&gt; Edi\u00e7\u00e3o 1282 de 03 de Mar\u00e7o de 2022 &#8211; Edi\u00e7\u00e3o Extraordin\u00e1ria<\/a><\/p>\n<p><a href=\"https:\/\/dosp.com.br\/exibe_do.php?i=MjMwNDgz\" target=\"_blank\">&gt;&gt; Edi\u00e7\u00e3o 1281 de 02 de Mar\u00e7o de 2022 &#8211; Edi\u00e7\u00e3o Extraordin\u00e1ria<\/a><\/p>\n","protected":false},"excerpt":{"rendered":"<p>Novo portal do Di\u00e1rio Oficial Eletr\u00f4nico &nbsp; &gt;&gt;\u00a0 Edi\u00e7\u00e3o 1300 de 31 de Mar\u00e7o de 2022 &#8211; Edi\u00e7\u00e3o Extraordin\u00e1ria &gt;&gt;\u00a0<\/p>\n","protected":false},"author":1,"featured_media":0,"parent":0,"menu_order":0,"comment_status":"closed","ping_status":"closed","template":"","meta":{"ngg_post_thumbnail":0,"footnotes":""},"magazineBlocksPostFeaturedMedia":{"thumbnail":false,"medium":false,"medium_large":false,"large":false,"1536x1536":false,"2048x2048":false,"colormag-highlighted-post":false,"colormag-featured-post-medium":false,"colormag-featured-post-small":false,"colormag-featured-image":false,"colormag-default-news":false,"colormag-featured-image-large":false},"magazineBlocksPostAuthor":{"name":"admin","avatar":"https:\/\/secure.gravatar.com\/avatar\/5140b312f1bcbe8516bfaa79917f11b3?s=96&d=mm&r=g"},"magazineBlocksPostCommentsNumber":false,"magazineBlocksPostExcerpt":"Novo portal do Di\u00e1rio Oficial Eletr\u00f4nico &nbsp; &gt;&gt;\u00a0 Edi\u00e7\u00e3o 1300 de 31 de Mar\u00e7o de 2022 &#8211; Edi\u00e7\u00e3o Extraordin\u00e1ria &gt;&gt;\u00a0","magazineBlocksPostCategories":[],"_links":{"self":[{"href":"https:\/\/www.orlandia.sp.gov.br\/novo\/wp-json\/wp\/v2\/pages\/21894"}],"collection":[{"href":"https:\/\/www.orlandia.sp.gov.br\/novo\/wp-json\/wp\/v2\/pages"}],"about":[{"href":"https:\/\/www.orlandia.sp.gov.br\/novo\/wp-json\/wp\/v2\/types\/page"}],"author":[{"embeddable":true,"href":"https:\/\/www.orlandia.sp.gov.br\/novo\/wp-json\/wp\/v2\/users\/1"}],"replies":[{"embeddable":true,"href":"https:\/\/www.orlandia.sp.gov.br\/novo\/wp-json\/wp\/v2\/comments?post=21894"}],"version-history":[{"count":24,"href":"https:\/\/www.orlandia.sp.gov.br\/novo\/wp-json\/wp\/v2\/pages\/21894\/revisions"}],"predecessor-version":[{"id":22263,"href":"https:\/\/www.orlandia.sp.gov.br\/novo\/wp-json\/wp\/v2\/pages\/21894\/revisions\/22263"}],"wp:attachment":[{"href":"https:\/\/www.orlandia.sp.gov.br\/novo\/wp-json\/wp\/v2\/media?parent=21894"}],"curies":[{"name":"wp","href":"https:\/\/api.w.org\/{rel}","templated":true}]}}