{"id":21241,"date":"2022-01-03T09:29:25","date_gmt":"2022-01-03T12:29:25","guid":{"rendered":"https:\/\/www.orlandia.sp.gov.br\/novo\/?page_id=21241"},"modified":"2022-02-01T11:10:00","modified_gmt":"2022-02-01T14:10:00","slug":"jornal-oficial-de-orlandia-janeiro-de-2022","status":"publish","type":"page","link":"https:\/\/www.orlandia.sp.gov.br\/novo\/jornal-oficial-de-orlandia-janeiro-de-2022","title":{"rendered":"Jornal Oficial de Orl\u00e2ndia \u2013 Janeiro de 2022"},"content":{"rendered":"<p><a href=\"https:\/\/imprensaoficialmunicipal.com.br\/orlandia\">Novo portal do Di\u00e1rio Oficial Eletr\u00f4nico<\/a><\/p>\n<p>&nbsp;<\/p>\n<p><a href=\"https:\/\/dosp.com.br\/exibe_do.php?i=MjIyMzc4\" target=\"_blank\">&gt;&gt;&nbsp; Edi\u00e7\u00e3o 1261 de 31 de Janeiro de 2022 &#8211; Edi\u00e7\u00e3o Extraordin\u00e1ria<\/a><\/p>\n<p><a href=\"https:\/\/dosp.com.br\/exibe_do.php?i=MjIxNjM0\" target=\"_blank\">&gt;&gt;&nbsp; Edi\u00e7\u00e3o 1260 de 28 de Janeiro de 2022<\/a><\/p>\n<p><a href=\"https:\/\/dosp.com.br\/exibe_do.php?i=MjIxMTgz\" target=\"_blank\">&gt;&gt; Edi\u00e7\u00e3o 1259 de 27 de Janeiro de 2022 &#8211; Edi\u00e7\u00e3o Extraordin\u00e1ria<\/a><\/p>\n<p><a href=\"https:\/\/dosp.com.br\/exibe_do.php?i=MjIwNzky\" target=\"_blank\">&gt;&gt;&nbsp; Edi\u00e7\u00e3o 1258 de 26 de Janeiro de 2022 &#8211; Edi\u00e7\u00e3o Extraordin\u00e1ria<\/a><\/p>\n<p><a href=\"https:\/\/dosp.com.br\/exibe_do.php?i=MjIwNDQ2\" target=\"_blank\">&gt;&gt;&nbsp; Edi\u00e7\u00e3o 1257 de 25 de Janeiro de 2022<\/a><\/p>\n<p><a href=\"https:\/\/dosp.com.br\/exibe_do.php?i=MjIwMDk4\" target=\"_blank\">&gt;&gt;&nbsp; Edi\u00e7\u00e3o 1256 de 24 de Janeiro de 2022 &#8211; Edi\u00e7\u00e3o Extraordin\u00e1ria<\/a><\/p>\n<p><a href=\"https:\/\/dosp.com.br\/exibe_do.php?i=MjE5NzU3\" target=\"_blank\">&gt;&gt;&nbsp; Edi\u00e7\u00e3o 1255 de 21 de Janeiro de 2022<\/a><\/p>\n<p><a href=\"https:\/\/dosp.com.br\/exibe_do.php?i=MjE5NDA1\" target=\"_blank\">&gt;&gt;&nbsp; Edi\u00e7\u00e3o 1254 de 20 de Janeiro de 2022 &#8211; Edi\u00e7\u00e3o Extraordin\u00e1ria<\/a><\/p>\n<p><a href=\"https:\/\/dosp.com.br\/exibe_do.php?i=MjE5MDg5\" target=\"_blank\">&gt;&gt;&nbsp; Edi\u00e7\u00e3o 1253 de 19 de Janeiro de 2022 &#8211; Edi\u00e7\u00e3o Extraordin\u00e1ria<\/a><\/p>\n<p><a href=\"https:\/\/dosp.com.br\/exibe_do.php?i=MjE4NzU2\" target=\"_blank\">&gt;&gt;&nbsp; Edi\u00e7\u00e3o 1252 de 18 de Janeiro de 2022<\/a><\/p>\n<p><a href=\"https:\/\/dosp.com.br\/exibe_do.php?i=MjE4NDg0\" target=\"_blank\">&gt;&gt;&nbsp; Edi\u00e7\u00e3o 1251 de 17 de Janeiro de 2022 &#8211; Edi\u00e7\u00e3o Extraordin\u00e1ria<\/a><\/p>\n<p><a href=\"https:\/\/dosp.com.br\/exibe_do.php?i=MjE4MTQ0\" target=\"_blank\">&gt;&gt;&nbsp; Edi\u00e7\u00e3o 1250 de 14 de Janeiro de 2022<\/a><\/p>\n<p><a href=\"https:\/\/dosp.com.br\/exibe_do.php?i=MjE3ODIx\" target=\"_blank\">&gt;&gt;&nbsp; Edi\u00e7\u00e3o 1249 de 13 de Janeiro de 2022 &#8211; Edi\u00e7\u00e3o Extraordin\u00e1ria<\/a><\/p>\n<p><a href=\"https:\/\/dosp.com.br\/exibe_do.php?i=MjE3MjE3\" target=\"_blank\">&gt;&gt;&nbsp; Edi\u00e7\u00e3o 1248 de 11 de Janeiro de 2022<\/a><\/p>\n<p><a href=\"https:\/\/dosp.com.br\/exibe_do.php?i=MjE2OTMy\" target=\"_blank\">&gt;&gt;&nbsp; Edi\u00e7\u00e3o 1247 de 10 de Janeiro de 2022 &#8211; Edi\u00e7\u00e3o Extraordin\u00e1ria<\/a><\/p>\n<p><a href=\"https:\/\/dosp.com.br\/exibe_do.php?i=MjE2Njcy\" target=\"_blank\">&gt;&gt;&nbsp; Edi\u00e7\u00e3o 1246 de 07 de Janeiro de 2022<\/a><\/p>\n<p><a href=\"https:\/\/dosp.com.br\/exibe_do.php?i=MjE2MzU4\" target=\"_blank\">&gt;&gt;&nbsp; Edi\u00e7\u00e3o 1245 de 06 de Janeiro de 2022 &#8211; Edi\u00e7\u00e3o Extraordin\u00e1ria<\/a><\/p>\n<p><a href=\"https:\/\/dosp.com.br\/exibe_do.php?i=MjE2MDQ2\" target=\"_blank\">&gt;&gt;&nbsp; Edi\u00e7\u00e3o 1244 de 05 de Janeiro de 2022 &#8211; Edi\u00e7\u00e3o Extraordin\u00e1ria<\/a><\/p>\n<p><a href=\"https:\/\/dosp.com.br\/exibe_do.php?i=MjE1NzU0\" target=\"_blank\">&gt;&gt;&nbsp; Edi\u00e7\u00e3o 1243 de 04 de Janeiro de 2022<\/a><\/p>\n<p><a href=\"https:\/\/dosp.com.br\/exibe_do.php?i=MjE1NDg1\" target=\"_blank\">&gt;&gt; Edi\u00e7\u00e3o 1242 de 03 de Janeiro de 2022 &#8211; Edi\u00e7\u00e3o Extraordin\u00e1ria<\/a><\/p>\n","protected":false},"excerpt":{"rendered":"<p>Novo portal do Di\u00e1rio Oficial Eletr\u00f4nico &nbsp; &gt;&gt;&nbsp; Edi\u00e7\u00e3o 1261 de 31 de Janeiro de 2022 &#8211; Edi\u00e7\u00e3o Extraordin\u00e1ria &gt;&gt;&nbsp;<\/p>\n","protected":false},"author":1,"featured_media":0,"parent":0,"menu_order":0,"comment_status":"closed","ping_status":"closed","template":"","meta":{"ngg_post_thumbnail":0,"footnotes":""},"magazineBlocksPostFeaturedMedia":{"thumbnail":false,"medium":false,"medium_large":false,"large":false,"1536x1536":false,"2048x2048":false,"colormag-highlighted-post":false,"colormag-featured-post-medium":false,"colormag-featured-post-small":false,"colormag-featured-image":false,"colormag-default-news":false,"colormag-featured-image-large":false},"magazineBlocksPostAuthor":{"name":"admin","avatar":"https:\/\/secure.gravatar.com\/avatar\/5140b312f1bcbe8516bfaa79917f11b3?s=96&d=mm&r=g"},"magazineBlocksPostCommentsNumber":false,"magazineBlocksPostExcerpt":"Novo portal do Di\u00e1rio Oficial Eletr\u00f4nico &nbsp; &gt;&gt;&nbsp; Edi\u00e7\u00e3o 1261 de 31 de Janeiro de 2022 &#8211; Edi\u00e7\u00e3o Extraordin\u00e1ria &gt;&gt;&nbsp;","magazineBlocksPostCategories":[],"_links":{"self":[{"href":"https:\/\/www.orlandia.sp.gov.br\/novo\/wp-json\/wp\/v2\/pages\/21241"}],"collection":[{"href":"https:\/\/www.orlandia.sp.gov.br\/novo\/wp-json\/wp\/v2\/pages"}],"about":[{"href":"https:\/\/www.orlandia.sp.gov.br\/novo\/wp-json\/wp\/v2\/types\/page"}],"author":[{"embeddable":true,"href":"https:\/\/www.orlandia.sp.gov.br\/novo\/wp-json\/wp\/v2\/users\/1"}],"replies":[{"embeddable":true,"href":"https:\/\/www.orlandia.sp.gov.br\/novo\/wp-json\/wp\/v2\/comments?post=21241"}],"version-history":[{"count":29,"href":"https:\/\/www.orlandia.sp.gov.br\/novo\/wp-json\/wp\/v2\/pages\/21241\/revisions"}],"predecessor-version":[{"id":21570,"href":"https:\/\/www.orlandia.sp.gov.br\/novo\/wp-json\/wp\/v2\/pages\/21241\/revisions\/21570"}],"wp:attachment":[{"href":"https:\/\/www.orlandia.sp.gov.br\/novo\/wp-json\/wp\/v2\/media?parent=21241"}],"curies":[{"name":"wp","href":"https:\/\/api.w.org\/{rel}","templated":true}]}}