{"id":1636,"date":"2013-11-01T14:46:28","date_gmt":"2013-11-01T17:46:28","guid":{"rendered":"https:\/\/www.orlandia.sp.gov.br\/novo\/?page_id=1636"},"modified":"2026-04-06T11:00:31","modified_gmt":"2026-04-06T14:00:31","slug":"home","status":"publish","type":"page","link":"https:\/\/www.orlandia.sp.gov.br\/novo\/","title":{"rendered":"Home"},"content":{"rendered":"<p><a style=\"display:flex; align-items:center; justify-content:center; background:#1c53d9; color:#fff; padding:15px 20px; border-radius:0px; font-size:21px; text-align:center; font-weight:510; max-width:583px; margin:-11px 0 20px 0%; text-decoration:none; line-height:1.2; \" href=\"https:\/\/www.orlandia.sp.gov.br\/novo\/wp-content\/uploads\/2026\/04\/Estudo-de-Impacto-Urbanistico.pdf\" target=\"_blank\" rel=\"noopener\">ESTUDO DE IMPACTO URBAN\u00cdSTICO<\/a> <\/p>\n<p><a href=\"https:\/\/www.orlandia.sp.gov.br\/novo\/wp-content\/uploads\/2025\/11\/CEPS_ORLANDIA_ATUALIZADO.pdf\"><br \/>\n<img decoding=\"async\" src=\"https:\/\/www.orlandia.sp.gov.br\/novo\/wp-content\/uploads\/2025\/11\/unnamed.jpg\"\t \nalt=\"\"\t \nwidth=\"621\"\t \nheight=\"621\"><\/p>\n<p><\/a><br \/>\n<a href=\"https:\/\/docs.google.com\/forms\/d\/e\/1FAIpQLSe8qDcDhCj8pMMA-H1aq4lXYndUJWqFLzxf1ep5zLsTfEMl6A\/viewform\" target=\"_blank\" rel=\"noopener\"><img loading=\"lazy\" decoding=\"async\" class=\"alignnone wp-image-39667\" src=\"https:\/\/www.orlandia.sp.gov.br\/novo\/wp-content\/uploads\/2024\/10\/WhatsApp-Image-2024-10-02-at-14.24.47-scaled.jpeg\" alt=\"\" width=\"610\" height=\"610\" srcset=\"https:\/\/www.orlandia.sp.gov.br\/novo\/wp-content\/uploads\/2024\/10\/WhatsApp-Image-2024-10-02-at-14.24.47-scaled.jpeg 2560w, https:\/\/www.orlandia.sp.gov.br\/novo\/wp-content\/uploads\/2024\/10\/WhatsApp-Image-2024-10-02-at-14.24.47-300x300.jpeg 300w, https:\/\/www.orlandia.sp.gov.br\/novo\/wp-content\/uploads\/2024\/10\/WhatsApp-Image-2024-10-02-at-14.24.47-1024x1024.jpeg 1024w, https:\/\/www.orlandia.sp.gov.br\/novo\/wp-content\/uploads\/2024\/10\/WhatsApp-Image-2024-10-02-at-14.24.47-150x150.jpeg 150w, https:\/\/www.orlandia.sp.gov.br\/novo\/wp-content\/uploads\/2024\/10\/WhatsApp-Image-2024-10-02-at-14.24.47-768x768.jpeg 768w, https:\/\/www.orlandia.sp.gov.br\/novo\/wp-content\/uploads\/2024\/10\/WhatsApp-Image-2024-10-02-at-14.24.47-1536x1536.jpeg 1536w, https:\/\/www.orlandia.sp.gov.br\/novo\/wp-content\/uploads\/2024\/10\/WhatsApp-Image-2024-10-02-at-14.24.47-2048x2048.jpeg 2048w\" sizes=\"(max-width: 610px) 100vw, 610px\" \/><\/a><\/p>\n<p>&nbsp;<\/p>\n<p><a href=\"https:\/\/rtenergia.notificacao.gestoriluminacaopublica.com.br\/municipio\/2428\"><img loading=\"lazy\" decoding=\"async\" class=\"alignnone wp-image-39197\" src=\"https:\/\/www.orlandia.sp.gov.br\/novo\/wp-content\/uploads\/2024\/07\/Copia-de-Mensagem-Azul-e-Amarela-de-Aniversario-de-Tio1.png\" alt=\"\" width=\"614\" height=\"614\" srcset=\"https:\/\/www.orlandia.sp.gov.br\/novo\/wp-content\/uploads\/2024\/07\/Copia-de-Mensagem-Azul-e-Amarela-de-Aniversario-de-Tio1.png 1080w, https:\/\/www.orlandia.sp.gov.br\/novo\/wp-content\/uploads\/2024\/07\/Copia-de-Mensagem-Azul-e-Amarela-de-Aniversario-de-Tio1-300x300.png 300w, https:\/\/www.orlandia.sp.gov.br\/novo\/wp-content\/uploads\/2024\/07\/Copia-de-Mensagem-Azul-e-Amarela-de-Aniversario-de-Tio1-1024x1024.png 1024w, https:\/\/www.orlandia.sp.gov.br\/novo\/wp-content\/uploads\/2024\/07\/Copia-de-Mensagem-Azul-e-Amarela-de-Aniversario-de-Tio1-150x150.png 150w, https:\/\/www.orlandia.sp.gov.br\/novo\/wp-content\/uploads\/2024\/07\/Copia-de-Mensagem-Azul-e-Amarela-de-Aniversario-de-Tio1-768x768.png 768w\" sizes=\"(max-width: 614px) 100vw, 614px\" \/><\/a><\/p>\n<p>&nbsp;<\/p>\n<p><a href=\"https:\/\/forms.gle\/X3j6bCcnWhRTmNDR7\" target=\"_blank\" rel=\"noopener\">&gt;&gt; CADASTRO DIA D, NOVEMBRO AZUL <\/a><\/p>\n<p>&nbsp;<\/p>\n<p><a href=\"https:\/\/docs.google.com\/forms\/d\/e\/1FAIpQLSdFE69J93-V7bpP75U6eyWp4vaqU8vNCxJZoxjKAaJuU4rPJQ\/viewform?usp=header\" target=\"_blank\" rel=\"noopener\">&gt;&gt; PESQUISA DE SATISFA\u00c7\u00c3O DA LEI GERAL DE PROTE\u00c7\u00c3O DE DADOS PESSOAIS &#8211; LGPD<\/a><\/p>\n<p>&nbsp;<\/p>\n<p><a href=\"https:\/\/docs.google.com\/forms\/d\/e\/1FAIpQLSe2zRfVbwplKt3Rwg7hldDNrGdnG-E2DIvD3l-qm-VcQcpEsg\/viewform?usp=sharing\" target=\"_blank\" rel=\"noopener\">&gt;&gt; CONSULTA P\u00daBLICA DEMANDA DE VAGAS (FUNDAMENTAL\u00a0\u00a0 I &#8211; II &#8211; EJA)<\/a><\/p>\n<p>&nbsp;<\/p>\n<p><a href=\"https:\/\/docs.google.com\/forms\/d\/e\/1FAIpQLSdM4TCaPYDzsQJl2stZNdDTiJa6QjG2YliVoP9-iXsjqpCKKA\/viewform?usp=sharing\">&gt;&gt; CONSULTA P\u00daBLICA DEMANDA DE VAGAS (CRECHE E PR\u00c9 ESCOLA)<\/a><\/p>\n<p>&nbsp;<\/p>\n<p><a href=\"https:\/\/www.orlandia.sp.gov.br\/novo\/wp-content\/uploads\/2024\/11\/ESTUDO-DE-IMPACTO-URBANISTICO.pdf\">&gt;&gt; ESTUDO DE IMPACTO URBAN\u00cdSTICO<\/a><\/p>\n<p>&nbsp;<\/p>\n<p><a href=\"https:\/\/www.orlandia.sp.gov.br\/novo\/estudo-de-impacto-de-vizinhanca\">&gt;&gt;\u00a0 ESTUDO DE IMPACTO DE VIZINHAN\u00c7A<\/a><\/p>\n<p>&nbsp;<\/p>\n<p><a href=\"https:\/\/www.orlandia.sp.gov.br\/novo\/lei-aldir-blanc\">&gt;&gt;\u00a0 INSCRI\u00c7\u00d5ES LEI ALDIR BLANC<\/a><\/p>\n<p>&nbsp;<\/p>\n<p><a href=\"https:\/\/forms.gle\/uWkDsA1TDd5Qf1FV6\">&gt;&gt; CADASTRO ONLINE VACINA\u00c7\u00c3O (RAIVA ANIMAL)<\/a><\/p>\n<p>&nbsp;<\/p>\n<p><a href=\"https:\/\/docs.google.com\/forms\/d\/e\/1FAIpQLSdQR7yFAbZtkI1cN6rLvhe8vXU3d_YRSMIIWESBGmNqdtalvA\/viewform?usp=sf_link\">&gt;&gt; PROJETO APADRINHAMENTO (CADASTRO)<\/a><\/p>\n<p>&nbsp;<\/p>\n<p><a href=\"https:\/\/www.orlandia.sp.gov.br\/novo\/wp-content\/uploads\/2013\/11\/ESCALA-M\u00c9DICA.pdf\">&gt;&gt; ESCALA M\u00c9DICA &#8211; PLANT\u00c3O E ESPECIALIDADES<\/a><\/p>\n<p>&nbsp;<\/p>\n<p>&nbsp;<\/p>\n<p>&nbsp;<\/p>\n","protected":false},"excerpt":{"rendered":"<p>ESTUDO DE IMPACTO URBAN\u00cdSTICO &nbsp; &nbsp; &gt;&gt; CADASTRO DIA D, NOVEMBRO AZUL &nbsp; &gt;&gt; PESQUISA DE SATISFA\u00c7\u00c3O DA LEI GERAL<\/p>\n","protected":false},"author":1,"featured_media":0,"parent":0,"menu_order":0,"comment_status":"closed","ping_status":"closed","template":"","meta":{"ngg_post_thumbnail":0,"footnotes":""},"magazineBlocksPostFeaturedMedia":{"thumbnail":false,"medium":false,"medium_large":false,"large":false,"1536x1536":false,"2048x2048":false,"colormag-highlighted-post":false,"colormag-featured-post-medium":false,"colormag-featured-post-small":false,"colormag-featured-image":false,"colormag-default-news":false,"colormag-featured-image-large":false},"magazineBlocksPostAuthor":{"name":"admin","avatar":"https:\/\/secure.gravatar.com\/avatar\/5140b312f1bcbe8516bfaa79917f11b3?s=96&d=mm&r=g"},"magazineBlocksPostCommentsNumber":false,"magazineBlocksPostExcerpt":"ESTUDO DE IMPACTO URBAN\u00cdSTICO &nbsp; &nbsp; &gt;&gt; CADASTRO DIA D, NOVEMBRO AZUL &nbsp; &gt;&gt; PESQUISA DE SATISFA\u00c7\u00c3O DA LEI GERAL","magazineBlocksPostCategories":[],"_links":{"self":[{"href":"https:\/\/www.orlandia.sp.gov.br\/novo\/wp-json\/wp\/v2\/pages\/1636"}],"collection":[{"href":"https:\/\/www.orlandia.sp.gov.br\/novo\/wp-json\/wp\/v2\/pages"}],"about":[{"href":"https:\/\/www.orlandia.sp.gov.br\/novo\/wp-json\/wp\/v2\/types\/page"}],"author":[{"embeddable":true,"href":"https:\/\/www.orlandia.sp.gov.br\/novo\/wp-json\/wp\/v2\/users\/1"}],"replies":[{"embeddable":true,"href":"https:\/\/www.orlandia.sp.gov.br\/novo\/wp-json\/wp\/v2\/comments?post=1636"}],"version-history":[{"count":736,"href":"https:\/\/www.orlandia.sp.gov.br\/novo\/wp-json\/wp\/v2\/pages\/1636\/revisions"}],"predecessor-version":[{"id":41454,"href":"https:\/\/www.orlandia.sp.gov.br\/novo\/wp-json\/wp\/v2\/pages\/1636\/revisions\/41454"}],"wp:attachment":[{"href":"https:\/\/www.orlandia.sp.gov.br\/novo\/wp-json\/wp\/v2\/media?parent=1636"}],"curies":[{"name":"wp","href":"https:\/\/api.w.org\/{rel}","templated":true}]}}