{"id":1441,"date":"2013-10-04T09:31:48","date_gmt":"2013-10-04T12:31:48","guid":{"rendered":"https:\/\/www.orlandia.sp.gov.br\/novo\/?page_id=1441"},"modified":"2013-10-04T09:38:35","modified_gmt":"2013-10-04T12:38:35","slug":"cadastro-tributario","status":"publish","type":"page","link":"https:\/\/www.orlandia.sp.gov.br\/novo\/servicos\/cadastro-tributario","title":{"rendered":"Cadastro Tribut\u00e1rio"},"content":{"rendered":"<p style=\"text-align: justify;\">\u00bb <a href=\"https:\/\/www.orlandia.sp.gov.br\/dados\/cadastro_tributario\/anexo1.doc\" target=\"_blank\">Anexo I &#8211; Formul\u00e1rio de Dados Cadastrais &#8211; Pessoa F\u00edsica<\/a><\/p>\n<p style=\"text-align: justify;\">\u00bb <a href=\"https:\/\/www.orlandia.sp.gov.br\/dados\/cadastro_tributario\/anexo2.doc\" target=\"_blank\">Anexo II &#8211; Formul\u00e1rio de Dados Cadastrais &#8211; Pessoa Jur\u00eddica<\/a><\/p>\n<p style=\"text-align: justify;\">\u00bb <a href=\"https:\/\/www.orlandia.sp.gov.br\/dados\/cadastro_tributario\/anexo3.doc\" target=\"_blank\">Anexo III &#8211; Formul\u00e1rio de Altera\u00e7\u00e3o &#8211; Pessoa F\u00edsica<\/a><\/p>\n<p style=\"text-align: justify;\">\u00bb <a href=\"https:\/\/www.orlandia.sp.gov.br\/dados\/cadastro_tributario\/anexo4.doc\" target=\"_blank\">Anexo IV &#8211; Formul\u00e1rio de Altera\u00e7\u00e3o &#8211; Pessoa Jur\u00eddica<\/a><\/p>\n<p style=\"text-align: justify;\">\u00bb <a href=\"https:\/\/www.orlandia.sp.gov.br\/dados\/cadastro_tributario\/anexo5.doc\" target=\"_blank\">Anexo V &#8211; Formul\u00e1rio de Cancelamento &#8211; Pessoa F\u00edsica e Jur\u00eddica<\/a><\/p>\n<p style=\"text-align: justify;\">\u00bb <a href=\"https:\/\/www.orlandia.sp.gov.br\/dados\/cadastro_tributario\/anexo6.doc\" target=\"_blank\">Anexo VII &#8211; Formul\u00e1rio de An\u00fancios &#8211; Pessoa F\u00edsica e Jur\u00eddica<\/a><\/p>\n<p style=\"text-align: justify;\">\u00bb <a href=\"https:\/\/www.orlandia.sp.gov.br\/dados\/cadastro_tributario\/formulario_decreto_3345_05.doc\" target=\"_blank\">Redu\u00e7\u00e3o da taxa de licen\u00e7a \/ Isen\u00e7\u00e3o da taxa da vigil\u00e2ncia sanit\u00e1ria<\/a><\/p>\n","protected":false},"excerpt":{"rendered":"<p>\u00bb Anexo I &#8211; Formul\u00e1rio de Dados Cadastrais &#8211; Pessoa F\u00edsica \u00bb Anexo II &#8211; Formul\u00e1rio de Dados Cadastrais &#8211;<\/p>\n","protected":false},"author":1,"featured_media":0,"parent":1444,"menu_order":0,"comment_status":"open","ping_status":"closed","template":"","meta":{"ngg_post_thumbnail":0,"footnotes":""},"magazineBlocksPostFeaturedMedia":{"thumbnail":false,"medium":false,"medium_large":false,"large":false,"1536x1536":false,"2048x2048":false,"colormag-highlighted-post":false,"colormag-featured-post-medium":false,"colormag-featured-post-small":false,"colormag-featured-image":false,"colormag-default-news":false,"colormag-featured-image-large":false},"magazineBlocksPostAuthor":{"name":"admin","avatar":"https:\/\/secure.gravatar.com\/avatar\/5140b312f1bcbe8516bfaa79917f11b3?s=96&d=mm&r=g"},"magazineBlocksPostCommentsNumber":false,"magazineBlocksPostExcerpt":"\u00bb Anexo I &#8211; Formul\u00e1rio de Dados Cadastrais &#8211; Pessoa F\u00edsica \u00bb Anexo II &#8211; Formul\u00e1rio de Dados Cadastrais &#8211;","magazineBlocksPostCategories":[],"_links":{"self":[{"href":"https:\/\/www.orlandia.sp.gov.br\/novo\/wp-json\/wp\/v2\/pages\/1441"}],"collection":[{"href":"https:\/\/www.orlandia.sp.gov.br\/novo\/wp-json\/wp\/v2\/pages"}],"about":[{"href":"https:\/\/www.orlandia.sp.gov.br\/novo\/wp-json\/wp\/v2\/types\/page"}],"author":[{"embeddable":true,"href":"https:\/\/www.orlandia.sp.gov.br\/novo\/wp-json\/wp\/v2\/users\/1"}],"replies":[{"embeddable":true,"href":"https:\/\/www.orlandia.sp.gov.br\/novo\/wp-json\/wp\/v2\/comments?post=1441"}],"version-history":[{"count":1,"href":"https:\/\/www.orlandia.sp.gov.br\/novo\/wp-json\/wp\/v2\/pages\/1441\/revisions"}],"predecessor-version":[{"id":1442,"href":"https:\/\/www.orlandia.sp.gov.br\/novo\/wp-json\/wp\/v2\/pages\/1441\/revisions\/1442"}],"up":[{"embeddable":true,"href":"https:\/\/www.orlandia.sp.gov.br\/novo\/wp-json\/wp\/v2\/pages\/1444"}],"wp:attachment":[{"href":"https:\/\/www.orlandia.sp.gov.br\/novo\/wp-json\/wp\/v2\/media?parent=1441"}],"curies":[{"name":"wp","href":"https:\/\/api.w.org\/{rel}","templated":true}]}}

Cadastro Tributário

<p style="text-align: justify;">» <a href="https://www.orlandia.sp.gov.br/dados/cadastro_tributario/anexo1.doc" target="_blank">Anexo I &#8211; Formulário de Dados Cadastrais &#8211; Pessoa Física</a></p>
<p style="text-align: justify;">» <a href="https://www.orlandia.sp.gov.br/dados/cadastro_tributario/anexo2.doc" target="_blank">Anexo II &#8211; Formulário de Dados Cadastrais &#8211; Pessoa Jurídica</a></p>
<p style="text-align: justify;">» <a href="https://www.orlandia.sp.gov.br/dados/cadastro_tributario/anexo3.doc" target="_blank">Anexo III &#8211; Formulário de Alteração &#8211; Pessoa Física</a></p>
<p style="text-align: justify;">» <a href="https://www.orlandia.sp.gov.br/dados/cadastro_tributario/anexo4.doc" target="_blank">Anexo IV &#8211; Formulário de Alteração &#8211; Pessoa Jurídica</a></p>
<p style="text-align: justify;">» <a href="https://www.orlandia.sp.gov.br/dados/cadastro_tributario/anexo5.doc" target="_blank">Anexo V &#8211; Formulário de Cancelamento &#8211; Pessoa Física e Jurídica</a></p>
<p style="text-align: justify;">» <a href="https://www.orlandia.sp.gov.br/dados/cadastro_tributario/anexo6.doc" target="_blank">Anexo VII &#8211; Formulário de Anúncios &#8211; Pessoa Física e Jurídica</a></p>
<p style="text-align: justify;">» <a href="https://www.orlandia.sp.gov.br/dados/cadastro_tributario/formulario_decreto_3345_05.doc" target="_blank">Redução da taxa de licença / Isenção da taxa da vigilância sanitária</a></p>

<p>» Anexo I &#8211; Formulário de Dados Cadastrais &#8211; Pessoa Física » Anexo II &#8211; Formulário de Dados Cadastrais &#8211;</p>

» Anexo I &#8211; Formulário de Dados Cadastrais &#8211; Pessoa Física » Anexo II &#8211; Formulário de Dados Cadastrais &#8211;
