{"id":14385,"date":"2019-08-28T17:26:58","date_gmt":"2019-08-28T20:26:58","guid":{"rendered":"https:\/\/www.orlandia.sp.gov.br\/novo\/?page_id=14385"},"modified":"2019-12-10T08:51:29","modified_gmt":"2019-12-10T11:51:29","slug":"jornal-oficial-de-orlandia-setembro-de-2019","status":"publish","type":"page","link":"https:\/\/www.orlandia.sp.gov.br\/novo\/jornal-oficial-de-orlandia-setembro-de-2019","title":{"rendered":"Jornal Oficial de Orl\u00e2ndia \u2013 Setembro de 2019"},"content":{"rendered":"<p><a href=\"https:\/\/www.orlandia.sp.gov.br\/novo\/wp-content\/uploads\/2019\/08\/Edi\u00e7\u00e3o-709-de-30-de-Setembro-de-2019-Edi\u00e7\u00e3o-Extraordin\u00e1ria.pdf\" target=\"_blank\">&gt;&gt; Edi\u00e7\u00e3o 709 de 30 de Setembro de 2019 &#8211; Edi\u00e7\u00e3o Extraordin\u00e1ria<\/a><\/p>\n<p><a href=\"https:\/\/www.orlandia.sp.gov.br\/novo\/wp-content\/uploads\/2019\/08\/Edi\u00e7\u00e3o-708-de-27-de-Setembro-de-2019.pdf\" target=\"_blank\">&gt;&gt; Edi\u00e7\u00e3o 708 de 27 de Setembro de 2019<\/a><\/p>\n<p><a href=\"https:\/\/www.orlandia.sp.gov.br\/novo\/wp-content\/uploads\/2019\/08\/Edi\u00e7\u00e3o-707-de-26-de-Setembro-de-2019-Edi\u00e7\u00e3o-Extraordin\u00e1ria.pdf\" target=\"_blank\">&gt;&gt; Edi\u00e7\u00e3o 707 de 26 de Setembro de 2019 &#8211; Edi\u00e7\u00e3o Extraordin\u00e1ria<\/a><\/p>\n<p><a href=\"https:\/\/www.orlandia.sp.gov.br\/novo\/wp-content\/uploads\/2019\/08\/Edi\u00e7\u00e3o-706-de-25-de-Setembro-de-2019-Edi\u00e7\u00e3o-Extraordin\u00e1ria.pdf\" target=\"_blank\">&gt;&gt; Edi\u00e7\u00e3o 706 de 25 de Setembro de 2019 &#8211; Edi\u00e7\u00e3o Extraordin\u00e1ria<\/a><\/p>\n<p><a href=\"https:\/\/www.orlandia.sp.gov.br\/novo\/wp-content\/uploads\/2019\/08\/Edi\u00e7\u00e3o-705-de-24-de-Setembro-de-2019.pdf\" target=\"_blank\">&gt;&gt; Edi\u00e7\u00e3o 705 de 24 de Setembro de 2019<\/a><\/p>\n<p><a href=\"https:\/\/www.orlandia.sp.gov.br\/novo\/wp-content\/uploads\/2019\/08\/Edi\u00e7\u00e3o-704-de-23-de-Setembro-de-2019-Edi\u00e7\u00e3o-Extraordin\u00e1ria.pdf\" target=\"_blank\">&gt;&gt; Edi\u00e7\u00e3o 704 de 23 de Setembro de 2019 &#8211; Edi\u00e7\u00e3o Extraordin\u00e1ria<\/a><\/p>\n<p><a href=\"https:\/\/www.orlandia.sp.gov.br\/novo\/wp-content\/uploads\/2019\/08\/Edi\u00e7\u00e3o-703-de-20-de-Setembro-de-2019.pdf\" target=\"_blank\">&gt;&gt; Edi\u00e7\u00e3o 703 de 20 de Setembro de 2019<\/a><\/p>\n<p><a href=\"https:\/\/www.orlandia.sp.gov.br\/novo\/wp-content\/uploads\/2019\/08\/Edi\u00e7\u00e3o-702-de-18-de-Setembro-de-2019-Edi\u00e7\u00e3o-Extraordin\u00e1ria.pdf\" target=\"_blank\">&gt;&gt; Edi\u00e7\u00e3o 702 de 18 de Setembro de 2019 &#8211; Edi\u00e7\u00e3o Extraordin\u00e1ria<\/a><\/p>\n<p><a href=\"https:\/\/www.orlandia.sp.gov.br\/novo\/wp-content\/uploads\/2019\/08\/Edi\u00e7\u00e3o-701-de-17-de-Setembro-de-2019.pdf\" target=\"_blank\">&gt;&gt; Edi\u00e7\u00e3o 701 de 17 de Setembro de 2019<\/a><\/p>\n<p><a href=\"https:\/\/www.orlandia.sp.gov.br\/novo\/wp-content\/uploads\/2019\/08\/Edi\u00e7\u00e3o-700-de-13-de-Setembro-de-2019.pdf\" target=\"_blank\">&gt;&gt; Edi\u00e7\u00e3o 700 de 13 de Setembro de 2019<\/a><\/p>\n<p><a href=\"https:\/\/www.orlandia.sp.gov.br\/novo\/wp-content\/uploads\/2019\/08\/Edi\u00e7\u00e3o-699-de-11-de-Setembro-de-2019-Edi\u00e7\u00e3o-Extraordin\u00e1ria.pdf\" target=\"_blank\">&gt;&gt; Edi\u00e7\u00e3o 699 de 11 de Setembro de 2019 &#8211; Edi\u00e7\u00e3o Extraordin\u00e1ria<\/a><\/p>\n<p><a href=\"https:\/\/www.orlandia.sp.gov.br\/novo\/wp-content\/uploads\/2019\/08\/Edi\u00e7\u00e3o-698-de-10-de-Setembro-de-2019.pdf\" target=\"_blank\">&gt;&gt; Edi\u00e7\u00e3o 698 de 10 de Setembro de 2019<\/a><\/p>\n<p><a href=\"https:\/\/www.orlandia.sp.gov.br\/novo\/wp-content\/uploads\/2019\/08\/Edi\u00e7\u00e3o-697-de-06-de-Setembro-de-2019.pdf\" target=\"_blank\">&gt;&gt; Edi\u00e7\u00e3o 697 de 06 de Setembro de 2019<\/a><\/p>\n<p><a href=\"https:\/\/www.orlandia.sp.gov.br\/novo\/wp-content\/uploads\/2019\/08\/Edi\u00e7\u00e3o-696-de-05-de-Setembro-de-2019-Edi\u00e7\u00e3o-Extraordin\u00e1ria.pdf\" target=\"_blank\">&gt;&gt; Edi\u00e7\u00e3o 696 de 05 de Setembro de 2019 &#8211; Edi\u00e7\u00e3o Extraordin\u00e1ria<\/a><\/p>\n<p><a href=\"https:\/\/www.orlandia.sp.gov.br\/novo\/wp-content\/uploads\/2019\/08\/Edi\u00e7\u00e3o-695-de-04-de-Setembro-de-2019-Edi\u00e7\u00e3o-Extraordin\u00e1ria.pdf\" target=\"_blank\">&gt;&gt; Edi\u00e7\u00e3o 695 de 04 de Setembro de 2019 &#8211; Edi\u00e7\u00e3o Extraordin\u00e1ria<\/a><\/p>\n<p><a href=\"https:\/\/www.orlandia.sp.gov.br\/novo\/wp-content\/uploads\/2019\/08\/Edi\u00e7\u00e3o-694-de-03-de-Setembro-de-2019.pdf\" target=\"_blank\">&gt;&gt; Edi\u00e7\u00e3o 694 de 03 de Setembro de 2019<\/a><\/p>\n","protected":false},"excerpt":{"rendered":"<p>&gt;&gt; Edi\u00e7\u00e3o 709 de 30 de Setembro de 2019 &#8211; Edi\u00e7\u00e3o Extraordin\u00e1ria &gt;&gt; Edi\u00e7\u00e3o 708 de 27 de Setembro de<\/p>\n","protected":false},"author":1,"featured_media":0,"parent":0,"menu_order":0,"comment_status":"closed","ping_status":"closed","template":"","meta":{"ngg_post_thumbnail":0,"footnotes":""},"magazineBlocksPostFeaturedMedia":{"thumbnail":false,"medium":false,"medium_large":false,"large":false,"1536x1536":false,"2048x2048":false,"colormag-highlighted-post":false,"colormag-featured-post-medium":false,"colormag-featured-post-small":false,"colormag-featured-image":false,"colormag-default-news":false,"colormag-featured-image-large":false},"magazineBlocksPostAuthor":{"name":"admin","avatar":"https:\/\/secure.gravatar.com\/avatar\/5140b312f1bcbe8516bfaa79917f11b3?s=96&d=mm&r=g"},"magazineBlocksPostCommentsNumber":false,"magazineBlocksPostExcerpt":"&gt;&gt; Edi\u00e7\u00e3o 709 de 30 de Setembro de 2019 &#8211; Edi\u00e7\u00e3o Extraordin\u00e1ria &gt;&gt; Edi\u00e7\u00e3o 708 de 27 de Setembro de","magazineBlocksPostCategories":[],"_links":{"self":[{"href":"https:\/\/www.orlandia.sp.gov.br\/novo\/wp-json\/wp\/v2\/pages\/14385"}],"collection":[{"href":"https:\/\/www.orlandia.sp.gov.br\/novo\/wp-json\/wp\/v2\/pages"}],"about":[{"href":"https:\/\/www.orlandia.sp.gov.br\/novo\/wp-json\/wp\/v2\/types\/page"}],"author":[{"embeddable":true,"href":"https:\/\/www.orlandia.sp.gov.br\/novo\/wp-json\/wp\/v2\/users\/1"}],"replies":[{"embeddable":true,"href":"https:\/\/www.orlandia.sp.gov.br\/novo\/wp-json\/wp\/v2\/comments?post=14385"}],"version-history":[{"count":18,"href":"https:\/\/www.orlandia.sp.gov.br\/novo\/wp-json\/wp\/v2\/pages\/14385\/revisions"}],"predecessor-version":[{"id":14499,"href":"https:\/\/www.orlandia.sp.gov.br\/novo\/wp-json\/wp\/v2\/pages\/14385\/revisions\/14499"}],"wp:attachment":[{"href":"https:\/\/www.orlandia.sp.gov.br\/novo\/wp-json\/wp\/v2\/media?parent=14385"}],"curies":[{"name":"wp","href":"https:\/\/api.w.org\/{rel}","templated":true}]}}

Jornal Oficial de Orlândia – Setembro de 2019

<p><a href="https://www.orlandia.sp.gov.br/novo/wp-content/uploads/2019/08/Edição-709-de-30-de-Setembro-de-2019-Edição-Extraordinária.pdf" target="_blank">&gt;&gt; Edição 709 de 30 de Setembro de 2019 &#8211; Edição Extraordinária</a></p>
<p><a href="https://www.orlandia.sp.gov.br/novo/wp-content/uploads/2019/08/Edição-708-de-27-de-Setembro-de-2019.pdf" target="_blank">&gt;&gt; Edição 708 de 27 de Setembro de 2019</a></p>
<p><a href="https://www.orlandia.sp.gov.br/novo/wp-content/uploads/2019/08/Edição-707-de-26-de-Setembro-de-2019-Edição-Extraordinária.pdf" target="_blank">&gt;&gt; Edição 707 de 26 de Setembro de 2019 &#8211; Edição Extraordinária</a></p>
<p><a href="https://www.orlandia.sp.gov.br/novo/wp-content/uploads/2019/08/Edição-706-de-25-de-Setembro-de-2019-Edição-Extraordinária.pdf" target="_blank">&gt;&gt; Edição 706 de 25 de Setembro de 2019 &#8211; Edição Extraordinária</a></p>
<p><a href="https://www.orlandia.sp.gov.br/novo/wp-content/uploads/2019/08/Edição-705-de-24-de-Setembro-de-2019.pdf" target="_blank">&gt;&gt; Edição 705 de 24 de Setembro de 2019</a></p>
<p><a href="https://www.orlandia.sp.gov.br/novo/wp-content/uploads/2019/08/Edição-704-de-23-de-Setembro-de-2019-Edição-Extraordinária.pdf" target="_blank">&gt;&gt; Edição 704 de 23 de Setembro de 2019 &#8211; Edição Extraordinária</a></p>
<p><a href="https://www.orlandia.sp.gov.br/novo/wp-content/uploads/2019/08/Edição-703-de-20-de-Setembro-de-2019.pdf" target="_blank">&gt;&gt; Edição 703 de 20 de Setembro de 2019</a></p>
<p><a href="https://www.orlandia.sp.gov.br/novo/wp-content/uploads/2019/08/Edição-702-de-18-de-Setembro-de-2019-Edição-Extraordinária.pdf" target="_blank">&gt;&gt; Edição 702 de 18 de Setembro de 2019 &#8211; Edição Extraordinária</a></p>
<p><a href="https://www.orlandia.sp.gov.br/novo/wp-content/uploads/2019/08/Edição-701-de-17-de-Setembro-de-2019.pdf" target="_blank">&gt;&gt; Edição 701 de 17 de Setembro de 2019</a></p>
<p><a href="https://www.orlandia.sp.gov.br/novo/wp-content/uploads/2019/08/Edição-700-de-13-de-Setembro-de-2019.pdf" target="_blank">&gt;&gt; Edição 700 de 13 de Setembro de 2019</a></p>
<p><a href="https://www.orlandia.sp.gov.br/novo/wp-content/uploads/2019/08/Edição-699-de-11-de-Setembro-de-2019-Edição-Extraordinária.pdf" target="_blank">&gt;&gt; Edição 699 de 11 de Setembro de 2019 &#8211; Edição Extraordinária</a></p>
<p><a href="https://www.orlandia.sp.gov.br/novo/wp-content/uploads/2019/08/Edição-698-de-10-de-Setembro-de-2019.pdf" target="_blank">&gt;&gt; Edição 698 de 10 de Setembro de 2019</a></p>
<p><a href="https://www.orlandia.sp.gov.br/novo/wp-content/uploads/2019/08/Edição-697-de-06-de-Setembro-de-2019.pdf" target="_blank">&gt;&gt; Edição 697 de 06 de Setembro de 2019</a></p>
<p><a href="https://www.orlandia.sp.gov.br/novo/wp-content/uploads/2019/08/Edição-696-de-05-de-Setembro-de-2019-Edição-Extraordinária.pdf" target="_blank">&gt;&gt; Edição 696 de 05 de Setembro de 2019 &#8211; Edição Extraordinária</a></p>
<p><a href="https://www.orlandia.sp.gov.br/novo/wp-content/uploads/2019/08/Edição-695-de-04-de-Setembro-de-2019-Edição-Extraordinária.pdf" target="_blank">&gt;&gt; Edição 695 de 04 de Setembro de 2019 &#8211; Edição Extraordinária</a></p>
<p><a href="https://www.orlandia.sp.gov.br/novo/wp-content/uploads/2019/08/Edição-694-de-03-de-Setembro-de-2019.pdf" target="_blank">&gt;&gt; Edição 694 de 03 de Setembro de 2019</a></p>

<p>&gt;&gt; Edição 709 de 30 de Setembro de 2019 &#8211; Edição Extraordinária &gt;&gt; Edição 708 de 27 de Setembro de</p>

&gt;&gt; Edição 709 de 30 de Setembro de 2019 &#8211; Edição Extraordinária &gt;&gt; Edição 708 de 27 de Setembro de
