{"id":14248,"date":"2019-07-31T12:07:44","date_gmt":"2019-07-31T15:07:44","guid":{"rendered":"https:\/\/www.orlandia.sp.gov.br\/novo\/?page_id=14248"},"modified":"2019-08-30T17:13:26","modified_gmt":"2019-08-30T20:13:26","slug":"jornal-oficial-de-orlandia-agosto-de-2019","status":"publish","type":"page","link":"https:\/\/www.orlandia.sp.gov.br\/novo\/jornal-oficial-de-orlandia-agosto-de-2019","title":{"rendered":"Jornal Oficial de Orl\u00e2ndia \u2013 Agosto de 2019"},"content":{"rendered":"<p><a href=\"https:\/\/www.orlandia.sp.gov.br\/novo\/wp-content\/uploads\/2019\/07\/Edi\u00e7\u00e3o-693-de-30-de-Agosto-de-2019.pdf\" target=\"_blank\">&gt;&gt; Edi\u00e7\u00e3o 693 de 30 de Agosto de 2019<\/a><\/p>\n<p><a href=\"https:\/\/www.orlandia.sp.gov.br\/novo\/wp-content\/uploads\/2019\/07\/Edi\u00e7\u00e3o-692-de-28-de-Agosto-de-2019-Edi\u00e7\u00e3o-Extraordin\u00e1ria.pdf\" target=\"_blank\">&gt;&gt; Edi\u00e7\u00e3o 692 de 28 de Agosto de 2019 &#8211; Edi\u00e7\u00e3o Extraordin\u00e1ria<\/a><\/p>\n<p><a href=\"https:\/\/www.orlandia.sp.gov.br\/novo\/wp-content\/uploads\/2019\/07\/Edi\u00e7\u00e3o-691-de-27-de-Agosto-de-2019.pdf\" target=\"_blank\">&gt;&gt; Edi\u00e7\u00e3o 691 de 27 de Agosto de 2019<\/a><\/p>\n<p><a href=\"https:\/\/www.orlandia.sp.gov.br\/novo\/wp-content\/uploads\/2019\/07\/Edi\u00e7\u00e3o-690-de-26-de-Agosto-de-2019-Edi\u00e7\u00e3o-Extraordin\u00e1ria.pdf\" target=\"_blank\">&gt;&gt; Edi\u00e7\u00e3o 690 de 26 de Agosto de 2019 &#8211; Edi\u00e7\u00e3o Extraordin\u00e1ria<\/a><\/p>\n<p><a href=\"https:\/\/www.orlandia.sp.gov.br\/novo\/wp-content\/uploads\/2019\/07\/Edi\u00e7\u00e3o-689-de-23-de-Agosto-de-2019-Edi\u00e7\u00e3o-Extraordin\u00e1ria.pdf\" target=\"_blank\">&gt;&gt; Edi\u00e7\u00e3o 689 de 23 de Agosto de 2019 &#8211; Edi\u00e7\u00e3o Extraordin\u00e1ria<\/a><\/p>\n<p><a href=\"https:\/\/www.orlandia.sp.gov.br\/novo\/wp-content\/uploads\/2019\/07\/Edi\u00e7\u00e3o-688-de-23-de-Agosto-de-2019.pdf\" target=\"_blank\">&gt;&gt; Edi\u00e7\u00e3o 688 de 23 de Agosto de 2019<\/a><\/p>\n<p><a href=\"https:\/\/www.orlandia.sp.gov.br\/novo\/wp-content\/uploads\/2019\/07\/Edi\u00e7\u00e3o-687-de-22-de-Agosto-de-2019-Edi\u00e7\u00e3o-Extraordin\u00e1ria.pdf\" target=\"_blank\">&gt;&gt; Edi\u00e7\u00e3o 687 de 22 de Agosto de 2019 &#8211; Edi\u00e7\u00e3o Extraordin\u00e1ria<\/a><\/p>\n<p><a href=\"https:\/\/www.orlandia.sp.gov.br\/novo\/wp-content\/uploads\/2019\/07\/Edi\u00e7\u00e3o-686-de-20-de-Agosto-dee-2019-Edi\u00e7\u00e3o-Extraordin\u00e1ria.pdf\" target=\"_blank\">&gt;&gt; Edi\u00e7\u00e3o 686 de 20 de Agosto dee 2019 &#8211; Edi\u00e7\u00e3o Extraordin\u00e1ria<\/a><\/p>\n<p><a href=\"https:\/\/www.orlandia.sp.gov.br\/novo\/wp-content\/uploads\/2019\/07\/Edi\u00e7\u00e3o-685-de-20-de-Agosto-de-2019.pdf\" target=\"_blank\">&gt;&gt; Edi\u00e7\u00e3o 685 de 20 de Agosto de 2019<\/a><\/p>\n<p><a href=\"https:\/\/www.orlandia.sp.gov.br\/novo\/wp-content\/uploads\/2019\/07\/Edi\u00e7\u00e3o-684-de-19-de-Agosto-de-2019-Edi\u00e7\u00e3o-Extraordin\u00e1ria.pdf\" target=\"_blank\">&gt;&gt; Edi\u00e7\u00e3o 684 de 19 de Agosto de 2019 &#8211; Edi\u00e7\u00e3o Extraordin\u00e1ria<\/a><\/p>\n<p><a href=\"https:\/\/www.orlandia.sp.gov.br\/novo\/wp-content\/uploads\/2019\/07\/Edi\u00e7\u00e3o-683-de-16-de-Agosto-de-2019.pdf\" target=\"_blank\">&gt;&gt; Edi\u00e7\u00e3o 683 de 16 de Agosto de 2019<\/a><\/p>\n<p><a href=\"https:\/\/www.orlandia.sp.gov.br\/novo\/wp-content\/uploads\/2019\/07\/Edi\u00e7\u00e3o-682-de-15-de-Agosto-de-2019-Edi\u00e7\u00e3o-Extraordin\u00e1ria.pdf\" target=\"_blank\">&gt;&gt; Edi\u00e7\u00e3o 682 de 15 de Agosto de 2019 &#8211; Edi\u00e7\u00e3o Extraordin\u00e1ria<\/a><\/p>\n<p><a href=\"https:\/\/www.orlandia.sp.gov.br\/novo\/wp-content\/uploads\/2019\/07\/Edi\u00e7\u00e3o-681-de-13-de-Agosto-de-2019.pdf\" target=\"_blank\">&gt;&gt; Edi\u00e7\u00e3o 681 de 13 de Agosto de 2019<\/a><\/p>\n<p><a href=\"https:\/\/www.orlandia.sp.gov.br\/novo\/wp-content\/uploads\/2019\/07\/Edi\u00e7\u00e3o-680-de-12-de-Agosto-de-2019-Edi\u00e7\u00e3o-Extraordin\u00e1ria.pdf\" target=\"_blank\">&gt;&gt; Edi\u00e7\u00e3o 680 de 12 de Agosto de 2019 &#8211; Edi\u00e7\u00e3o Extraordin\u00e1ria<\/a><\/p>\n<p><a href=\"https:\/\/www.orlandia.sp.gov.br\/novo\/wp-content\/uploads\/2019\/07\/Edi\u00e7\u00e3o-679-de-09-de-Agosto-de-2019.pdf\" target=\"_blank\">&gt;&gt; Edi\u00e7\u00e3o 679 de 09 de Agosto de 2019<\/a><\/p>\n<p><a href=\"https:\/\/www.orlandia.sp.gov.br\/novo\/wp-content\/uploads\/2019\/07\/Edi\u00e7\u00e3o-678-de-07-de-Agosto-de-2019-Edi\u00e7\u00e3o-Extraordin\u00e1ria.pdf\" target=\"_blank\">&gt;&gt; Edi\u00e7\u00e3o 678 de 07 de Agosto de 2019 &#8211; Edi\u00e7\u00e3o Extraordin\u00e1ria<\/a><\/p>\n<p><a href=\"https:\/\/www.orlandia.sp.gov.br\/novo\/wp-content\/uploads\/2019\/07\/Edi\u00e7\u00e3o-677-de-06-de-Agosto-de-2019.pdf\" target=\"_blank\">&gt;&gt; Edi\u00e7\u00e3o 677 de 06 de Agosto de 2019<\/a><\/p>\n<p><a href=\"https:\/\/www.orlandia.sp.gov.br\/novo\/wp-content\/uploads\/2019\/07\/Edi\u00e7\u00e3o-676-de-05-de-Agosto-de-2019-Edi\u00e7\u00e3o-Extraordin\u00e1ria.pdf\" target=\"_blank\">&gt;&gt; Edi\u00e7\u00e3o 676 de 05 de Agosto de 2019 &#8211; Edi\u00e7\u00e3o Extraordin\u00e1ria<\/a><\/p>\n<p><a href=\"https:\/\/www.orlandia.sp.gov.br\/novo\/wp-content\/uploads\/2019\/07\/Edi\u00e7\u00e3o-675-de-02-de-Agosto-de-2019.pdf\" target=\"_blank\">&gt;&gt; Edi\u00e7\u00e3o 675 de 02 de Agosto de 2019<\/a><\/p>\n<p><a href=\"https:\/\/www.orlandia.sp.gov.br\/novo\/wp-content\/uploads\/2019\/07\/Edi\u00e7\u00e3o-674-de-01-de-Agosto-de-2019-Edi\u00e7\u00e3o-Extraordin\u00e1ria.pdf\" target=\"_blank\">&gt;&gt; Edi\u00e7\u00e3o 674 de 01 de Agosto de 2019 &#8211; Edi\u00e7\u00e3o Extraordin\u00e1ria<\/a><\/p>\n","protected":false},"excerpt":{"rendered":"<p>&gt;&gt; Edi\u00e7\u00e3o 693 de 30 de Agosto de 2019 &gt;&gt; Edi\u00e7\u00e3o 692 de 28 de Agosto de 2019 &#8211; Edi\u00e7\u00e3o<\/p>\n","protected":false},"author":1,"featured_media":0,"parent":0,"menu_order":0,"comment_status":"closed","ping_status":"closed","template":"","meta":{"ngg_post_thumbnail":0,"footnotes":""},"magazineBlocksPostFeaturedMedia":{"thumbnail":false,"medium":false,"medium_large":false,"large":false,"1536x1536":false,"2048x2048":false,"colormag-highlighted-post":false,"colormag-featured-post-medium":false,"colormag-featured-post-small":false,"colormag-featured-image":false,"colormag-default-news":false,"colormag-featured-image-large":false},"magazineBlocksPostAuthor":{"name":"admin","avatar":"https:\/\/secure.gravatar.com\/avatar\/5140b312f1bcbe8516bfaa79917f11b3?s=96&d=mm&r=g"},"magazineBlocksPostCommentsNumber":false,"magazineBlocksPostExcerpt":"&gt;&gt; Edi\u00e7\u00e3o 693 de 30 de Agosto de 2019 &gt;&gt; Edi\u00e7\u00e3o 692 de 28 de Agosto de 2019 &#8211; Edi\u00e7\u00e3o","magazineBlocksPostCategories":[],"_links":{"self":[{"href":"https:\/\/www.orlandia.sp.gov.br\/novo\/wp-json\/wp\/v2\/pages\/14248"}],"collection":[{"href":"https:\/\/www.orlandia.sp.gov.br\/novo\/wp-json\/wp\/v2\/pages"}],"about":[{"href":"https:\/\/www.orlandia.sp.gov.br\/novo\/wp-json\/wp\/v2\/types\/page"}],"author":[{"embeddable":true,"href":"https:\/\/www.orlandia.sp.gov.br\/novo\/wp-json\/wp\/v2\/users\/1"}],"replies":[{"embeddable":true,"href":"https:\/\/www.orlandia.sp.gov.br\/novo\/wp-json\/wp\/v2\/comments?post=14248"}],"version-history":[{"count":26,"href":"https:\/\/www.orlandia.sp.gov.br\/novo\/wp-json\/wp\/v2\/pages\/14248\/revisions"}],"predecessor-version":[{"id":14394,"href":"https:\/\/www.orlandia.sp.gov.br\/novo\/wp-json\/wp\/v2\/pages\/14248\/revisions\/14394"}],"wp:attachment":[{"href":"https:\/\/www.orlandia.sp.gov.br\/novo\/wp-json\/wp\/v2\/media?parent=14248"}],"curies":[{"name":"wp","href":"https:\/\/api.w.org\/{rel}","templated":true}]}}

Jornal Oficial de Orlândia – Agosto de 2019

<p><a href="https://www.orlandia.sp.gov.br/novo/wp-content/uploads/2019/07/Edição-693-de-30-de-Agosto-de-2019.pdf" target="_blank">&gt;&gt; Edição 693 de 30 de Agosto de 2019</a></p>
<p><a href="https://www.orlandia.sp.gov.br/novo/wp-content/uploads/2019/07/Edição-692-de-28-de-Agosto-de-2019-Edição-Extraordinária.pdf" target="_blank">&gt;&gt; Edição 692 de 28 de Agosto de 2019 &#8211; Edição Extraordinária</a></p>
<p><a href="https://www.orlandia.sp.gov.br/novo/wp-content/uploads/2019/07/Edição-691-de-27-de-Agosto-de-2019.pdf" target="_blank">&gt;&gt; Edição 691 de 27 de Agosto de 2019</a></p>
<p><a href="https://www.orlandia.sp.gov.br/novo/wp-content/uploads/2019/07/Edição-690-de-26-de-Agosto-de-2019-Edição-Extraordinária.pdf" target="_blank">&gt;&gt; Edição 690 de 26 de Agosto de 2019 &#8211; Edição Extraordinária</a></p>
<p><a href="https://www.orlandia.sp.gov.br/novo/wp-content/uploads/2019/07/Edição-689-de-23-de-Agosto-de-2019-Edição-Extraordinária.pdf" target="_blank">&gt;&gt; Edição 689 de 23 de Agosto de 2019 &#8211; Edição Extraordinária</a></p>
<p><a href="https://www.orlandia.sp.gov.br/novo/wp-content/uploads/2019/07/Edição-688-de-23-de-Agosto-de-2019.pdf" target="_blank">&gt;&gt; Edição 688 de 23 de Agosto de 2019</a></p>
<p><a href="https://www.orlandia.sp.gov.br/novo/wp-content/uploads/2019/07/Edição-687-de-22-de-Agosto-de-2019-Edição-Extraordinária.pdf" target="_blank">&gt;&gt; Edição 687 de 22 de Agosto de 2019 &#8211; Edição Extraordinária</a></p>
<p><a href="https://www.orlandia.sp.gov.br/novo/wp-content/uploads/2019/07/Edição-686-de-20-de-Agosto-dee-2019-Edição-Extraordinária.pdf" target="_blank">&gt;&gt; Edição 686 de 20 de Agosto dee 2019 &#8211; Edição Extraordinária</a></p>
<p><a href="https://www.orlandia.sp.gov.br/novo/wp-content/uploads/2019/07/Edição-685-de-20-de-Agosto-de-2019.pdf" target="_blank">&gt;&gt; Edição 685 de 20 de Agosto de 2019</a></p>
<p><a href="https://www.orlandia.sp.gov.br/novo/wp-content/uploads/2019/07/Edição-684-de-19-de-Agosto-de-2019-Edição-Extraordinária.pdf" target="_blank">&gt;&gt; Edição 684 de 19 de Agosto de 2019 &#8211; Edição Extraordinária</a></p>
<p><a href="https://www.orlandia.sp.gov.br/novo/wp-content/uploads/2019/07/Edição-683-de-16-de-Agosto-de-2019.pdf" target="_blank">&gt;&gt; Edição 683 de 16 de Agosto de 2019</a></p>
<p><a href="https://www.orlandia.sp.gov.br/novo/wp-content/uploads/2019/07/Edição-682-de-15-de-Agosto-de-2019-Edição-Extraordinária.pdf" target="_blank">&gt;&gt; Edição 682 de 15 de Agosto de 2019 &#8211; Edição Extraordinária</a></p>
<p><a href="https://www.orlandia.sp.gov.br/novo/wp-content/uploads/2019/07/Edição-681-de-13-de-Agosto-de-2019.pdf" target="_blank">&gt;&gt; Edição 681 de 13 de Agosto de 2019</a></p>
<p><a href="https://www.orlandia.sp.gov.br/novo/wp-content/uploads/2019/07/Edição-680-de-12-de-Agosto-de-2019-Edição-Extraordinária.pdf" target="_blank">&gt;&gt; Edição 680 de 12 de Agosto de 2019 &#8211; Edição Extraordinária</a></p>
<p><a href="https://www.orlandia.sp.gov.br/novo/wp-content/uploads/2019/07/Edição-679-de-09-de-Agosto-de-2019.pdf" target="_blank">&gt;&gt; Edição 679 de 09 de Agosto de 2019</a></p>
<p><a href="https://www.orlandia.sp.gov.br/novo/wp-content/uploads/2019/07/Edição-678-de-07-de-Agosto-de-2019-Edição-Extraordinária.pdf" target="_blank">&gt;&gt; Edição 678 de 07 de Agosto de 2019 &#8211; Edição Extraordinária</a></p>
<p><a href="https://www.orlandia.sp.gov.br/novo/wp-content/uploads/2019/07/Edição-677-de-06-de-Agosto-de-2019.pdf" target="_blank">&gt;&gt; Edição 677 de 06 de Agosto de 2019</a></p>
<p><a href="https://www.orlandia.sp.gov.br/novo/wp-content/uploads/2019/07/Edição-676-de-05-de-Agosto-de-2019-Edição-Extraordinária.pdf" target="_blank">&gt;&gt; Edição 676 de 05 de Agosto de 2019 &#8211; Edição Extraordinária</a></p>
<p><a href="https://www.orlandia.sp.gov.br/novo/wp-content/uploads/2019/07/Edição-675-de-02-de-Agosto-de-2019.pdf" target="_blank">&gt;&gt; Edição 675 de 02 de Agosto de 2019</a></p>
<p><a href="https://www.orlandia.sp.gov.br/novo/wp-content/uploads/2019/07/Edição-674-de-01-de-Agosto-de-2019-Edição-Extraordinária.pdf" target="_blank">&gt;&gt; Edição 674 de 01 de Agosto de 2019 &#8211; Edição Extraordinária</a></p>

<p>&gt;&gt; Edição 693 de 30 de Agosto de 2019 &gt;&gt; Edição 692 de 28 de Agosto de 2019 &#8211; Edição</p>

&gt;&gt; Edição 693 de 30 de Agosto de 2019 &gt;&gt; Edição 692 de 28 de Agosto de 2019 &#8211; Edição
