{"id":14138,"date":"2019-06-28T17:15:20","date_gmt":"2019-06-28T20:15:20","guid":{"rendered":"https:\/\/www.orlandia.sp.gov.br\/novo\/?page_id=14138"},"modified":"2019-07-31T17:23:32","modified_gmt":"2019-07-31T20:23:32","slug":"jornal-oficial-de-orlandia-julho-de-2019","status":"publish","type":"page","link":"https:\/\/www.orlandia.sp.gov.br\/novo\/jornal-oficial-de-orlandia-julho-de-2019","title":{"rendered":"Jornal Oficial de Orl\u00e2ndia &#8211; Julho de 2019"},"content":{"rendered":"<p><a href=\"https:\/\/www.orlandia.sp.gov.br\/novo\/wp-content\/uploads\/2019\/06\/Edi\u00e7\u00e3o-673-de-31-de-Julho-de-2019-Edi\u00e7\u00e3o-Extraordin\u00e1ria.pdf\" target=\"_blank\">&gt;&gt; Edi\u00e7\u00e3o 673 de 31 de Julho de 2019 &#8211; Edi\u00e7\u00e3o Extraordin\u00e1ria<\/a><\/p>\n<p><a href=\"https:\/\/www.orlandia.sp.gov.br\/novo\/wp-content\/uploads\/2019\/06\/Edi\u00e7\u00e3o-672-de-30-de-Julho-de-2019.pdf\" target=\"_blank\">&gt;&gt; Edi\u00e7\u00e3o 672 de 30 de Julho de 2019<\/a><\/p>\n<p><a href=\"https:\/\/www.orlandia.sp.gov.br\/novo\/wp-content\/uploads\/2019\/06\/Edi\u00e7\u00e3o-671-de-29-de-Julho-de-2019-Edi\u00e7\u00e3o-Extraordin\u00e1ria.pdf\" target=\"_blank\">&gt;&gt; Edi\u00e7\u00e3o 671 de 29 de Julho de 2019 &#8211; Edi\u00e7\u00e3o Extraordin\u00e1ria<\/a><\/p>\n<p><a href=\"https:\/\/www.orlandia.sp.gov.br\/novo\/wp-content\/uploads\/2019\/06\/Edi\u00e7\u00e3o-670-de-26-de-Julho-de-2019-Edi\u00e7\u00e3o-Extraordin\u00e1ria.pdf\" target=\"_blank\">&gt;&gt; Edi\u00e7\u00e3o 670 de 26 de Julho de 2019 &#8211; Edi\u00e7\u00e3o Extraordin\u00e1ria<\/a><\/p>\n<p><a href=\"https:\/\/www.orlandia.sp.gov.br\/novo\/wp-content\/uploads\/2019\/06\/Edi\u00e7\u00e3o-669-de-26-de-Julho-de-2019.pdf\" target=\"_blank\">&gt;&gt; Edi\u00e7\u00e3o 669 de 26 de Julho de 2019<\/a><\/p>\n<p><a href=\"https:\/\/www.orlandia.sp.gov.br\/novo\/wp-content\/uploads\/2019\/06\/Edi\u00e7\u00e3o-668-de-25-de-Julho-de-2019-Edi\u00e7\u00e3o-Extraordin\u00e1ria.pdf\" target=\"_blank\">&gt;&gt; Edi\u00e7\u00e3o 668 de 25 de Julho de 2019 &#8211; Edi\u00e7\u00e3o Extraordin\u00e1ria<\/a><\/p>\n<p><a href=\"https:\/\/www.orlandia.sp.gov.br\/novo\/wp-content\/uploads\/2019\/06\/Edi\u00e7\u00e3o-667-de-23-de-Julho-de-2019.pdf\" target=\"_blank\">&gt;&gt; Edi\u00e7\u00e3o 667 de 23 de Julho de 2019<\/a><\/p>\n<p><a href=\"https:\/\/www.orlandia.sp.gov.br\/novo\/wp-content\/uploads\/2019\/06\/Edi\u00e7\u00e3o-666-de-22-de-Julho-de-2019-Edi\u00e7\u00e3o-Extraordin\u00e1ria.pdf\" target=\"_blank\">&gt;&gt; Edi\u00e7\u00e3o 666 de 22 de Julho de 2019 &#8211; Edi\u00e7\u00e3o Extraordin\u00e1ria<\/a><\/p>\n<p><a href=\"https:\/\/www.orlandia.sp.gov.br\/novo\/wp-content\/uploads\/2019\/06\/Edi\u00e7\u00e3o-665-de-19-de-Julho-de-2019.pdf\" target=\"_blank\">&gt;&gt; Edi\u00e7\u00e3o 665 de 19 de Julho de 2019<\/a><\/p>\n<p><a href=\"https:\/\/www.orlandia.sp.gov.br\/novo\/wp-content\/uploads\/2019\/06\/Edi\u00e7\u00e3o-664-de-18-de-Julho-de-2019-Edi\u00e7\u00e3o-Extraordin\u00e1ria.pdf\" target=\"_blank\">&gt;&gt; Edi\u00e7\u00e3o 664 de 18 de Julho de 2019 &#8211; Edi\u00e7\u00e3o Extraordin\u00e1ria<\/a><\/p>\n<p><a href=\"https:\/\/www.orlandia.sp.gov.br\/novo\/wp-content\/uploads\/2019\/06\/Edi\u00e7\u00e3o-663-de-17-de-Julho-de-2019-Edi\u00e7\u00e3o-Extraordin\u00e1ria.pdf\" target=\"_blank\">&gt;&gt; Edi\u00e7\u00e3o 663 de 17 de Julho de 2019 &#8211; Edi\u00e7\u00e3o Extraordin\u00e1ria<\/a><\/p>\n<p><a href=\"https:\/\/www.orlandia.sp.gov.br\/novo\/wp-content\/uploads\/2019\/06\/Edi\u00e7\u00e3o-662-de-16-de-Julho-de-2019.pdf\" target=\"_blank\">&gt;&gt; Edi\u00e7\u00e3o 662 de 16 de Julho de 2019<\/a><\/p>\n<p><a href=\"https:\/\/www.orlandia.sp.gov.br\/novo\/wp-content\/uploads\/2019\/06\/Edi\u00e7\u00e3o-661-de-15-de-Julho-de-2019-Edi\u00e7\u00e3o-Extraordin\u00e1ria.pdf\" target=\"_blank\">&gt;&gt; Edi\u00e7\u00e3o 661 de 15 de Julho de 2019 &#8211; Edi\u00e7\u00e3o Extraordin\u00e1ria<\/a><\/p>\n<p><a href=\"https:\/\/www.orlandia.sp.gov.br\/novo\/wp-content\/uploads\/2019\/06\/Edi\u00e7\u00e3o-660-de-12-de-Julho-de-2019.pdf\" target=\"_blank\">&gt;&gt; Edi\u00e7\u00e3o 660 de 12 de Julho de 2019<\/a><\/p>\n<p><a href=\"https:\/\/www.orlandia.sp.gov.br\/novo\/wp-content\/uploads\/2019\/06\/Edi\u00e7\u00e3o-659-de-11-de-Julho-de-2019-Edi\u00e7\u00e3o-Extraordin\u00e1ria.pdf\" target=\"_blank\">&gt;&gt; Edi\u00e7\u00e3o 659 de 11 de Julho de 2019 &#8211; Edi\u00e7\u00e3o Extraordin\u00e1ria<\/a><\/p>\n<p><a href=\"https:\/\/www.orlandia.sp.gov.br\/novo\/wp-content\/uploads\/2019\/06\/Edi\u00e7\u00e3o-658-de-10-de-Julho-de-2019-Edi\u00e7\u00e3o-Extraordin\u00e1ria.pdf\" target=\"_blank\">&gt;&gt; Edi\u00e7\u00e3o 658 de 10 de Julho de 2019 &#8211; Edi\u00e7\u00e3o Extraordin\u00e1ria<\/a><\/p>\n<p><a href=\"https:\/\/www.orlandia.sp.gov.br\/novo\/wp-content\/uploads\/2019\/06\/Edi\u00e7\u00e3o-657-de-05-de-Julho-de-2019.pdf\" target=\"_blank\">&gt;&gt; Edi\u00e7\u00e3o 657 de 05 de Julho de 2019<\/a><\/p>\n<p><a href=\"https:\/\/www.orlandia.sp.gov.br\/novo\/wp-content\/uploads\/2019\/06\/Edi\u00e7\u00e3o-656-de-04-de-Julho-de-2019-Edi\u00e7\u00e3o-Extraordin\u00e1ria.pdf\" target=\"_blank\">&gt;&gt; Edi\u00e7\u00e3o 656 de 04 de Julho de 2019 &#8211; Edi\u00e7\u00e3o Extraordin\u00e1ria<\/a><\/p>\n<p><a href=\"https:\/\/www.orlandia.sp.gov.br\/novo\/wp-content\/uploads\/2019\/06\/Edi\u00e7\u00e3o-655-de-02-de-Julho-de-2019.pdf\" target=\"_blank\">&gt;&gt; Edi\u00e7\u00e3o 655 de 02 de Julho de 2019<\/a><\/p>\n<p><a href=\"https:\/\/www.orlandia.sp.gov.br\/novo\/wp-content\/uploads\/2019\/06\/Edi\u00e7\u00e3o-654-de-01-de-Julho-de-2019.pdf\" target=\"_blank\">&gt;&gt; Edi\u00e7\u00e3o 654 de 01 de Julho de 2019 &#8211; Edi\u00e7\u00e3o Extraordin\u00e1ria<\/a><\/p>\n","protected":false},"excerpt":{"rendered":"<p>&gt;&gt; Edi\u00e7\u00e3o 673 de 31 de Julho de 2019 &#8211; Edi\u00e7\u00e3o Extraordin\u00e1ria &gt;&gt; Edi\u00e7\u00e3o 672 de 30 de Julho de<\/p>\n","protected":false},"author":1,"featured_media":0,"parent":0,"menu_order":0,"comment_status":"closed","ping_status":"closed","template":"","meta":{"ngg_post_thumbnail":0,"footnotes":""},"magazineBlocksPostFeaturedMedia":{"thumbnail":false,"medium":false,"medium_large":false,"large":false,"1536x1536":false,"2048x2048":false,"colormag-highlighted-post":false,"colormag-featured-post-medium":false,"colormag-featured-post-small":false,"colormag-featured-image":false,"colormag-default-news":false,"colormag-featured-image-large":false},"magazineBlocksPostAuthor":{"name":"admin","avatar":"https:\/\/secure.gravatar.com\/avatar\/5140b312f1bcbe8516bfaa79917f11b3?s=96&d=mm&r=g"},"magazineBlocksPostCommentsNumber":false,"magazineBlocksPostExcerpt":"&gt;&gt; Edi\u00e7\u00e3o 673 de 31 de Julho de 2019 &#8211; Edi\u00e7\u00e3o Extraordin\u00e1ria &gt;&gt; Edi\u00e7\u00e3o 672 de 30 de Julho de","magazineBlocksPostCategories":[],"_links":{"self":[{"href":"https:\/\/www.orlandia.sp.gov.br\/novo\/wp-json\/wp\/v2\/pages\/14138"}],"collection":[{"href":"https:\/\/www.orlandia.sp.gov.br\/novo\/wp-json\/wp\/v2\/pages"}],"about":[{"href":"https:\/\/www.orlandia.sp.gov.br\/novo\/wp-json\/wp\/v2\/types\/page"}],"author":[{"embeddable":true,"href":"https:\/\/www.orlandia.sp.gov.br\/novo\/wp-json\/wp\/v2\/users\/1"}],"replies":[{"embeddable":true,"href":"https:\/\/www.orlandia.sp.gov.br\/novo\/wp-json\/wp\/v2\/comments?post=14138"}],"version-history":[{"count":22,"href":"https:\/\/www.orlandia.sp.gov.br\/novo\/wp-json\/wp\/v2\/pages\/14138\/revisions"}],"predecessor-version":[{"id":14253,"href":"https:\/\/www.orlandia.sp.gov.br\/novo\/wp-json\/wp\/v2\/pages\/14138\/revisions\/14253"}],"wp:attachment":[{"href":"https:\/\/www.orlandia.sp.gov.br\/novo\/wp-json\/wp\/v2\/media?parent=14138"}],"curies":[{"name":"wp","href":"https:\/\/api.w.org\/{rel}","templated":true}]}}

Jornal Oficial de Orlândia &#8211; Julho de 2019

<p><a href="https://www.orlandia.sp.gov.br/novo/wp-content/uploads/2019/06/Edição-673-de-31-de-Julho-de-2019-Edição-Extraordinária.pdf" target="_blank">&gt;&gt; Edição 673 de 31 de Julho de 2019 &#8211; Edição Extraordinária</a></p>
<p><a href="https://www.orlandia.sp.gov.br/novo/wp-content/uploads/2019/06/Edição-672-de-30-de-Julho-de-2019.pdf" target="_blank">&gt;&gt; Edição 672 de 30 de Julho de 2019</a></p>
<p><a href="https://www.orlandia.sp.gov.br/novo/wp-content/uploads/2019/06/Edição-671-de-29-de-Julho-de-2019-Edição-Extraordinária.pdf" target="_blank">&gt;&gt; Edição 671 de 29 de Julho de 2019 &#8211; Edição Extraordinária</a></p>
<p><a href="https://www.orlandia.sp.gov.br/novo/wp-content/uploads/2019/06/Edição-670-de-26-de-Julho-de-2019-Edição-Extraordinária.pdf" target="_blank">&gt;&gt; Edição 670 de 26 de Julho de 2019 &#8211; Edição Extraordinária</a></p>
<p><a href="https://www.orlandia.sp.gov.br/novo/wp-content/uploads/2019/06/Edição-669-de-26-de-Julho-de-2019.pdf" target="_blank">&gt;&gt; Edição 669 de 26 de Julho de 2019</a></p>
<p><a href="https://www.orlandia.sp.gov.br/novo/wp-content/uploads/2019/06/Edição-668-de-25-de-Julho-de-2019-Edição-Extraordinária.pdf" target="_blank">&gt;&gt; Edição 668 de 25 de Julho de 2019 &#8211; Edição Extraordinária</a></p>
<p><a href="https://www.orlandia.sp.gov.br/novo/wp-content/uploads/2019/06/Edição-667-de-23-de-Julho-de-2019.pdf" target="_blank">&gt;&gt; Edição 667 de 23 de Julho de 2019</a></p>
<p><a href="https://www.orlandia.sp.gov.br/novo/wp-content/uploads/2019/06/Edição-666-de-22-de-Julho-de-2019-Edição-Extraordinária.pdf" target="_blank">&gt;&gt; Edição 666 de 22 de Julho de 2019 &#8211; Edição Extraordinária</a></p>
<p><a href="https://www.orlandia.sp.gov.br/novo/wp-content/uploads/2019/06/Edição-665-de-19-de-Julho-de-2019.pdf" target="_blank">&gt;&gt; Edição 665 de 19 de Julho de 2019</a></p>
<p><a href="https://www.orlandia.sp.gov.br/novo/wp-content/uploads/2019/06/Edição-664-de-18-de-Julho-de-2019-Edição-Extraordinária.pdf" target="_blank">&gt;&gt; Edição 664 de 18 de Julho de 2019 &#8211; Edição Extraordinária</a></p>
<p><a href="https://www.orlandia.sp.gov.br/novo/wp-content/uploads/2019/06/Edição-663-de-17-de-Julho-de-2019-Edição-Extraordinária.pdf" target="_blank">&gt;&gt; Edição 663 de 17 de Julho de 2019 &#8211; Edição Extraordinária</a></p>
<p><a href="https://www.orlandia.sp.gov.br/novo/wp-content/uploads/2019/06/Edição-662-de-16-de-Julho-de-2019.pdf" target="_blank">&gt;&gt; Edição 662 de 16 de Julho de 2019</a></p>
<p><a href="https://www.orlandia.sp.gov.br/novo/wp-content/uploads/2019/06/Edição-661-de-15-de-Julho-de-2019-Edição-Extraordinária.pdf" target="_blank">&gt;&gt; Edição 661 de 15 de Julho de 2019 &#8211; Edição Extraordinária</a></p>
<p><a href="https://www.orlandia.sp.gov.br/novo/wp-content/uploads/2019/06/Edição-660-de-12-de-Julho-de-2019.pdf" target="_blank">&gt;&gt; Edição 660 de 12 de Julho de 2019</a></p>
<p><a href="https://www.orlandia.sp.gov.br/novo/wp-content/uploads/2019/06/Edição-659-de-11-de-Julho-de-2019-Edição-Extraordinária.pdf" target="_blank">&gt;&gt; Edição 659 de 11 de Julho de 2019 &#8211; Edição Extraordinária</a></p>
<p><a href="https://www.orlandia.sp.gov.br/novo/wp-content/uploads/2019/06/Edição-658-de-10-de-Julho-de-2019-Edição-Extraordinária.pdf" target="_blank">&gt;&gt; Edição 658 de 10 de Julho de 2019 &#8211; Edição Extraordinária</a></p>
<p><a href="https://www.orlandia.sp.gov.br/novo/wp-content/uploads/2019/06/Edição-657-de-05-de-Julho-de-2019.pdf" target="_blank">&gt;&gt; Edição 657 de 05 de Julho de 2019</a></p>
<p><a href="https://www.orlandia.sp.gov.br/novo/wp-content/uploads/2019/06/Edição-656-de-04-de-Julho-de-2019-Edição-Extraordinária.pdf" target="_blank">&gt;&gt; Edição 656 de 04 de Julho de 2019 &#8211; Edição Extraordinária</a></p>
<p><a href="https://www.orlandia.sp.gov.br/novo/wp-content/uploads/2019/06/Edição-655-de-02-de-Julho-de-2019.pdf" target="_blank">&gt;&gt; Edição 655 de 02 de Julho de 2019</a></p>
<p><a href="https://www.orlandia.sp.gov.br/novo/wp-content/uploads/2019/06/Edição-654-de-01-de-Julho-de-2019.pdf" target="_blank">&gt;&gt; Edição 654 de 01 de Julho de 2019 &#8211; Edição Extraordinária</a></p>

<p>&gt;&gt; Edição 673 de 31 de Julho de 2019 &#8211; Edição Extraordinária &gt;&gt; Edição 672 de 30 de Julho de</p>

&gt;&gt; Edição 673 de 31 de Julho de 2019 &#8211; Edição Extraordinária &gt;&gt; Edição 672 de 30 de Julho de
