{"id":13913,"date":"2019-05-23T16:36:23","date_gmt":"2019-05-23T19:36:23","guid":{"rendered":"https:\/\/www.orlandia.sp.gov.br\/novo\/?page_id=13913"},"modified":"2019-05-23T17:38:02","modified_gmt":"2019-05-23T20:38:02","slug":"termos-de-colaboracao-2019","status":"publish","type":"page","link":"https:\/\/www.orlandia.sp.gov.br\/novo\/termos-de-colaboracao-2019","title":{"rendered":"Termos de Colabora\u00e7\u00e3o \u2013 2019"},"content":{"rendered":"<p><a href=\"https:\/\/www.orlandia.sp.gov.br\/novo\/wp-content\/uploads\/2019\/05\/Termo-de-Colabora\u00e7\u00e3o-01-2019-e-PT-APAE-REPASSE-MUNICIPAL.pdf\" target=\"_blank\">Termo de Colabora\u00e7\u00e3o 01 2019 e PT &#8211; APAE &#8211; REPASSE MUNICIPAL<\/a><\/p>\n<p><a href=\"https:\/\/www.orlandia.sp.gov.br\/novo\/wp-content\/uploads\/2019\/05\/Termo-de-Colabora\u00e7\u00e3o-02-2019-ADEVIRP.pdf\" target=\"_blank\">Termo de Colabora\u00e7\u00e3o 02 2019 &#8211; ADEVIRP<\/a><\/p>\n<p><a href=\"https:\/\/www.orlandia.sp.gov.br\/novo\/wp-content\/uploads\/2019\/05\/Termo-de-Colabora\u00e7\u00e3o-03-2019-e-PT-Lar-Frederico-Ozanam-Repasse-Municipal.pdf\" target=\"_blank\">Termo de Colabora\u00e7\u00e3o 03 2019 e PT- Lar Frederico Ozanam- Repasse Municipal<\/a><\/p>\n<p><a href=\"https:\/\/www.orlandia.sp.gov.br\/novo\/wp-content\/uploads\/2019\/05\/Termo-de-Colabora\u00e7\u00e3o-04-2019-e-PT-APAE-REPASSE-FEDERAL.pdf\" target=\"_blank\">Termo de Colabora\u00e7\u00e3o 04 2019 e PT &#8211; APAE &#8211; REPASSE FEDERAL<\/a><\/p>\n<p><a href=\"https:\/\/www.orlandia.sp.gov.br\/novo\/wp-content\/uploads\/2019\/05\/Termo-de-Colabora\u00e7\u00e3o-05-2019-e-PT-Creche-Get\u00falio-Lima.pdf\" target=\"_blank\">Termo de Colabora\u00e7\u00e3o 05 2019 e PT -Creche Get\u00falio Lima<\/a><\/p>\n<p><a href=\"https:\/\/www.orlandia.sp.gov.br\/novo\/wp-content\/uploads\/2019\/05\/Termo-de-Colabora\u00e7\u00e3o-06-2019-e-PT-Lar-Frderico-Ozanam-Repasse-Federal.pdf\" target=\"_blank\">Termo de Colabora\u00e7\u00e3o 06 2019 e PT &#8211; Lar Frderico Ozanam &#8211; Repasse Federal<\/a><\/p>\n<p><a href=\"https:\/\/www.orlandia.sp.gov.br\/novo\/wp-content\/uploads\/2019\/05\/Termo-de-Colabora\u00e7\u00e3o-07-2019-e-PT-FAC-Fraterno-Aux\u00edlio-Crist\u00e3o.pdf\" target=\"_blank\">Termo de Colabora\u00e7\u00e3o 07 2019 e PT- FAC &#8211; Fraterno Aux\u00edlio Crist\u00e3o<\/a><\/p>\n<p><a href=\"https:\/\/www.orlandia.sp.gov.br\/novo\/wp-content\/uploads\/2019\/05\/Termo-de-Colabora\u00e7\u00e3o-08-2019-S\u00e3o-Jos\u00e9.pdf\" target=\"_blank\">Termo de Colabora\u00e7\u00e3o 08 2019 &#8211; S\u00e3o Jos\u00e9<\/a><\/p>\n<p><a href=\"https:\/\/www.orlandia.sp.gov.br\/novo\/wp-content\/uploads\/2019\/05\/Termo-de-Colabora\u00e7\u00e3o-09-2019-Plano-de-Trabalho-Projeto-Vit\u00f3ria.pdf\" target=\"_blank\">Termo de Colabora\u00e7\u00e3o 09 2019 &#8211; Plano de Trabalho &#8211; Projeto Vit\u00f3ria<\/a><\/p>\n<p><a href=\"https:\/\/www.orlandia.sp.gov.br\/novo\/wp-content\/uploads\/2019\/05\/Termo-de-Colabora\u00e7\u00e3o-10-2019-e-PT-Corpora\u00e7\u00e3o-Musical.pdf\" target=\"_blank\">Termo de Colabora\u00e7\u00e3o 10 2019 e PT &#8211; Corpora\u00e7\u00e3o Musical<\/a><\/p>\n<p><a href=\"https:\/\/www.orlandia.sp.gov.br\/novo\/wp-content\/uploads\/2019\/05\/Termo-de-Colabora\u00e7\u00e3o-11-2019-e-PT-Padre-Jamil.pdf\" target=\"_blank\">Termo de Colabora\u00e7\u00e3o 11 2019 e PT &#8211; Padre Jamil<\/a><\/p>\n<p><a href=\"https:\/\/www.orlandia.sp.gov.br\/novo\/wp-content\/uploads\/2019\/05\/Termo-de-Colabora\u00e7\u00e3o-12-2019-e-PT-AMA-ASSOCIA\u00c7\u00c3O-AMIGOS-DO-AUTISTA.pdf\" target=\"_blank\">Termo de Colabora\u00e7\u00e3o 12 2019 e PT &#8211; AMA &#8211; ASSOCIA\u00c7\u00c3O AMIGOS DO AUTISTA<\/a><\/p>\n<p><a href=\"https:\/\/www.orlandia.sp.gov.br\/novo\/wp-content\/uploads\/2019\/05\/Termo-de-Colabora\u00e7\u00e3o-13-2019-e-PT-APAE-Repasse-Estadual.pdf\" target=\"_blank\">Termo de Colabora\u00e7\u00e3o 13 2019 e PT &#8211; APAE &#8211; Repasse Estadual<\/a><\/p>\n<p><a href=\"https:\/\/www.orlandia.sp.gov.br\/novo\/wp-content\/uploads\/2019\/05\/Termo-de-Colabora\u00e7\u00e3o-14-2019-e-PT-Lar-Frederico-Ozanam-Repasse-Estadual.pdf\" target=\"_blank\">Termo de Colabora\u00e7\u00e3o 14 2019 e PT &#8211; Lar Frederico Ozanam &#8211; Repasse Estadual<\/a><\/p>\n<p>&nbsp;<\/p>\n<p>&nbsp;<\/p>\n<p>&nbsp;<\/p>\n","protected":false},"excerpt":{"rendered":"<p>Termo de Colabora\u00e7\u00e3o 01 2019 e PT &#8211; APAE &#8211; REPASSE MUNICIPAL Termo de Colabora\u00e7\u00e3o 02 2019 &#8211; ADEVIRP Termo<\/p>\n","protected":false},"author":1,"featured_media":0,"parent":0,"menu_order":0,"comment_status":"closed","ping_status":"closed","template":"","meta":{"ngg_post_thumbnail":0,"footnotes":""},"magazineBlocksPostFeaturedMedia":{"thumbnail":false,"medium":false,"medium_large":false,"large":false,"1536x1536":false,"2048x2048":false,"colormag-highlighted-post":false,"colormag-featured-post-medium":false,"colormag-featured-post-small":false,"colormag-featured-image":false,"colormag-default-news":false,"colormag-featured-image-large":false},"magazineBlocksPostAuthor":{"name":"admin","avatar":"https:\/\/secure.gravatar.com\/avatar\/5140b312f1bcbe8516bfaa79917f11b3?s=96&d=mm&r=g"},"magazineBlocksPostCommentsNumber":false,"magazineBlocksPostExcerpt":"Termo de Colabora\u00e7\u00e3o 01 2019 e PT &#8211; APAE &#8211; REPASSE MUNICIPAL Termo de Colabora\u00e7\u00e3o 02 2019 &#8211; ADEVIRP Termo","magazineBlocksPostCategories":[],"_links":{"self":[{"href":"https:\/\/www.orlandia.sp.gov.br\/novo\/wp-json\/wp\/v2\/pages\/13913"}],"collection":[{"href":"https:\/\/www.orlandia.sp.gov.br\/novo\/wp-json\/wp\/v2\/pages"}],"about":[{"href":"https:\/\/www.orlandia.sp.gov.br\/novo\/wp-json\/wp\/v2\/types\/page"}],"author":[{"embeddable":true,"href":"https:\/\/www.orlandia.sp.gov.br\/novo\/wp-json\/wp\/v2\/users\/1"}],"replies":[{"embeddable":true,"href":"https:\/\/www.orlandia.sp.gov.br\/novo\/wp-json\/wp\/v2\/comments?post=13913"}],"version-history":[{"count":3,"href":"https:\/\/www.orlandia.sp.gov.br\/novo\/wp-json\/wp\/v2\/pages\/13913\/revisions"}],"predecessor-version":[{"id":13936,"href":"https:\/\/www.orlandia.sp.gov.br\/novo\/wp-json\/wp\/v2\/pages\/13913\/revisions\/13936"}],"wp:attachment":[{"href":"https:\/\/www.orlandia.sp.gov.br\/novo\/wp-json\/wp\/v2\/media?parent=13913"}],"curies":[{"name":"wp","href":"https:\/\/api.w.org\/{rel}","templated":true}]}}

Termos de Colaboração – 2019

<p><a href="https://www.orlandia.sp.gov.br/novo/wp-content/uploads/2019/05/Termo-de-Colaboração-01-2019-e-PT-APAE-REPASSE-MUNICIPAL.pdf" target="_blank">Termo de Colaboração 01 2019 e PT &#8211; APAE &#8211; REPASSE MUNICIPAL</a></p>
<p><a href="https://www.orlandia.sp.gov.br/novo/wp-content/uploads/2019/05/Termo-de-Colaboração-02-2019-ADEVIRP.pdf" target="_blank">Termo de Colaboração 02 2019 &#8211; ADEVIRP</a></p>
<p><a href="https://www.orlandia.sp.gov.br/novo/wp-content/uploads/2019/05/Termo-de-Colaboração-03-2019-e-PT-Lar-Frederico-Ozanam-Repasse-Municipal.pdf" target="_blank">Termo de Colaboração 03 2019 e PT- Lar Frederico Ozanam- Repasse Municipal</a></p>
<p><a href="https://www.orlandia.sp.gov.br/novo/wp-content/uploads/2019/05/Termo-de-Colaboração-04-2019-e-PT-APAE-REPASSE-FEDERAL.pdf" target="_blank">Termo de Colaboração 04 2019 e PT &#8211; APAE &#8211; REPASSE FEDERAL</a></p>
<p><a href="https://www.orlandia.sp.gov.br/novo/wp-content/uploads/2019/05/Termo-de-Colaboração-05-2019-e-PT-Creche-Getúlio-Lima.pdf" target="_blank">Termo de Colaboração 05 2019 e PT -Creche Getúlio Lima</a></p>
<p><a href="https://www.orlandia.sp.gov.br/novo/wp-content/uploads/2019/05/Termo-de-Colaboração-06-2019-e-PT-Lar-Frderico-Ozanam-Repasse-Federal.pdf" target="_blank">Termo de Colaboração 06 2019 e PT &#8211; Lar Frderico Ozanam &#8211; Repasse Federal</a></p>
<p><a href="https://www.orlandia.sp.gov.br/novo/wp-content/uploads/2019/05/Termo-de-Colaboração-07-2019-e-PT-FAC-Fraterno-Auxílio-Cristão.pdf" target="_blank">Termo de Colaboração 07 2019 e PT- FAC &#8211; Fraterno Auxílio Cristão</a></p>
<p><a href="https://www.orlandia.sp.gov.br/novo/wp-content/uploads/2019/05/Termo-de-Colaboração-08-2019-São-José.pdf" target="_blank">Termo de Colaboração 08 2019 &#8211; São José</a></p>
<p><a href="https://www.orlandia.sp.gov.br/novo/wp-content/uploads/2019/05/Termo-de-Colaboração-09-2019-Plano-de-Trabalho-Projeto-Vitória.pdf" target="_blank">Termo de Colaboração 09 2019 &#8211; Plano de Trabalho &#8211; Projeto Vitória</a></p>
<p><a href="https://www.orlandia.sp.gov.br/novo/wp-content/uploads/2019/05/Termo-de-Colaboração-10-2019-e-PT-Corporação-Musical.pdf" target="_blank">Termo de Colaboração 10 2019 e PT &#8211; Corporação Musical</a></p>
<p><a href="https://www.orlandia.sp.gov.br/novo/wp-content/uploads/2019/05/Termo-de-Colaboração-11-2019-e-PT-Padre-Jamil.pdf" target="_blank">Termo de Colaboração 11 2019 e PT &#8211; Padre Jamil</a></p>
<p><a href="https://www.orlandia.sp.gov.br/novo/wp-content/uploads/2019/05/Termo-de-Colaboração-12-2019-e-PT-AMA-ASSOCIAÇÃO-AMIGOS-DO-AUTISTA.pdf" target="_blank">Termo de Colaboração 12 2019 e PT &#8211; AMA &#8211; ASSOCIAÇÃO AMIGOS DO AUTISTA</a></p>
<p><a href="https://www.orlandia.sp.gov.br/novo/wp-content/uploads/2019/05/Termo-de-Colaboração-13-2019-e-PT-APAE-Repasse-Estadual.pdf" target="_blank">Termo de Colaboração 13 2019 e PT &#8211; APAE &#8211; Repasse Estadual</a></p>
<p><a href="https://www.orlandia.sp.gov.br/novo/wp-content/uploads/2019/05/Termo-de-Colaboração-14-2019-e-PT-Lar-Frederico-Ozanam-Repasse-Estadual.pdf" target="_blank">Termo de Colaboração 14 2019 e PT &#8211; Lar Frederico Ozanam &#8211; Repasse Estadual</a></p>
<p>&nbsp;</p>
<p>&nbsp;</p>
<p>&nbsp;</p>

<p>Termo de Colaboração 01 2019 e PT &#8211; APAE &#8211; REPASSE MUNICIPAL Termo de Colaboração 02 2019 &#8211; ADEVIRP Termo</p>

Termo de Colaboração 01 2019 e PT &#8211; APAE &#8211; REPASSE MUNICIPAL Termo de Colaboração 02 2019 &#8211; ADEVIRP Termo
