{"id":13903,"date":"2019-05-23T16:23:33","date_gmt":"2019-05-23T19:23:33","guid":{"rendered":"https:\/\/www.orlandia.sp.gov.br\/novo\/?page_id=13903"},"modified":"2020-06-15T17:09:24","modified_gmt":"2020-06-15T20:09:24","slug":"relacao-de-parcerias-celebradas-2019","status":"publish","type":"page","link":"https:\/\/www.orlandia.sp.gov.br\/novo\/relacao-de-parcerias-celebradas-2019","title":{"rendered":"Rela\u00e7\u00e3o de Parcerias Celebradas \u2013 2019"},"content":{"rendered":"<p><a href=\"https:\/\/www.orlandia.sp.gov.br\/novo\/wp-content\/uploads\/2020\/06\/Rela\u00e7\u00e3o-parcerias-2019-CMDCA.pdf\" target=\"_blank\">&gt;&gt; Rela\u00e7\u00e3o Parcerias 2019 &#8211; CMDCA<\/a><\/p>\n<p><a href=\"https:\/\/www.orlandia.sp.gov.br\/novo\/wp-content\/uploads\/2019\/05\/Rela\u00e7\u00e3o-parcerias-2019.pdf\" target=\"_blank\">&gt;&gt; Rela\u00e7\u00e3o Parcerias 2019<\/a><\/p>\n","protected":false},"excerpt":{"rendered":"<p>&gt;&gt; Rela\u00e7\u00e3o Parcerias 2019 &#8211; CMDCA &gt;&gt; Rela\u00e7\u00e3o Parcerias 2019<\/p>\n","protected":false},"author":1,"featured_media":0,"parent":0,"menu_order":0,"comment_status":"closed","ping_status":"closed","template":"","meta":{"ngg_post_thumbnail":0,"footnotes":""},"magazineBlocksPostFeaturedMedia":{"thumbnail":false,"medium":false,"medium_large":false,"large":false,"1536x1536":false,"2048x2048":false,"colormag-highlighted-post":false,"colormag-featured-post-medium":false,"colormag-featured-post-small":false,"colormag-featured-image":false,"colormag-default-news":false,"colormag-featured-image-large":false},"magazineBlocksPostAuthor":{"name":"admin","avatar":"https:\/\/secure.gravatar.com\/avatar\/5140b312f1bcbe8516bfaa79917f11b3?s=96&d=mm&r=g"},"magazineBlocksPostCommentsNumber":false,"magazineBlocksPostExcerpt":"&gt;&gt; Rela\u00e7\u00e3o Parcerias 2019 &#8211; CMDCA &gt;&gt; Rela\u00e7\u00e3o Parcerias 2019","magazineBlocksPostCategories":[],"_links":{"self":[{"href":"https:\/\/www.orlandia.sp.gov.br\/novo\/wp-json\/wp\/v2\/pages\/13903"}],"collection":[{"href":"https:\/\/www.orlandia.sp.gov.br\/novo\/wp-json\/wp\/v2\/pages"}],"about":[{"href":"https:\/\/www.orlandia.sp.gov.br\/novo\/wp-json\/wp\/v2\/types\/page"}],"author":[{"embeddable":true,"href":"https:\/\/www.orlandia.sp.gov.br\/novo\/wp-json\/wp\/v2\/users\/1"}],"replies":[{"embeddable":true,"href":"https:\/\/www.orlandia.sp.gov.br\/novo\/wp-json\/wp\/v2\/comments?post=13903"}],"version-history":[{"count":5,"href":"https:\/\/www.orlandia.sp.gov.br\/novo\/wp-json\/wp\/v2\/pages\/13903\/revisions"}],"predecessor-version":[{"id":15885,"href":"https:\/\/www.orlandia.sp.gov.br\/novo\/wp-json\/wp\/v2\/pages\/13903\/revisions\/15885"}],"wp:attachment":[{"href":"https:\/\/www.orlandia.sp.gov.br\/novo\/wp-json\/wp\/v2\/media?parent=13903"}],"curies":[{"name":"wp","href":"https:\/\/api.w.org\/{rel}","templated":true}]}}