{"id":13796,"date":"2019-04-29T17:01:33","date_gmt":"2019-04-29T20:01:33","guid":{"rendered":"https:\/\/www.orlandia.sp.gov.br\/novo\/?page_id=13796"},"modified":"2019-07-31T12:11:59","modified_gmt":"2019-07-31T15:11:59","slug":"jornal-oficial-de-orlandia-maio-de-2019","status":"publish","type":"page","link":"https:\/\/www.orlandia.sp.gov.br\/novo\/jornal-oficial-de-orlandia-maio-de-2019","title":{"rendered":"Jornal Oficial de Orl\u00e2ndia &#8211; Maio de 2019"},"content":{"rendered":"<p><a href=\"https:\/\/www.orlandia.sp.gov.br\/novo\/wp-content\/uploads\/2019\/04\/Edi\u00e7\u00e3o-640-de-31-de-Maio-de-2019.pdf\" target=\"_blank\">&gt;&gt; Edi\u00e7\u00e3o 640 de 31 de Maio de 2019<\/a><\/p>\n<p><a href=\"https:\/\/www.orlandia.sp.gov.br\/novo\/wp-content\/uploads\/2019\/04\/Edi\u00e7\u00e3o-639-de-29-de-Maio-de-2019-Edi\u00e7\u00e3o-Extraordin\u00e1ria.pdf\" target=\"_blank\">&gt;&gt; Edi\u00e7\u00e3o 639 de 29 de Maio de 2019 &#8211; Edi\u00e7\u00e3o Extraordin\u00e1ria<\/a><\/p>\n<p><a href=\"https:\/\/www.orlandia.sp.gov.br\/novo\/wp-content\/uploads\/2019\/04\/Edi\u00e7\u00e3o-638-de-28-de-Maio-de-2019.pdf\" target=\"_blank\">&gt;&gt; Edi\u00e7\u00e3o 638 de 28 de Maio de 2019<\/a><\/p>\n<p><a href=\"https:\/\/www.orlandia.sp.gov.br\/novo\/wp-content\/uploads\/2019\/04\/Edi\u00e7\u00e3o-637-de-27-de-Maio-de-2019-Edi\u00e7\u00e3o-Extraordin\u00e1ria.pdf\" target=\"_blank\">&gt;&gt; Edi\u00e7\u00e3o 637 de 27 de Maio de 2019 &#8211; Edi\u00e7\u00e3o Extraordin\u00e1ria<\/a><\/p>\n<p><a href=\"https:\/\/www.orlandia.sp.gov.br\/novo\/wp-content\/uploads\/2019\/04\/Edi\u00e7\u00e3o-636-de-24-de-Maio-de-2019.pdf\" target=\"_blank\">&gt;&gt; Edi\u00e7\u00e3o 636 de 24 de Maio de 2019<\/a><\/p>\n<p><a href=\"https:\/\/www.orlandia.sp.gov.br\/novo\/wp-content\/uploads\/2019\/04\/Edi\u00e7\u00e3o-635-de-23-de-Maio-de-2019-Edi\u00e7\u00e3o-Extraordin\u00e1ria.pdf\" target=\"_blank\">&gt;&gt; Edi\u00e7\u00e3o 635 de 23 de Maio de 2019 &#8211; Edi\u00e7\u00e3o Extraordin\u00e1ria<\/a><\/p>\n<p><a href=\"https:\/\/www.orlandia.sp.gov.br\/novo\/wp-content\/uploads\/2019\/04\/Edi\u00e7\u00e3o-634-de-22-de-Maio-de-2019-Edi\u00e7\u00e3o-Extraordin\u00e1ria.pdf\" target=\"_blank\">&gt;&gt; Edi\u00e7\u00e3o 634 de 22 de Maio de 2019 &#8211; Edi\u00e7\u00e3o Extraordin\u00e1ria<\/a><\/p>\n<p><a href=\"https:\/\/www.orlandia.sp.gov.br\/novo\/wp-content\/uploads\/2019\/04\/Edi\u00e7\u00e3o-633-de-21-de-Maio-de-2019.pdf\" target=\"_blank\">&gt;&gt; Edi\u00e7\u00e3o 633 de 21 de Maio de 2019<\/a><\/p>\n<p><a href=\"https:\/\/www.orlandia.sp.gov.br\/novo\/wp-content\/uploads\/2019\/04\/Edi\u00e7\u00e3o-632-de-20-de-Maio-de-2019-Edi\u00e7\u00e3o-Extraordin\u00e1ria.pdf\" target=\"_blank\">&gt;&gt; Edi\u00e7\u00e3o 632 de 20 de Maio de 2019 &#8211; Edi\u00e7\u00e3o Extraordin\u00e1ria<\/a><\/p>\n<p><a href=\"https:\/\/www.orlandia.sp.gov.br\/novo\/wp-content\/uploads\/2019\/04\/Edi\u00e7\u00e3o-631-de-17-de-Maio-de-2019.pdf\" target=\"_blank\">&gt;&gt; Edi\u00e7\u00e3o 631 de 17 de Maio de 2019<\/a><\/p>\n<p><a href=\"https:\/\/www.orlandia.sp.gov.br\/novo\/wp-content\/uploads\/2019\/04\/Edi\u00e7\u00e3o-630-de-16-de-Maio-de-2019-Edi\u00e7\u00e3o-Extraordin\u00e1ria.pdf\" target=\"_blank\">&gt;&gt; Edi\u00e7\u00e3o 630 de 16 de Maio de 2019 &#8211; Edi\u00e7\u00e3o Extraordin\u00e1ria<\/a><\/p>\n<p><a href=\"https:\/\/www.orlandia.sp.gov.br\/novo\/wp-content\/uploads\/2019\/04\/Edi\u00e7\u00e3o-629-de-15-de-Maio-de-2019-Edi\u00e7\u00e3o-Extraordin\u00e1ria.pdf\" target=\"_blank\">&gt;&gt; Edi\u00e7\u00e3o 629 de 15 de Maio de 2019 &#8211; Edi\u00e7\u00e3o Extraordin\u00e1ria<\/a><\/p>\n<p><a href=\"https:\/\/www.orlandia.sp.gov.br\/novo\/wp-content\/uploads\/2019\/04\/Edi\u00e7\u00e3o-628-de-14-de-Maio-de-2019.pdf\" target=\"_blank\">&gt;&gt; Edi\u00e7\u00e3o 628 de 14 de Maio de 2019<\/a><\/p>\n<p><a href=\"https:\/\/www.orlandia.sp.gov.br\/novo\/wp-content\/uploads\/2019\/04\/Edi\u00e7\u00e3o-627-de-13-de-Maio-de-2019-Edi\u00e7\u00e3o-Extraordin\u00e1ria.pdf\" target=\"_blank\">&gt;&gt; Edi\u00e7\u00e3o 627 de 13 de Maio de 2019 &#8211; Edi\u00e7\u00e3o Extraordin\u00e1ria<\/a><\/p>\n<p><a href=\"https:\/\/www.orlandia.sp.gov.br\/novo\/wp-content\/uploads\/2019\/04\/Edi\u00e7\u00e3o-626-de-10-de-Maio-de-2019.pdf\" target=\"_blank\">&gt;&gt; Edi\u00e7\u00e3o 626 de 10 de Maio de 2019<\/a><\/p>\n<p><a href=\"https:\/\/www.orlandia.sp.gov.br\/novo\/wp-content\/uploads\/2019\/04\/Edi\u00e7\u00e3o-625-de-09-de-Maio-de-2019-Edi\u00e7\u00e3o-Extraordin\u00e1ria.pdf\" target=\"_blank\">&gt;&gt; Edi\u00e7\u00e3o 625 de 09 de Maio de 2019 &#8211; Edi\u00e7\u00e3o Extraordin\u00e1ria<\/a><\/p>\n<p><a href=\"https:\/\/www.orlandia.sp.gov.br\/novo\/wp-content\/uploads\/2019\/04\/Edi\u00e7\u00e3o-624-de-08-de-Maio-de-2019-Edi\u00e7\u00e3o-Extraordin\u00e1ria.pdf\" target=\"_blank\">&gt;&gt; Edi\u00e7\u00e3o 624 de 08 de Maio de 2019 &#8211; Edi\u00e7\u00e3o Extraordin\u00e1ria<\/a><\/p>\n<p><a href=\"https:\/\/www.orlandia.sp.gov.br\/novo\/wp-content\/uploads\/2019\/04\/Edi\u00e7\u00e3o-623-de-07-de-Maio-de-2019.pdf\" target=\"_blank\">&gt;&gt; Edi\u00e7\u00e3o 623 de 07 de Maio de 2019<\/a><\/p>\n<p><a href=\"https:\/\/www.orlandia.sp.gov.br\/novo\/wp-content\/uploads\/2019\/04\/Edi\u00e7\u00e3o-622-de-03-de-Maio-de-2019.pdf\" target=\"_blank\">&gt;&gt; Edi\u00e7\u00e3o 622 de 03 de Maio de 2019<\/a><\/p>\n<p><a href=\"https:\/\/www.orlandia.sp.gov.br\/novo\/wp-content\/uploads\/2019\/04\/Edi\u00e7\u00e3o-621-de-02-de-Maio-de-2019-Edi\u00e7\u00e3o-Extraordin\u00e1ria.pdf\" target=\"_blank\">&gt;&gt; Edi\u00e7\u00e3o 621 de 02 de Maio de 2019 &#8211; Edi\u00e7\u00e3o Extraordin\u00e1ria<\/a><\/p>\n","protected":false},"excerpt":{"rendered":"<p>&gt;&gt; Edi\u00e7\u00e3o 640 de 31 de Maio de 2019 &gt;&gt; Edi\u00e7\u00e3o 639 de 29 de Maio de 2019 &#8211; Edi\u00e7\u00e3o<\/p>\n","protected":false},"author":1,"featured_media":0,"parent":0,"menu_order":0,"comment_status":"closed","ping_status":"closed","template":"","meta":{"ngg_post_thumbnail":0,"footnotes":""},"magazineBlocksPostFeaturedMedia":{"thumbnail":false,"medium":false,"medium_large":false,"large":false,"1536x1536":false,"2048x2048":false,"colormag-highlighted-post":false,"colormag-featured-post-medium":false,"colormag-featured-post-small":false,"colormag-featured-image":false,"colormag-default-news":false,"colormag-featured-image-large":false},"magazineBlocksPostAuthor":{"name":"admin","avatar":"https:\/\/secure.gravatar.com\/avatar\/5140b312f1bcbe8516bfaa79917f11b3?s=96&d=mm&r=g"},"magazineBlocksPostCommentsNumber":false,"magazineBlocksPostExcerpt":"&gt;&gt; Edi\u00e7\u00e3o 640 de 31 de Maio de 2019 &gt;&gt; Edi\u00e7\u00e3o 639 de 29 de Maio de 2019 &#8211; Edi\u00e7\u00e3o","magazineBlocksPostCategories":[],"_links":{"self":[{"href":"https:\/\/www.orlandia.sp.gov.br\/novo\/wp-json\/wp\/v2\/pages\/13796"}],"collection":[{"href":"https:\/\/www.orlandia.sp.gov.br\/novo\/wp-json\/wp\/v2\/pages"}],"about":[{"href":"https:\/\/www.orlandia.sp.gov.br\/novo\/wp-json\/wp\/v2\/types\/page"}],"author":[{"embeddable":true,"href":"https:\/\/www.orlandia.sp.gov.br\/novo\/wp-json\/wp\/v2\/users\/1"}],"replies":[{"embeddable":true,"href":"https:\/\/www.orlandia.sp.gov.br\/novo\/wp-json\/wp\/v2\/comments?post=13796"}],"version-history":[{"count":24,"href":"https:\/\/www.orlandia.sp.gov.br\/novo\/wp-json\/wp\/v2\/pages\/13796\/revisions"}],"predecessor-version":[{"id":13994,"href":"https:\/\/www.orlandia.sp.gov.br\/novo\/wp-json\/wp\/v2\/pages\/13796\/revisions\/13994"}],"wp:attachment":[{"href":"https:\/\/www.orlandia.sp.gov.br\/novo\/wp-json\/wp\/v2\/media?parent=13796"}],"curies":[{"name":"wp","href":"https:\/\/api.w.org\/{rel}","templated":true}]}}