{"id":13687,"date":"2019-04-10T14:54:12","date_gmt":"2019-04-10T17:54:12","guid":{"rendered":"https:\/\/www.orlandia.sp.gov.br\/novo\/?page_id=13687"},"modified":"2021-01-22T15:10:10","modified_gmt":"2021-01-22T18:10:10","slug":"assistencia_farmaceutica","status":"publish","type":"page","link":"https:\/\/www.orlandia.sp.gov.br\/novo\/assistencia_farmaceutica","title":{"rendered":"Assist\u00eancia Farmac\u00eautica"},"content":{"rendered":"<div class=\"wpb-content-wrapper\"><p>[vc_row][vc_column][vc_column_text]<\/p>\n<table style=\"width: 100%;\">\n<tbody>\n<tr style=\"height: 85px;\">\n<td style=\"border: 10px #fff solid; background-color: #f06c60; font-size: 25px; text-align: center; width: 50%;\"><a style=\"display: block; width: 100%; height: 30px; padding-top: 20px; color: white;\" href=\" https:\/\/www.orlandia.sp.gov.br\/novo\/lista-de-medicamentos\">Lista de Medicamentos <\/a><\/td>\n<td style=\"border: 10px #fff solid; background-color: #6b75e4cc; font-size: 25px; text-align: center; width: 50%;\"><a style=\"display: block; width: 100%; height: 45px; padding-top: 20px; color: white;\" href=\" https:\/\/www.orlandia.sp.gov.br\/novo\/comissao-de-farmacia-e-terapeutica\">Comiss\u00e3o de Farm\u00e1cia e Terap\u00eautica<\/a><\/td>\n<\/tr>\n<\/tbody>\n<tbody>\n<tr style=\"height: 85px;\">\n<td style=\"border: 10px #fff solid; background-color: #f06c60; font-size: 25px; text-align: center; width: 50%;\"><a style=\"display: block; width: 100%; height: 30px; padding-top: 20px; color: white;\" href=\" https:\/\/www.orlandia.sp.gov.br\/novo\/medicamentos-especializados\">Medicamentos especializados <\/a><\/td>\n<\/tr>\n<\/tbody>\n<\/table>\n<p>[\/vc_column_text][\/vc_column][\/vc_row]<\/p>\n<\/div>","protected":false},"excerpt":{"rendered":"<p>[vc_row][vc_column][vc_column_text] Lista de Medicamentos Comiss\u00e3o de Farm\u00e1cia e Terap\u00eautica Medicamentos especializados [\/vc_column_text][\/vc_column][\/vc_row]<\/p>\n","protected":false},"author":1,"featured_media":0,"parent":0,"menu_order":0,"comment_status":"closed","ping_status":"closed","template":"","meta":{"ngg_post_thumbnail":0,"footnotes":""},"magazineBlocksPostFeaturedMedia":{"thumbnail":false,"medium":false,"medium_large":false,"large":false,"1536x1536":false,"2048x2048":false,"colormag-highlighted-post":false,"colormag-featured-post-medium":false,"colormag-featured-post-small":false,"colormag-featured-image":false,"colormag-default-news":false,"colormag-featured-image-large":false},"magazineBlocksPostAuthor":{"name":"admin","avatar":"https:\/\/secure.gravatar.com\/avatar\/5140b312f1bcbe8516bfaa79917f11b3?s=96&d=mm&r=g"},"magazineBlocksPostCommentsNumber":false,"magazineBlocksPostExcerpt":"[vc_row][vc_column][vc_column_text] Lista de Medicamentos Comiss\u00e3o de Farm\u00e1cia e Terap\u00eautica Medicamentos especializados [\/vc_column_text][\/vc_column][\/vc_row]","magazineBlocksPostCategories":[],"_links":{"self":[{"href":"https:\/\/www.orlandia.sp.gov.br\/novo\/wp-json\/wp\/v2\/pages\/13687"}],"collection":[{"href":"https:\/\/www.orlandia.sp.gov.br\/novo\/wp-json\/wp\/v2\/pages"}],"about":[{"href":"https:\/\/www.orlandia.sp.gov.br\/novo\/wp-json\/wp\/v2\/types\/page"}],"author":[{"embeddable":true,"href":"https:\/\/www.orlandia.sp.gov.br\/novo\/wp-json\/wp\/v2\/users\/1"}],"replies":[{"embeddable":true,"href":"https:\/\/www.orlandia.sp.gov.br\/novo\/wp-json\/wp\/v2\/comments?post=13687"}],"version-history":[{"count":11,"href":"https:\/\/www.orlandia.sp.gov.br\/novo\/wp-json\/wp\/v2\/pages\/13687\/revisions"}],"predecessor-version":[{"id":17442,"href":"https:\/\/www.orlandia.sp.gov.br\/novo\/wp-json\/wp\/v2\/pages\/13687\/revisions\/17442"}],"wp:attachment":[{"href":"https:\/\/www.orlandia.sp.gov.br\/novo\/wp-json\/wp\/v2\/media?parent=13687"}],"curies":[{"name":"wp","href":"https:\/\/api.w.org\/{rel}","templated":true}]}}