{"id":13525,"date":"2019-02-28T17:38:05","date_gmt":"2019-02-28T20:38:05","guid":{"rendered":"https:\/\/www.orlandia.sp.gov.br\/novo\/?page_id=13525"},"modified":"2019-03-29T18:01:23","modified_gmt":"2019-03-29T21:01:23","slug":"jornal-oficial-de-orlandia-marco-de-2019","status":"publish","type":"page","link":"https:\/\/www.orlandia.sp.gov.br\/novo\/jornal-oficial-de-orlandia-marco-de-2019","title":{"rendered":"Jornal Oficial de Orl\u00e2ndia &#8211; Mar\u00e7o de 2019"},"content":{"rendered":"<p><a href=\"https:\/\/www.orlandia.sp.gov.br\/novo\/wp-content\/uploads\/2019\/02\/Edi\u00e7\u00e3o-597-de-29-de-Mar\u00e7o-de-2019.pdf\" target=\"_blank\">&gt;&gt; Edi\u00e7\u00e3o 597 de 29 de Mar\u00e7o de 2019<\/a><\/p>\n<p><a href=\"https:\/\/www.orlandia.sp.gov.br\/novo\/wp-content\/uploads\/2019\/02\/Edi\u00e7\u00e3o-596-de-28-de-Mar\u00e7o-de-2019-Edi\u00e7\u00e3o-Extraordin\u00e1ria.pdf\" target=\"_blank\">&gt;&gt; Edi\u00e7\u00e3o 596 de 28 de Mar\u00e7o de 2019 &#8211; Edi\u00e7\u00e3o Extraordin\u00e1ria<\/a><\/p>\n<p><a href=\"https:\/\/www.orlandia.sp.gov.br\/novo\/wp-content\/uploads\/2019\/02\/Edi\u00e7\u00e3o-595-de-27-de-Mar\u00e7o-de-2019-Edi\u00e7\u00e3o-Extraordin\u00e1ria.pdf\" target=\"_blank\">&gt;&gt; Edi\u00e7\u00e3o 595 de 27 de Mar\u00e7o de 2019 &#8211; Edi\u00e7\u00e3o Extraordin\u00e1ria<\/a><\/p>\n<p><a href=\"https:\/\/www.orlandia.sp.gov.br\/novo\/wp-content\/uploads\/2019\/02\/Edi\u00e7\u00e3o-594-de-26-de-Mar\u00e7o-de-2019.pdf\" target=\"_blank\">&gt;&gt; Edi\u00e7\u00e3o 594 de 26 de Mar\u00e7o de 2019<\/a><\/p>\n<p><a href=\"https:\/\/www.orlandia.sp.gov.br\/novo\/wp-content\/uploads\/2019\/02\/Edi\u00e7\u00e3o-593-de-25-de-Mar\u00e7o-de-2019-Edi\u00e7\u00e3o-Extraordin\u00e1ria.pdf\" target=\"_blank\">&gt;&gt; Edi\u00e7\u00e3o 593 de 25 de Mar\u00e7o de 2019 &#8211; Edi\u00e7\u00e3o Extraordin\u00e1ria<\/a><\/p>\n<p><a href=\"https:\/\/www.orlandia.sp.gov.br\/novo\/wp-content\/uploads\/2019\/02\/Edi\u00e7\u00e3o-592-de-22-de-Mar\u00e7o-de-2019.pdf\" target=\"_blank\">&gt;&gt; Edi\u00e7\u00e3o 592 de 22 de Mar\u00e7o de 2019<\/a><\/p>\n<p><a href=\"https:\/\/www.orlandia.sp.gov.br\/novo\/wp-content\/uploads\/2019\/02\/Edi\u00e7\u00e3o-591-de-21-de-Mar\u00e7o-de-2019-Edi\u00e7\u00e3o-Extraordin\u00e1ria.pdf\" target=\"_blank\">&gt;&gt; Edi\u00e7\u00e3o 591 de 21 de Mar\u00e7o de 2019 &#8211; Edi\u00e7\u00e3o Extraordin\u00e1ria<\/a><\/p>\n<p><a href=\"https:\/\/www.orlandia.sp.gov.br\/novo\/wp-content\/uploads\/2019\/02\/Edi\u00e7\u00e3o-590-de-20-de-Mar\u00e7o-de-2019-Edi\u00e7\u00e3o-Extraordin\u00e1ria.pdf\" target=\"_blank\">&gt;&gt; Edi\u00e7\u00e3o 590 de 20 de Mar\u00e7o de 2019 &#8211; Edi\u00e7\u00e3o Extraordin\u00e1ria<\/a><\/p>\n<p><a href=\"https:\/\/www.orlandia.sp.gov.br\/novo\/wp-content\/uploads\/2019\/02\/Edi\u00e7\u00e3o-589-de-15-de-Mar\u00e7o-de-2019-Edi\u00e7\u00e3o-Extraordin\u00e1ria.pdf\" target=\"_blank\">&gt;&gt; Edi\u00e7\u00e3o 589 de 15 de Mar\u00e7o de 2019 &#8211; Edi\u00e7\u00e3o Extraordin\u00e1ria<\/a><\/p>\n<p><a href=\"https:\/\/www.orlandia.sp.gov.br\/novo\/wp-content\/uploads\/2019\/02\/Edi\u00e7\u00e3o-588-de-15-de-Mar\u00e7o-de-2019.pdf\" target=\"_blank\">&gt;&gt; Edi\u00e7\u00e3o 588 de 15 de Mar\u00e7o de 2019<\/a><\/p>\n<p><a href=\"https:\/\/www.orlandia.sp.gov.br\/novo\/wp-content\/uploads\/2019\/02\/Edi\u00e7\u00e3o-587-de-14-de-Mar\u00e7o-de-2019-Edi\u00e7\u00e3o-Extraordin\u00e1ria.pdf\" target=\"_blank\">&gt;&gt; Edi\u00e7\u00e3o 587 de 14 de Mar\u00e7o de 2019 &#8211; Edi\u00e7\u00e3o Extraordin\u00e1ria<\/a><\/p>\n<p><a href=\"https:\/\/www.orlandia.sp.gov.br\/novo\/wp-content\/uploads\/2019\/02\/Edi\u00e7\u00e3o-586-de-13-de-Mar\u00e7o-de-2019-Edi\u00e7\u00e3o-Extraordin\u00e1ria.pdf\" target=\"_blank\">&gt;&gt; Edi\u00e7\u00e3o 586 de 13 de Mar\u00e7o de 2019 &#8211; Edi\u00e7\u00e3o Extraordin\u00e1ria<\/a><\/p>\n<p><a href=\"https:\/\/www.orlandia.sp.gov.br\/novo\/wp-content\/uploads\/2019\/02\/Edi\u00e7\u00e3o-585-de-12-de-Mar\u00e7o-de-2019.pdf\" target=\"_blank\">&gt;&gt; Edi\u00e7\u00e3o 585 de 12 de Mar\u00e7o de 2019<\/a><\/p>\n<p><a href=\"https:\/\/www.orlandia.sp.gov.br\/novo\/wp-content\/uploads\/2019\/02\/Edi\u00e7\u00e3o-584-de-11-de-Mar\u00e7o-de-2019.pdf\" target=\"_blank\">&gt;&gt; Edi\u00e7\u00e3o 584 de 11 de Mar\u00e7o de 2019 &#8211; Edi\u00e7\u00e3o Extraordin\u00e1ria<\/a><\/p>\n<p><a href=\"https:\/\/www.orlandia.sp.gov.br\/novo\/wp-content\/uploads\/2019\/02\/Edi\u00e7\u00e3o-583-de-08-de-Mar\u00e7o-de-2019-Edi\u00e7\u00e3o-Extraordin\u00e1ria.pdf\" target=\"_blank\">&gt;&gt; Edi\u00e7\u00e3o 583 de 08 de Mar\u00e7o de 2019 &#8211; Edi\u00e7\u00e3o Extraordin\u00e1ria<\/a><\/p>\n<p><a href=\"https:\/\/www.orlandia.sp.gov.br\/novo\/wp-content\/uploads\/2019\/02\/Edi\u00e7\u00e3o-582-de-08-de-Mar\u00e7o-de-2019.pdf\" target=\"_blank\">&gt;&gt; Edi\u00e7\u00e3o 582 de 08 de Mar\u00e7o de 2019<\/a><\/p>\n<p><a href=\"https:\/\/www.orlandia.sp.gov.br\/novo\/wp-content\/uploads\/2019\/02\/Edi\u00e7\u00e3o-581-de-07-de-Mar\u00e7o-de-2019-Edi\u00e7\u00e3o-Extraordin\u00e1ria.pdf\" target=\"_blank\">&gt;&gt; Edi\u00e7\u00e3o 581 de 07 de Mar\u00e7o de 2019 &#8211; Edi\u00e7\u00e3o Extraordin\u00e1ria<\/a><\/p>\n<p><a href=\"https:\/\/www.orlandia.sp.gov.br\/novo\/wp-content\/uploads\/2019\/02\/Edi\u00e7\u00e3o-580-de-06-de-Mar\u00e7o-de-2019-Edi\u00e7\u00e3o-Extraordin\u00e1ria.pdf\" target=\"_blank\">&gt;&gt; Edi\u00e7\u00e3o 580 de 06 de Mar\u00e7o de 2019 &#8211; Edi\u00e7\u00e3o Extraordin\u00e1ria<\/a><\/p>\n<p><a href=\"https:\/\/www.orlandia.sp.gov.br\/novo\/wp-content\/uploads\/2019\/02\/Edi\u00e7\u00e3o-579-de-01-de-Mar\u00e7o-de-2019.pdf\" target=\"_blank\">&gt;&gt; Edi\u00e7\u00e3o 579 de 01 de Mar\u00e7o de 2019<\/a><\/p>\n","protected":false},"excerpt":{"rendered":"<p>&gt;&gt; Edi\u00e7\u00e3o 597 de 29 de Mar\u00e7o de 2019 &gt;&gt; Edi\u00e7\u00e3o 596 de 28 de Mar\u00e7o de 2019 &#8211; Edi\u00e7\u00e3o<\/p>\n","protected":false},"author":1,"featured_media":0,"parent":0,"menu_order":0,"comment_status":"closed","ping_status":"closed","template":"","meta":{"ngg_post_thumbnail":0,"footnotes":""},"magazineBlocksPostFeaturedMedia":{"thumbnail":false,"medium":false,"medium_large":false,"large":false,"1536x1536":false,"2048x2048":false,"colormag-highlighted-post":false,"colormag-featured-post-medium":false,"colormag-featured-post-small":false,"colormag-featured-image":false,"colormag-default-news":false,"colormag-featured-image-large":false},"magazineBlocksPostAuthor":{"name":"admin","avatar":"https:\/\/secure.gravatar.com\/avatar\/5140b312f1bcbe8516bfaa79917f11b3?s=96&d=mm&r=g"},"magazineBlocksPostCommentsNumber":false,"magazineBlocksPostExcerpt":"&gt;&gt; Edi\u00e7\u00e3o 597 de 29 de Mar\u00e7o de 2019 &gt;&gt; Edi\u00e7\u00e3o 596 de 28 de Mar\u00e7o de 2019 &#8211; Edi\u00e7\u00e3o","magazineBlocksPostCategories":[],"_links":{"self":[{"href":"https:\/\/www.orlandia.sp.gov.br\/novo\/wp-json\/wp\/v2\/pages\/13525"}],"collection":[{"href":"https:\/\/www.orlandia.sp.gov.br\/novo\/wp-json\/wp\/v2\/pages"}],"about":[{"href":"https:\/\/www.orlandia.sp.gov.br\/novo\/wp-json\/wp\/v2\/types\/page"}],"author":[{"embeddable":true,"href":"https:\/\/www.orlandia.sp.gov.br\/novo\/wp-json\/wp\/v2\/users\/1"}],"replies":[{"embeddable":true,"href":"https:\/\/www.orlandia.sp.gov.br\/novo\/wp-json\/wp\/v2\/comments?post=13525"}],"version-history":[{"count":22,"href":"https:\/\/www.orlandia.sp.gov.br\/novo\/wp-json\/wp\/v2\/pages\/13525\/revisions"}],"predecessor-version":[{"id":13630,"href":"https:\/\/www.orlandia.sp.gov.br\/novo\/wp-json\/wp\/v2\/pages\/13525\/revisions\/13630"}],"wp:attachment":[{"href":"https:\/\/www.orlandia.sp.gov.br\/novo\/wp-json\/wp\/v2\/media?parent=13525"}],"curies":[{"name":"wp","href":"https:\/\/api.w.org\/{rel}","templated":true}]}}

Jornal Oficial de Orlândia &#8211; Março de 2019

<p><a href="https://www.orlandia.sp.gov.br/novo/wp-content/uploads/2019/02/Edição-597-de-29-de-Março-de-2019.pdf" target="_blank">&gt;&gt; Edição 597 de 29 de Março de 2019</a></p>
<p><a href="https://www.orlandia.sp.gov.br/novo/wp-content/uploads/2019/02/Edição-596-de-28-de-Março-de-2019-Edição-Extraordinária.pdf" target="_blank">&gt;&gt; Edição 596 de 28 de Março de 2019 &#8211; Edição Extraordinária</a></p>
<p><a href="https://www.orlandia.sp.gov.br/novo/wp-content/uploads/2019/02/Edição-595-de-27-de-Março-de-2019-Edição-Extraordinária.pdf" target="_blank">&gt;&gt; Edição 595 de 27 de Março de 2019 &#8211; Edição Extraordinária</a></p>
<p><a href="https://www.orlandia.sp.gov.br/novo/wp-content/uploads/2019/02/Edição-594-de-26-de-Março-de-2019.pdf" target="_blank">&gt;&gt; Edição 594 de 26 de Março de 2019</a></p>
<p><a href="https://www.orlandia.sp.gov.br/novo/wp-content/uploads/2019/02/Edição-593-de-25-de-Março-de-2019-Edição-Extraordinária.pdf" target="_blank">&gt;&gt; Edição 593 de 25 de Março de 2019 &#8211; Edição Extraordinária</a></p>
<p><a href="https://www.orlandia.sp.gov.br/novo/wp-content/uploads/2019/02/Edição-592-de-22-de-Março-de-2019.pdf" target="_blank">&gt;&gt; Edição 592 de 22 de Março de 2019</a></p>
<p><a href="https://www.orlandia.sp.gov.br/novo/wp-content/uploads/2019/02/Edição-591-de-21-de-Março-de-2019-Edição-Extraordinária.pdf" target="_blank">&gt;&gt; Edição 591 de 21 de Março de 2019 &#8211; Edição Extraordinária</a></p>
<p><a href="https://www.orlandia.sp.gov.br/novo/wp-content/uploads/2019/02/Edição-590-de-20-de-Março-de-2019-Edição-Extraordinária.pdf" target="_blank">&gt;&gt; Edição 590 de 20 de Março de 2019 &#8211; Edição Extraordinária</a></p>
<p><a href="https://www.orlandia.sp.gov.br/novo/wp-content/uploads/2019/02/Edição-589-de-15-de-Março-de-2019-Edição-Extraordinária.pdf" target="_blank">&gt;&gt; Edição 589 de 15 de Março de 2019 &#8211; Edição Extraordinária</a></p>
<p><a href="https://www.orlandia.sp.gov.br/novo/wp-content/uploads/2019/02/Edição-588-de-15-de-Março-de-2019.pdf" target="_blank">&gt;&gt; Edição 588 de 15 de Março de 2019</a></p>
<p><a href="https://www.orlandia.sp.gov.br/novo/wp-content/uploads/2019/02/Edição-587-de-14-de-Março-de-2019-Edição-Extraordinária.pdf" target="_blank">&gt;&gt; Edição 587 de 14 de Março de 2019 &#8211; Edição Extraordinária</a></p>
<p><a href="https://www.orlandia.sp.gov.br/novo/wp-content/uploads/2019/02/Edição-586-de-13-de-Março-de-2019-Edição-Extraordinária.pdf" target="_blank">&gt;&gt; Edição 586 de 13 de Março de 2019 &#8211; Edição Extraordinária</a></p>
<p><a href="https://www.orlandia.sp.gov.br/novo/wp-content/uploads/2019/02/Edição-585-de-12-de-Março-de-2019.pdf" target="_blank">&gt;&gt; Edição 585 de 12 de Março de 2019</a></p>
<p><a href="https://www.orlandia.sp.gov.br/novo/wp-content/uploads/2019/02/Edição-584-de-11-de-Março-de-2019.pdf" target="_blank">&gt;&gt; Edição 584 de 11 de Março de 2019 &#8211; Edição Extraordinária</a></p>
<p><a href="https://www.orlandia.sp.gov.br/novo/wp-content/uploads/2019/02/Edição-583-de-08-de-Março-de-2019-Edição-Extraordinária.pdf" target="_blank">&gt;&gt; Edição 583 de 08 de Março de 2019 &#8211; Edição Extraordinária</a></p>
<p><a href="https://www.orlandia.sp.gov.br/novo/wp-content/uploads/2019/02/Edição-582-de-08-de-Março-de-2019.pdf" target="_blank">&gt;&gt; Edição 582 de 08 de Março de 2019</a></p>
<p><a href="https://www.orlandia.sp.gov.br/novo/wp-content/uploads/2019/02/Edição-581-de-07-de-Março-de-2019-Edição-Extraordinária.pdf" target="_blank">&gt;&gt; Edição 581 de 07 de Março de 2019 &#8211; Edição Extraordinária</a></p>
<p><a href="https://www.orlandia.sp.gov.br/novo/wp-content/uploads/2019/02/Edição-580-de-06-de-Março-de-2019-Edição-Extraordinária.pdf" target="_blank">&gt;&gt; Edição 580 de 06 de Março de 2019 &#8211; Edição Extraordinária</a></p>
<p><a href="https://www.orlandia.sp.gov.br/novo/wp-content/uploads/2019/02/Edição-579-de-01-de-Março-de-2019.pdf" target="_blank">&gt;&gt; Edição 579 de 01 de Março de 2019</a></p>

<p>&gt;&gt; Edição 597 de 29 de Março de 2019 &gt;&gt; Edição 596 de 28 de Março de 2019 &#8211; Edição</p>

&gt;&gt; Edição 597 de 29 de Março de 2019 &gt;&gt; Edição 596 de 28 de Março de 2019 &#8211; Edição
