{"id":13373,"date":"2019-01-29T14:24:07","date_gmt":"2019-01-29T17:24:07","guid":{"rendered":"https:\/\/www.orlandia.sp.gov.br\/novo\/?page_id=13373"},"modified":"2019-02-27T19:03:22","modified_gmt":"2019-02-27T22:03:22","slug":"jornal-oficial-de-orlandia-fevereiro-de-2019","status":"publish","type":"page","link":"https:\/\/www.orlandia.sp.gov.br\/novo\/jornal-oficial-de-orlandia-fevereiro-de-2019","title":{"rendered":"Jornal Oficial de Orl\u00e2ndia &#8211; Fevereiro de 2019"},"content":{"rendered":"<p><a href=\"https:\/\/www.orlandia.sp.gov.br\/novo\/wp-content\/uploads\/2019\/01\/Edi\u00e7\u00e3o-578-de-27-de-Fevereiro-de-2019-Edi\u00e7\u00e3o-Extraordin\u00e1ria.pdf\" target=\"_blank\">&gt;&gt; Edi\u00e7\u00e3o 578 de 27 de Fevereiro de 2019 &#8211; Edi\u00e7\u00e3o Extraordin\u00e1ria<\/a><\/p>\n<p><a href=\"https:\/\/www.orlandia.sp.gov.br\/novo\/wp-content\/uploads\/2019\/01\/Edi\u00e7\u00e3o-577-de-26-de-Fevereiro-de-2019-Edi\u00e7\u00e3o-Extraordin\u00e1ria.pdf\" target=\"_blank\">&gt;&gt; Edi\u00e7\u00e3o 577 de 26 de Fevereiro de 2019<\/a><\/p>\n<p><a href=\"https:\/\/www.orlandia.sp.gov.br\/novo\/wp-content\/uploads\/2019\/01\/Edi\u00e7\u00e3o-576-de-25-de-Fevereiro-de-2019-Edi\u00e7\u00e3o-Extraordin\u00e1ria.pdf\" target=\"_blank\">&gt;&gt; Edi\u00e7\u00e3o 576 de 25 de Fevereiro de 2019 &#8211; Edi\u00e7\u00e3o Extraordin\u00e1ria<\/a><\/p>\n<p><a href=\"https:\/\/www.orlandia.sp.gov.br\/novo\/wp-content\/uploads\/2019\/01\/Edi\u00e7\u00e3o-575-de-22-de-Fevereiro-de-2019.pdf\" target=\"_blank\">&gt;&gt; Edi\u00e7\u00e3o 575 de 22 de Fevereiro de 2019 &#8211; Edi\u00e7\u00e3o Extraordin\u00e1ria<br \/>\n<\/a><\/p>\n<p><a href=\"https:\/\/www.orlandia.sp.gov.br\/novo\/wp-content\/uploads\/2019\/01\/Edi\u00e7\u00e3o-574-de-22-de-Fevereiro-de-2019.pdf\" target=\"_blank\">&gt;&gt; Edi\u00e7\u00e3o 574 de 22 de Fevereiro de 2019<\/a><\/p>\n<p><a href=\"https:\/\/www.orlandia.sp.gov.br\/novo\/wp-content\/uploads\/2019\/01\/Edi\u00e7\u00e3o-573-de-21-de-Fevereiro-de-2019-Edi\u00e7\u00e3o-Extraordin\u00e1ria.pdf\" target=\"_blank\">&gt;&gt; Edi\u00e7\u00e3o 573 de 21 de Fevereiro de 2019 &#8211; Edi\u00e7\u00e3o Extraordin\u00e1ria<\/a><\/p>\n<p><a href=\"https:\/\/www.orlandia.sp.gov.br\/novo\/wp-content\/uploads\/2019\/01\/Edi\u00e7\u00e3o-572-de-20-de-Fevereiro-de-2019-Edi\u00e7\u00e3o-Extraordin\u00e1ria.pdf\" target=\"_blank\">&gt;&gt; Edi\u00e7\u00e3o 572 de 20 de Fevereiro de 2019 &#8211; Edi\u00e7\u00e3o Extraordin\u00e1ria<\/a><\/p>\n<p><a href=\"https:\/\/www.orlandia.sp.gov.br\/novo\/wp-content\/uploads\/2019\/01\/Edi\u00e7\u00e3o-571-de-19-de-Fevereiro-de-2019-1.pdf\" target=\"_blank\">&gt;&gt; Edi\u00e7\u00e3o 571 de 19 de Fevereiro de 2019<\/a><\/p>\n<p><a href=\"https:\/\/www.orlandia.sp.gov.br\/novo\/wp-content\/uploads\/2019\/01\/Edi\u00e7\u00e3o-570-de-14-de-Fevereiro-de-2019-Edi\u00e7\u00e3o-Extraordin\u00e1ria.pdf\" target=\"_blank\">&gt;&gt; Edi\u00e7\u00e3o 570 de 14 de Fevereiro de 2019 &#8211; Edi\u00e7\u00e3o Extraordin\u00e1ria<\/a><\/p>\n<p><a href=\"https:\/\/www.orlandia.sp.gov.br\/novo\/wp-content\/uploads\/2019\/01\/Edi\u00e7\u00e3o-569-de-13-de-Fevereiro-de-2019-Edi\u00e7\u00e3o-Extraordin\u00e1ria.pdf\" target=\"_blank\">&gt;&gt; Edi\u00e7\u00e3o 569 de 13 de Fevereiro de 2019 &#8211; Edi\u00e7\u00e3o Extraordin\u00e1ria<\/a><\/p>\n<p><a href=\"https:\/\/www.orlandia.sp.gov.br\/novo\/wp-content\/uploads\/2019\/01\/Edi\u00e7\u00e3o-568-de-12-de-Fevereiro-de-2019.pdf\" target=\"_blank\">&gt;&gt; Edi\u00e7\u00e3o 568 de 12 de Fevereiro de 2019<\/a><\/p>\n<p><a href=\"https:\/\/www.orlandia.sp.gov.br\/novo\/wp-content\/uploads\/2019\/01\/Edi\u00e7\u00e3o-567-de-11-de-Fevereiro-de-2019-Edi\u00e7\u00e3o-Extraordin\u00e1ria.pdf\" target=\"_blank\">&gt;&gt; Edi\u00e7\u00e3o 567 de 11 de Fevereiro de 2019 &#8211; Edi\u00e7\u00e3o Extraordin\u00e1ria<\/a><\/p>\n<p><a href=\"https:\/\/www.orlandia.sp.gov.br\/novo\/wp-content\/uploads\/2019\/01\/Edi\u00e7\u00e3o-566-de-08-de-Fevereiro-de-2019.pdf\" target=\"_blank\">&gt;&gt; Edi\u00e7\u00e3o 566 de 08 de Fevereiro de 2019<\/a><\/p>\n<p><a href=\"https:\/\/www.orlandia.sp.gov.br\/novo\/wp-content\/uploads\/2019\/01\/Edi\u00e7\u00e3o-565-de-07-de-Fevereiro-de-2019-Edi\u00e7\u00e3o-Extraordin\u00e1ria.pdf\" target=\"_blank\">&gt;&gt; Edi\u00e7\u00e3o 565 de 07 de Fevereiro de 2019 &#8211; Edi\u00e7\u00e3o Extraordin\u00e1ria<\/a><\/p>\n<p><a href=\"https:\/\/www.orlandia.sp.gov.br\/novo\/wp-content\/uploads\/2019\/01\/Edi\u00e7\u00e3o-564-de-06-de-Fevereiro-de-2019-Edi\u00e7\u00e3o-Extraordin\u00e1ria.pdf\" target=\"_blank\">&gt;&gt; Edi\u00e7\u00e3o 564 de 06 de Fevereiro de 2019 &#8211; Edi\u00e7\u00e3o Extraordin\u00e1ria<\/a><\/p>\n<p><a href=\"https:\/\/www.orlandia.sp.gov.br\/novo\/wp-content\/uploads\/2019\/01\/Edi\u00e7\u00e3o-563-de-05-de-Fevereiro-de-2019.pdf\" target=\"_blank\">&gt;&gt; Edi\u00e7\u00e3o 563 de 05 de Fevereiro de 2019<\/a><\/p>\n<p><a href=\"https:\/\/www.orlandia.sp.gov.br\/novo\/wp-content\/uploads\/2019\/01\/Edi\u00e7\u00e3o-562-de-01-de-Fevereiro-de-2019.pdf\" target=\"_blank\">&gt;&gt; Edi\u00e7\u00e3o 562 de 01 de Fevereiro de 2019<\/a><\/p>\n","protected":false},"excerpt":{"rendered":"<p>&gt;&gt; Edi\u00e7\u00e3o 578 de 27 de Fevereiro de 2019 &#8211; Edi\u00e7\u00e3o Extraordin\u00e1ria &gt;&gt; Edi\u00e7\u00e3o 577 de 26 de Fevereiro de<\/p>\n","protected":false},"author":1,"featured_media":0,"parent":0,"menu_order":0,"comment_status":"closed","ping_status":"closed","template":"","meta":{"ngg_post_thumbnail":0,"footnotes":""},"magazineBlocksPostFeaturedMedia":{"thumbnail":false,"medium":false,"medium_large":false,"large":false,"1536x1536":false,"2048x2048":false,"colormag-highlighted-post":false,"colormag-featured-post-medium":false,"colormag-featured-post-small":false,"colormag-featured-image":false,"colormag-default-news":false,"colormag-featured-image-large":false},"magazineBlocksPostAuthor":{"name":"admin","avatar":"https:\/\/secure.gravatar.com\/avatar\/5140b312f1bcbe8516bfaa79917f11b3?s=96&d=mm&r=g"},"magazineBlocksPostCommentsNumber":false,"magazineBlocksPostExcerpt":"&gt;&gt; Edi\u00e7\u00e3o 578 de 27 de Fevereiro de 2019 &#8211; Edi\u00e7\u00e3o Extraordin\u00e1ria &gt;&gt; Edi\u00e7\u00e3o 577 de 26 de Fevereiro de","magazineBlocksPostCategories":[],"_links":{"self":[{"href":"https:\/\/www.orlandia.sp.gov.br\/novo\/wp-json\/wp\/v2\/pages\/13373"}],"collection":[{"href":"https:\/\/www.orlandia.sp.gov.br\/novo\/wp-json\/wp\/v2\/pages"}],"about":[{"href":"https:\/\/www.orlandia.sp.gov.br\/novo\/wp-json\/wp\/v2\/types\/page"}],"author":[{"embeddable":true,"href":"https:\/\/www.orlandia.sp.gov.br\/novo\/wp-json\/wp\/v2\/users\/1"}],"replies":[{"embeddable":true,"href":"https:\/\/www.orlandia.sp.gov.br\/novo\/wp-json\/wp\/v2\/comments?post=13373"}],"version-history":[{"count":22,"href":"https:\/\/www.orlandia.sp.gov.br\/novo\/wp-json\/wp\/v2\/pages\/13373\/revisions"}],"predecessor-version":[{"id":13523,"href":"https:\/\/www.orlandia.sp.gov.br\/novo\/wp-json\/wp\/v2\/pages\/13373\/revisions\/13523"}],"wp:attachment":[{"href":"https:\/\/www.orlandia.sp.gov.br\/novo\/wp-json\/wp\/v2\/media?parent=13373"}],"curies":[{"name":"wp","href":"https:\/\/api.w.org\/{rel}","templated":true}]}}

Jornal Oficial de Orlândia &#8211; Fevereiro de 2019

<p><a href="https://www.orlandia.sp.gov.br/novo/wp-content/uploads/2019/01/Edição-578-de-27-de-Fevereiro-de-2019-Edição-Extraordinária.pdf" target="_blank">&gt;&gt; Edição 578 de 27 de Fevereiro de 2019 &#8211; Edição Extraordinária</a></p>
<p><a href="https://www.orlandia.sp.gov.br/novo/wp-content/uploads/2019/01/Edição-577-de-26-de-Fevereiro-de-2019-Edição-Extraordinária.pdf" target="_blank">&gt;&gt; Edição 577 de 26 de Fevereiro de 2019</a></p>
<p><a href="https://www.orlandia.sp.gov.br/novo/wp-content/uploads/2019/01/Edição-576-de-25-de-Fevereiro-de-2019-Edição-Extraordinária.pdf" target="_blank">&gt;&gt; Edição 576 de 25 de Fevereiro de 2019 &#8211; Edição Extraordinária</a></p>
<p><a href="https://www.orlandia.sp.gov.br/novo/wp-content/uploads/2019/01/Edição-575-de-22-de-Fevereiro-de-2019.pdf" target="_blank">&gt;&gt; Edição 575 de 22 de Fevereiro de 2019 &#8211; Edição Extraordinária<br />
</a></p>
<p><a href="https://www.orlandia.sp.gov.br/novo/wp-content/uploads/2019/01/Edição-574-de-22-de-Fevereiro-de-2019.pdf" target="_blank">&gt;&gt; Edição 574 de 22 de Fevereiro de 2019</a></p>
<p><a href="https://www.orlandia.sp.gov.br/novo/wp-content/uploads/2019/01/Edição-573-de-21-de-Fevereiro-de-2019-Edição-Extraordinária.pdf" target="_blank">&gt;&gt; Edição 573 de 21 de Fevereiro de 2019 &#8211; Edição Extraordinária</a></p>
<p><a href="https://www.orlandia.sp.gov.br/novo/wp-content/uploads/2019/01/Edição-572-de-20-de-Fevereiro-de-2019-Edição-Extraordinária.pdf" target="_blank">&gt;&gt; Edição 572 de 20 de Fevereiro de 2019 &#8211; Edição Extraordinária</a></p>
<p><a href="https://www.orlandia.sp.gov.br/novo/wp-content/uploads/2019/01/Edição-571-de-19-de-Fevereiro-de-2019-1.pdf" target="_blank">&gt;&gt; Edição 571 de 19 de Fevereiro de 2019</a></p>
<p><a href="https://www.orlandia.sp.gov.br/novo/wp-content/uploads/2019/01/Edição-570-de-14-de-Fevereiro-de-2019-Edição-Extraordinária.pdf" target="_blank">&gt;&gt; Edição 570 de 14 de Fevereiro de 2019 &#8211; Edição Extraordinária</a></p>
<p><a href="https://www.orlandia.sp.gov.br/novo/wp-content/uploads/2019/01/Edição-569-de-13-de-Fevereiro-de-2019-Edição-Extraordinária.pdf" target="_blank">&gt;&gt; Edição 569 de 13 de Fevereiro de 2019 &#8211; Edição Extraordinária</a></p>
<p><a href="https://www.orlandia.sp.gov.br/novo/wp-content/uploads/2019/01/Edição-568-de-12-de-Fevereiro-de-2019.pdf" target="_blank">&gt;&gt; Edição 568 de 12 de Fevereiro de 2019</a></p>
<p><a href="https://www.orlandia.sp.gov.br/novo/wp-content/uploads/2019/01/Edição-567-de-11-de-Fevereiro-de-2019-Edição-Extraordinária.pdf" target="_blank">&gt;&gt; Edição 567 de 11 de Fevereiro de 2019 &#8211; Edição Extraordinária</a></p>
<p><a href="https://www.orlandia.sp.gov.br/novo/wp-content/uploads/2019/01/Edição-566-de-08-de-Fevereiro-de-2019.pdf" target="_blank">&gt;&gt; Edição 566 de 08 de Fevereiro de 2019</a></p>
<p><a href="https://www.orlandia.sp.gov.br/novo/wp-content/uploads/2019/01/Edição-565-de-07-de-Fevereiro-de-2019-Edição-Extraordinária.pdf" target="_blank">&gt;&gt; Edição 565 de 07 de Fevereiro de 2019 &#8211; Edição Extraordinária</a></p>
<p><a href="https://www.orlandia.sp.gov.br/novo/wp-content/uploads/2019/01/Edição-564-de-06-de-Fevereiro-de-2019-Edição-Extraordinária.pdf" target="_blank">&gt;&gt; Edição 564 de 06 de Fevereiro de 2019 &#8211; Edição Extraordinária</a></p>
<p><a href="https://www.orlandia.sp.gov.br/novo/wp-content/uploads/2019/01/Edição-563-de-05-de-Fevereiro-de-2019.pdf" target="_blank">&gt;&gt; Edição 563 de 05 de Fevereiro de 2019</a></p>
<p><a href="https://www.orlandia.sp.gov.br/novo/wp-content/uploads/2019/01/Edição-562-de-01-de-Fevereiro-de-2019.pdf" target="_blank">&gt;&gt; Edição 562 de 01 de Fevereiro de 2019</a></p>

<p>&gt;&gt; Edição 578 de 27 de Fevereiro de 2019 &#8211; Edição Extraordinária &gt;&gt; Edição 577 de 26 de Fevereiro de</p>

&gt;&gt; Edição 578 de 27 de Fevereiro de 2019 &#8211; Edição Extraordinária &gt;&gt; Edição 577 de 26 de Fevereiro de
