{"id":12114,"date":"2018-06-14T09:19:29","date_gmt":"2018-06-14T12:19:29","guid":{"rendered":"https:\/\/www.orlandia.sp.gov.br\/novo\/?page_id=12114"},"modified":"2019-05-28T17:44:32","modified_gmt":"2019-05-28T20:44:32","slug":"termos-de-fomento-2018","status":"publish","type":"page","link":"https:\/\/www.orlandia.sp.gov.br\/novo\/termos-de-fomento-2018","title":{"rendered":"Termos de Fomento &#8211; 2018"},"content":{"rendered":"<p><a href=\"https:\/\/www.orlandia.sp.gov.br\/novo\/wp-content\/uploads\/2018\/06\/Termo-de-Fomento-IORM-01-2018-CMDCA.pdf\" target=\"_blank\"><img loading=\"lazy\" decoding=\"async\" class=\"wp-image-9213 alignleft\" style=\"margin-top: -3px;\" src=\"https:\/\/www.orlandia.sp.gov.br\/novo\/wp-content\/uploads\/2016\/08\/icone_pdf.png\" alt=\"icone_pdf\" width=\"26\" height=\"27\" srcset=\"https:\/\/www.orlandia.sp.gov.br\/novo\/wp-content\/uploads\/2016\/08\/icone_pdf.png 237w, https:\/\/www.orlandia.sp.gov.br\/novo\/wp-content\/uploads\/2016\/08\/icone_pdf-150x150.png 150w, https:\/\/www.orlandia.sp.gov.br\/novo\/wp-content\/uploads\/2016\/08\/icone_pdf-50x50.png 50w, https:\/\/www.orlandia.sp.gov.br\/novo\/wp-content\/uploads\/2016\/08\/icone_pdf-125x125.png 125w\" sizes=\"(max-width: 26px) 100vw, 26px\" \/> <\/a><a href=\"https:\/\/www.orlandia.sp.gov.br\/novo\/wp-content\/uploads\/2018\/06\/Termo-de-Fomento-IORM-01-2018-CMDCA-1.pdf\" target=\"_blank\">Termo de Fomento IORM 001-2018 CMDCA<\/a><\/p>\n<p style=\"text-align: left;\"><a href=\"https:\/\/www.orlandia.sp.gov.br\/novo\/wp-content\/uploads\/2018\/06\/Termo-002-S\u00e3o-Jos\u00e9.pdf\" target=\"_blank\"><img loading=\"lazy\" decoding=\"async\" class=\"wp-image-9213 alignleft\" style=\"margin-top: -3px;\" src=\"https:\/\/www.orlandia.sp.gov.br\/novo\/wp-content\/uploads\/2016\/08\/icone_pdf.png\" alt=\"icone_pdf\" width=\"26\" height=\"27\" srcset=\"https:\/\/www.orlandia.sp.gov.br\/novo\/wp-content\/uploads\/2016\/08\/icone_pdf.png 237w, https:\/\/www.orlandia.sp.gov.br\/novo\/wp-content\/uploads\/2016\/08\/icone_pdf-150x150.png 150w, https:\/\/www.orlandia.sp.gov.br\/novo\/wp-content\/uploads\/2016\/08\/icone_pdf-50x50.png 50w, https:\/\/www.orlandia.sp.gov.br\/novo\/wp-content\/uploads\/2016\/08\/icone_pdf-125x125.png 125w\" sizes=\"(max-width: 26px) 100vw, 26px\" \/> Termo de Fomento 002-2018 S\u00e3o Jos\u00e9<\/a><\/p>\n<p style=\"text-align: left;\"><a href=\"https:\/\/www.orlandia.sp.gov.br\/novo\/wp-content\/uploads\/2018\/06\/Termo-003-Get\u00falio-Lima.pdf\" target=\"_blank\"><img loading=\"lazy\" decoding=\"async\" class=\"alignleft wp-image-9213\" style=\"margin-top: -3px;\" src=\"https:\/\/www.orlandia.sp.gov.br\/novo\/wp-content\/uploads\/2016\/08\/icone_pdf.png\" alt=\"icone_pdf\" width=\"26\" height=\"27\" srcset=\"https:\/\/www.orlandia.sp.gov.br\/novo\/wp-content\/uploads\/2016\/08\/icone_pdf.png 237w, https:\/\/www.orlandia.sp.gov.br\/novo\/wp-content\/uploads\/2016\/08\/icone_pdf-150x150.png 150w, https:\/\/www.orlandia.sp.gov.br\/novo\/wp-content\/uploads\/2016\/08\/icone_pdf-50x50.png 50w, https:\/\/www.orlandia.sp.gov.br\/novo\/wp-content\/uploads\/2016\/08\/icone_pdf-125x125.png 125w\" sizes=\"(max-width: 26px) 100vw, 26px\" \/> Termo de Fomento 003-2018 Get\u00falio Lima <\/a><\/p>\n<p style=\"text-align: left;\"><a href=\"https:\/\/www.orlandia.sp.gov.br\/novo\/wp-content\/uploads\/2018\/06\/Termo-004-Get\u00falio.pdf\" target=\"_blank\"><img loading=\"lazy\" decoding=\"async\" class=\"alignleft wp-image-9213\" style=\"margin-top: -3px;\" src=\"https:\/\/www.orlandia.sp.gov.br\/novo\/wp-content\/uploads\/2016\/08\/icone_pdf.png\" alt=\"icone_pdf\" width=\"26\" height=\"27\" srcset=\"https:\/\/www.orlandia.sp.gov.br\/novo\/wp-content\/uploads\/2016\/08\/icone_pdf.png 237w, https:\/\/www.orlandia.sp.gov.br\/novo\/wp-content\/uploads\/2016\/08\/icone_pdf-150x150.png 150w, https:\/\/www.orlandia.sp.gov.br\/novo\/wp-content\/uploads\/2016\/08\/icone_pdf-50x50.png 50w, https:\/\/www.orlandia.sp.gov.br\/novo\/wp-content\/uploads\/2016\/08\/icone_pdf-125x125.png 125w\" sizes=\"(max-width: 26px) 100vw, 26px\" \/> Termo de Fomento 004-2018 Get\u00falio<\/a><\/p>\n<p style=\"text-align: left;\"><a href=\"https:\/\/www.orlandia.sp.gov.br\/novo\/wp-content\/uploads\/2018\/06\/Termo-004-Get\u00falio.pdf\" target=\"_blank\"><img loading=\"lazy\" decoding=\"async\" class=\"alignleft wp-image-9213\" style=\"margin-top: -3px;\" src=\"https:\/\/www.orlandia.sp.gov.br\/novo\/wp-content\/uploads\/2016\/08\/icone_pdf.png\" alt=\"icone_pdf\" width=\"26\" height=\"27\" srcset=\"https:\/\/www.orlandia.sp.gov.br\/novo\/wp-content\/uploads\/2016\/08\/icone_pdf.png 237w, https:\/\/www.orlandia.sp.gov.br\/novo\/wp-content\/uploads\/2016\/08\/icone_pdf-150x150.png 150w, https:\/\/www.orlandia.sp.gov.br\/novo\/wp-content\/uploads\/2016\/08\/icone_pdf-50x50.png 50w, https:\/\/www.orlandia.sp.gov.br\/novo\/wp-content\/uploads\/2016\/08\/icone_pdf-125x125.png 125w\" sizes=\"(max-width: 26px) 100vw, 26px\" \/><\/a><a href=\"https:\/\/www.orlandia.sp.gov.br\/novo\/wp-content\/uploads\/2018\/06\/Termo-de-Fomento-05-2018-CMDCA-Projeto-Vit\u00f3ria.pdf\" target=\"_blank\">Termo de Fomento 05-2018-CMDCA &#8211; Projeto Vit\u00f3ria<\/a><\/p>\n<p style=\"text-align: left;\"><a href=\"https:\/\/www.orlandia.sp.gov.br\/novo\/wp-content\/uploads\/2018\/06\/Termo-004-Get\u00falio.pdf\" target=\"_blank\"><img loading=\"lazy\" decoding=\"async\" class=\"alignleft wp-image-9213\" style=\"margin-top: -3px;\" src=\"https:\/\/www.orlandia.sp.gov.br\/novo\/wp-content\/uploads\/2016\/08\/icone_pdf.png\" alt=\"icone_pdf\" width=\"26\" height=\"27\" srcset=\"https:\/\/www.orlandia.sp.gov.br\/novo\/wp-content\/uploads\/2016\/08\/icone_pdf.png 237w, https:\/\/www.orlandia.sp.gov.br\/novo\/wp-content\/uploads\/2016\/08\/icone_pdf-150x150.png 150w, https:\/\/www.orlandia.sp.gov.br\/novo\/wp-content\/uploads\/2016\/08\/icone_pdf-50x50.png 50w, https:\/\/www.orlandia.sp.gov.br\/novo\/wp-content\/uploads\/2016\/08\/icone_pdf-125x125.png 125w\" sizes=\"(max-width: 26px) 100vw, 26px\" \/><\/a><a href=\"https:\/\/www.orlandia.sp.gov.br\/novo\/wp-content\/uploads\/2018\/06\/Temo-de-Fomento-06-2018-CMDCA-APAE.pdf\" target=\"_blank\">Termo de Fomento 06-2018-CMDCA &#8211; APAE<\/a><\/p>\n<p style=\"text-align: left;\"><a href=\"https:\/\/www.orlandia.sp.gov.br\/novo\/wp-content\/uploads\/2018\/06\/Termo-004-Get\u00falio.pdf\" target=\"_blank\"><img loading=\"lazy\" decoding=\"async\" class=\"alignleft wp-image-9213\" style=\"margin-top: -3px;\" src=\"https:\/\/www.orlandia.sp.gov.br\/novo\/wp-content\/uploads\/2016\/08\/icone_pdf.png\" alt=\"icone_pdf\" width=\"26\" height=\"27\" srcset=\"https:\/\/www.orlandia.sp.gov.br\/novo\/wp-content\/uploads\/2016\/08\/icone_pdf.png 237w, https:\/\/www.orlandia.sp.gov.br\/novo\/wp-content\/uploads\/2016\/08\/icone_pdf-150x150.png 150w, https:\/\/www.orlandia.sp.gov.br\/novo\/wp-content\/uploads\/2016\/08\/icone_pdf-50x50.png 50w, https:\/\/www.orlandia.sp.gov.br\/novo\/wp-content\/uploads\/2016\/08\/icone_pdf-125x125.png 125w\" sizes=\"(max-width: 26px) 100vw, 26px\" \/><\/a><a href=\"https:\/\/www.orlandia.sp.gov.br\/novo\/wp-content\/uploads\/2018\/06\/Termo-de-Fomento-01-2018-CMI-Lar-Frederico-Ozanam.pdf\" target=\"_blank\">Termo de Fomento 01-2018-CMI &#8211; Lar Frederico Ozanam<\/a><\/p>\n<p style=\"text-align: left;\"><a href=\"https:\/\/www.orlandia.sp.gov.br\/novo\/wp-content\/uploads\/2018\/06\/Termo-004-Get\u00falio.pdf\" target=\"_blank\"><img loading=\"lazy\" decoding=\"async\" class=\"alignleft wp-image-9213\" style=\"margin-top: -3px;\" src=\"https:\/\/www.orlandia.sp.gov.br\/novo\/wp-content\/uploads\/2016\/08\/icone_pdf.png\" alt=\"icone_pdf\" width=\"26\" height=\"27\" srcset=\"https:\/\/www.orlandia.sp.gov.br\/novo\/wp-content\/uploads\/2016\/08\/icone_pdf.png 237w, https:\/\/www.orlandia.sp.gov.br\/novo\/wp-content\/uploads\/2016\/08\/icone_pdf-150x150.png 150w, https:\/\/www.orlandia.sp.gov.br\/novo\/wp-content\/uploads\/2016\/08\/icone_pdf-50x50.png 50w, https:\/\/www.orlandia.sp.gov.br\/novo\/wp-content\/uploads\/2016\/08\/icone_pdf-125x125.png 125w\" sizes=\"(max-width: 26px) 100vw, 26px\" \/><\/a><a href=\"https:\/\/www.orlandia.sp.gov.br\/novo\/wp-content\/uploads\/2018\/06\/Termo-de-Fomento-02-2018-CMI-Lar-Frederico-Ozanam.pdf\" target=\"_blank\">Termo de Fomento 02-2018-CMI &#8211; Lar Frederico Ozanam<\/a><\/p>\n","protected":false},"excerpt":{"rendered":"<p>Termo de Fomento IORM 001-2018 CMDCA Termo de Fomento 002-2018 S\u00e3o Jos\u00e9 Termo de Fomento 003-2018 Get\u00falio Lima Termo de<\/p>\n","protected":false},"author":1,"featured_media":0,"parent":0,"menu_order":0,"comment_status":"closed","ping_status":"closed","template":"","meta":{"ngg_post_thumbnail":0,"footnotes":""},"magazineBlocksPostFeaturedMedia":{"thumbnail":false,"medium":false,"medium_large":false,"large":false,"1536x1536":false,"2048x2048":false,"colormag-highlighted-post":false,"colormag-featured-post-medium":false,"colormag-featured-post-small":false,"colormag-featured-image":false,"colormag-default-news":false,"colormag-featured-image-large":false},"magazineBlocksPostAuthor":{"name":"admin","avatar":"https:\/\/secure.gravatar.com\/avatar\/5140b312f1bcbe8516bfaa79917f11b3?s=96&d=mm&r=g"},"magazineBlocksPostCommentsNumber":false,"magazineBlocksPostExcerpt":"Termo de Fomento IORM 001-2018 CMDCA Termo de Fomento 002-2018 S\u00e3o Jos\u00e9 Termo de Fomento 003-2018 Get\u00falio Lima Termo de","magazineBlocksPostCategories":[],"_links":{"self":[{"href":"https:\/\/www.orlandia.sp.gov.br\/novo\/wp-json\/wp\/v2\/pages\/12114"}],"collection":[{"href":"https:\/\/www.orlandia.sp.gov.br\/novo\/wp-json\/wp\/v2\/pages"}],"about":[{"href":"https:\/\/www.orlandia.sp.gov.br\/novo\/wp-json\/wp\/v2\/types\/page"}],"author":[{"embeddable":true,"href":"https:\/\/www.orlandia.sp.gov.br\/novo\/wp-json\/wp\/v2\/users\/1"}],"replies":[{"embeddable":true,"href":"https:\/\/www.orlandia.sp.gov.br\/novo\/wp-json\/wp\/v2\/comments?post=12114"}],"version-history":[{"count":6,"href":"https:\/\/www.orlandia.sp.gov.br\/novo\/wp-json\/wp\/v2\/pages\/12114\/revisions"}],"predecessor-version":[{"id":13973,"href":"https:\/\/www.orlandia.sp.gov.br\/novo\/wp-json\/wp\/v2\/pages\/12114\/revisions\/13973"}],"wp:attachment":[{"href":"https:\/\/www.orlandia.sp.gov.br\/novo\/wp-json\/wp\/v2\/media?parent=12114"}],"curies":[{"name":"wp","href":"https:\/\/api.w.org\/{rel}","templated":true}]}}