{"id":11608,"date":"2018-02-26T15:11:05","date_gmt":"2018-02-26T18:11:05","guid":{"rendered":"https:\/\/www.orlandia.sp.gov.br\/novo\/?page_id=11608"},"modified":"2018-04-26T16:13:57","modified_gmt":"2018-04-26T19:13:57","slug":"jornal-oficial-de-orlandia-marco-de-2018","status":"publish","type":"page","link":"https:\/\/www.orlandia.sp.gov.br\/novo\/jornal-oficial-de-orlandia-marco-de-2018","title":{"rendered":"Jornal Oficial de Orl\u00e2ndia \u2013 Mar\u00e7o de 2018"},"content":{"rendered":"<p><a href=\"https:\/\/www.orlandia.sp.gov.br\/novo\/wp-content\/uploads\/2018\/02\/Jornal-Oficial-Orl\u00e2ndia-30-03-2018.pdf\" target=\"_blank\">&gt;&gt; Edi\u00e7\u00e3o 390 de 30 de Mar\u00e7o de 2018<\/a><\/p>\n<p><a href=\"https:\/\/www.orlandia.sp.gov.br\/novo\/wp-content\/uploads\/2018\/02\/Jornal-Oficial-Orl\u00e2ndia-29-03-2018-Edi\u00e7\u00e3o-Extraordin\u00e1ria.pdf\" target=\"_blank\">&gt;&gt; Edi\u00e7\u00e3o 389 de 29 de Mar\u00e7o de 2018 &#8211; Edi\u00e7\u00e3o Extraordin\u00e1ria<\/a><\/p>\n<p><a href=\"https:\/\/www.orlandia.sp.gov.br\/novo\/wp-content\/uploads\/2018\/02\/Jornal-Oficial-Orl\u00e2ndia-28-03-2018-Edi\u00e7\u00e3o-Extraordin\u00e1ria.pdf\" target=\"_blank\">&gt;&gt; Edi\u00e7\u00e3o 388 de 28 de Mar\u00e7o de 2018 &#8211; Edi\u00e7\u00e3o Extraordin\u00e1ria<\/a><\/p>\n<p><a href=\"https:\/\/www.orlandia.sp.gov.br\/novo\/wp-content\/uploads\/2018\/02\/Jornal-Oficial-Orl\u00e2ndia-27-03-2018.pdf\" target=\"_blank\">&gt;&gt; Edi\u00e7\u00e3o 387 de 27 de Mar\u00e7o de 2018<\/a><\/p>\n<p><a href=\"https:\/\/www.orlandia.sp.gov.br\/novo\/wp-content\/uploads\/2018\/02\/Jornal-Oficial-Orl\u00e2ndia-26-03-2018-Edi\u00e7\u00e3o-Extraordin\u00e1ria.pdf\" target=\"_blank\">&gt;&gt; Edi\u00e7\u00e3o 386 de 26 de Mar\u00e7o de 2018 &#8211; Edi\u00e7\u00e3o Extraordin\u00e1ria<\/a><\/p>\n<p><a href=\"https:\/\/www.orlandia.sp.gov.br\/novo\/wp-content\/uploads\/2018\/02\/Jornal-Oficial-Orl\u00e2ndia-23-03-2018.pdf\" target=\"_blank\">&gt;&gt; Edi\u00e7\u00e3o 385 de 23 de Mar\u00e7o de 2018<\/a><\/p>\n<p><a href=\"https:\/\/www.orlandia.sp.gov.br\/novo\/wp-content\/uploads\/2018\/02\/Jornal-Oficial-Orl\u00e2ndia-21-03-2018-Edi\u00e7\u00e3o-Extraordin\u00e1ria.pdf\" target=\"_blank\">&gt;&gt; Edi\u00e7\u00e3o 384 de 21 de Mar\u00e7o de 2018 &#8211; Edi\u00e7\u00e3o Extraordin\u00e1ria<\/a><\/p>\n<p><a href=\"https:\/\/www.orlandia.sp.gov.br\/novo\/wp-content\/uploads\/2018\/02\/Jornal-Oficial-Orl\u00e2ndia-20-03-2018.pdf\" target=\"_blank\">&gt;&gt; Edi\u00e7\u00e3o 383 de 20 de Mar\u00e7o de 2018<\/a><\/p>\n<p><a href=\"https:\/\/www.orlandia.sp.gov.br\/novo\/wp-content\/uploads\/2018\/02\/Jornal-Oficial-Orl\u00e2ndia-16-03-2018.pdf\" target=\"_blank\">&gt;&gt; Edi\u00e7\u00e3o 382 de 16 de Mar\u00e7o de 2018<\/a><\/p>\n<p><a href=\"https:\/\/www.orlandia.sp.gov.br\/novo\/wp-content\/uploads\/2018\/02\/Jornal-Oficial-Orl\u00e2ndia-15-03-2018-Edi\u00e7\u00e3o-Extraordin\u00e1ria.pdf\" target=\"_blank\">&gt;&gt; Edi\u00e7\u00e3o 381 de 15 de Mar\u00e7o de 2018 &#8211; Edi\u00e7\u00e3o Extraordin\u00e1ria<\/a><\/p>\n<p><a href=\"https:\/\/www.orlandia.sp.gov.br\/novo\/wp-content\/uploads\/2018\/02\/Jornal-Oficial-Orl\u00e2ndia-14-03-2018-Edi\u00e7\u00e3o-Extraordin\u00e1ria.pdf\" target=\"_blank\">&gt;&gt; Edi\u00e7\u00e3o 380 de 14 de Mar\u00e7o de 2018 &#8211; Edi\u00e7\u00e3o Extraordin\u00e1ria<\/a><\/p>\n<p><a href=\"https:\/\/www.orlandia.sp.gov.br\/novo\/wp-content\/uploads\/2018\/02\/Jornal-Oficial-Orl\u00e2ndia-13-03-2018.pdf\" target=\"_blank\">&gt;&gt; Edi\u00e7\u00e3o 379 de 13 de Mar\u00e7o de 2018<\/a><\/p>\n<p><a href=\"https:\/\/www.orlandia.sp.gov.br\/novo\/wp-content\/uploads\/2018\/02\/Jornal-Oficial-Orl\u00e2ndia-12-03-2018-Edi\u00e7\u00e3o-Extraordin\u00e1ria.pdf\" target=\"_blank\">&gt;&gt; Edi\u00e7\u00e3o 378 de 12 de Mar\u00e7o de 2018 &#8211; Edi\u00e7\u00e3o Extraordin\u00e1ria<\/a><\/p>\n<p><a href=\"https:\/\/www.orlandia.sp.gov.br\/novo\/wp-content\/uploads\/2018\/02\/Jornal-Oficial-Orl\u00e2ndia-09-03-2018.pdf\" target=\"_blank\">&gt;&gt; Edi\u00e7\u00e3o 377 de 09 de Mar\u00e7o de 2018<\/a><\/p>\n<p><a href=\"https:\/\/www.orlandia.sp.gov.br\/novo\/wp-content\/uploads\/2018\/02\/Jornal-Oficial-Orl\u00e2ndia-06-03-2018.pdf\" target=\"_blank\">&gt;&gt; Edi\u00e7\u00e3o 376 de 06 de Mar\u00e7o de 2018<\/a><\/p>\n<p><a href=\"https:\/\/www.orlandia.sp.gov.br\/novo\/wp-content\/uploads\/2018\/02\/Jornal-Oficial-Orl\u00e2ndia-05-03-2018-Edi\u00e7\u00e3o-Extraordin\u00e1ria.pdf\" target=\"_blank\">&gt;&gt; Edi\u00e7\u00e3o 375 de 05 de Mar\u00e7o de 2018 &#8211; Edi\u00e7\u00e3o Extraordin\u00e1ria<\/a><\/p>\n<p><a href=\"https:\/\/www.orlandia.sp.gov.br\/novo\/wp-content\/uploads\/2018\/02\/Jornal-Oficial-Orl\u00e2ndia-02-03-2018.pdf\" target=\"_blank\">&gt;&gt; Edi\u00e7\u00e3o 374 de 02 de Mar\u00e7o de 2018<\/a><\/p>\n<p><a href=\"https:\/\/www.orlandia.sp.gov.br\/novo\/wp-content\/uploads\/2018\/02\/Jornal-Oficial-Orl\u00e2ndia-01-03-2018-Edi\u00e7\u00e3o-Extraordin\u00e1ria.pdf\" target=\"_blank\">&gt;&gt; Edi\u00e7\u00e3o 373 de 01 de Mar\u00e7o de 2018 &#8211; Edi\u00e7\u00e3o Extraordin\u00e1ria<\/a><\/p>\n","protected":false},"excerpt":{"rendered":"<p>&gt;&gt; Edi\u00e7\u00e3o 390 de 30 de Mar\u00e7o de 2018 &gt;&gt; Edi\u00e7\u00e3o 389 de 29 de Mar\u00e7o de 2018 &#8211; Edi\u00e7\u00e3o<\/p>\n","protected":false},"author":1,"featured_media":0,"parent":0,"menu_order":0,"comment_status":"closed","ping_status":"closed","template":"","meta":{"ngg_post_thumbnail":0,"footnotes":""},"magazineBlocksPostFeaturedMedia":{"thumbnail":false,"medium":false,"medium_large":false,"large":false,"1536x1536":false,"2048x2048":false,"colormag-highlighted-post":false,"colormag-featured-post-medium":false,"colormag-featured-post-small":false,"colormag-featured-image":false,"colormag-default-news":false,"colormag-featured-image-large":false},"magazineBlocksPostAuthor":{"name":"admin","avatar":"https:\/\/secure.gravatar.com\/avatar\/5140b312f1bcbe8516bfaa79917f11b3?s=96&d=mm&r=g"},"magazineBlocksPostCommentsNumber":false,"magazineBlocksPostExcerpt":"&gt;&gt; Edi\u00e7\u00e3o 390 de 30 de Mar\u00e7o de 2018 &gt;&gt; Edi\u00e7\u00e3o 389 de 29 de Mar\u00e7o de 2018 &#8211; Edi\u00e7\u00e3o","magazineBlocksPostCategories":[],"_links":{"self":[{"href":"https:\/\/www.orlandia.sp.gov.br\/novo\/wp-json\/wp\/v2\/pages\/11608"}],"collection":[{"href":"https:\/\/www.orlandia.sp.gov.br\/novo\/wp-json\/wp\/v2\/pages"}],"about":[{"href":"https:\/\/www.orlandia.sp.gov.br\/novo\/wp-json\/wp\/v2\/types\/page"}],"author":[{"embeddable":true,"href":"https:\/\/www.orlandia.sp.gov.br\/novo\/wp-json\/wp\/v2\/users\/1"}],"replies":[{"embeddable":true,"href":"https:\/\/www.orlandia.sp.gov.br\/novo\/wp-json\/wp\/v2\/comments?post=11608"}],"version-history":[{"count":21,"href":"https:\/\/www.orlandia.sp.gov.br\/novo\/wp-json\/wp\/v2\/pages\/11608\/revisions"}],"predecessor-version":[{"id":11884,"href":"https:\/\/www.orlandia.sp.gov.br\/novo\/wp-json\/wp\/v2\/pages\/11608\/revisions\/11884"}],"wp:attachment":[{"href":"https:\/\/www.orlandia.sp.gov.br\/novo\/wp-json\/wp\/v2\/media?parent=11608"}],"curies":[{"name":"wp","href":"https:\/\/api.w.org\/{rel}","templated":true}]}}